000
CXUS52 KMLB 141534
CF6ORL
PRELIMINARY LOCAL CLIMATOLOGICAL DATA (WS FORM: F-6)
STATION: ORLANDO EXEC
MONTH: JULY
YEAR: 2023
LATITUDE: 28 32 N
LONGITUDE: 81 20 W
TEMPERATURE IN F: :PCPN: SNOW: WIND :SUNSHINE: SKY :PK WND
================================================================================
1 2 3 4 5 6A 6B 7 8 9 10 11 12 13 14 15 16 17 18
12Z AVG MX 2MIN
DY MAX MIN AVG DEP HDD CDD WTR SNW DPTH SPD SPD DIR MIN PSBL S-S WX SPD DR
================================================================================
1 94 76 85 2 0 20 0.00 0.0 0 5.7 20 70 M M 1 24 70
2 95 75 85 2 0 20 0.00 0.0 0 4.6 17 100 M M 0 21 110
3 98 78 88 5 0 23 0.46 0.0 0 4.5 20 80 M M 3 3 26 80
4 95 74 85 2 0 20 1.57 0.0 0 5.2 25 100 M M 2 1238 35 10
5 95 76 86 3 0 21 0.05 0.0 0 4.0 20 140 M M 2 13 28 150
6 94 78 86 3 0 21 0.00 0.0 0 5.7 18 280 M M 2 3 24 290
7 92 79 86 3 0 21 0.01 0.0 0 8.0 20 210 M M 2 3 25 210
8 87 76 82 -1 0 17 0.16 0.0 0 9.9 21 270 M M 1 13 31 270
9 95 78 87 4 0 22 0.00 0.0 0 9.6 17 280 M M 2 3 23 260
10 93 77 85 2 0 20 0.25 0.0 0 9.5 26 300 M M 2 13 36 300
11 88 76 82 -1 0 17 0.34 0.0 0 7.4 25 280 M M 1 13 34 270
12 92 78 85 2 0 20 0.00 0.0 0 4.8 17 210 M M 2 3 22 210
13 94 77 86 3 0 21 T 0.0 0 5.3 18 290 M M 3 3 22 270
14 95 78 87 4 0 22 T 0.0 0 5.4 24 300 M M 2 3 31 290
15 93 77 85 1 0 20 0.53 0.0 0 5.6 37 230 M M 3 138 47 230
16 91 77 84 0 0 19 0.23 0.0 0 5.9 25 300 M M 3 13 35 270
17 91 77 84 0 0 19 0.44 0.0 0 7.5 23 300 M M 2 13 30 300
18 91 77 84 0 0 19 T 0.0 0 5.9 16 180 M M 1 3 21 230
19 95 76 86 2 0 21 0.15 0.0 0 3.2 22 260 M M 1 13 29 260
20 96 78 87 3 0 22 T 0.0 0 4.1 18 130 M M 2 38 22 130
21 96 80 88 4 0 23 0.00 0.0 0 7.9 15 290 M M 1 3 20 310
22 95 77 86 2 0 21 0.34 0.0 0 9.1 23 350 M M 2 38 34 260
23 92 76 84 0 0 19 0.16 0.0 0 6.6 30 250 M M 1 3 42 240
24 92 76 84 0 0 19 0.24 0.0 0 8.4 40 270 M M 1 38 53 280
25 93 75 84 0 0 19 0.02 0.0 0 5.7 30 280 M M 1 3 40 280
26 93 74 84 0 0 19 0.22 0.0 0 2.9 23 110 M M 3 138 29 110
27 87 76 82 -2 0 17 T 0.0 0 5.1 13 70 M M 1 16 60
28 92 76 84 0 0 19 0.00 0.0 0 6.5 23 160 M M 2 30 160
29 92 77 85 1 0 20 0.44 0.0 0 5.1 18 280 M M 3 13 24 280
30 97 78 88 4 0 23 0.01 0.0 0 5.2 20 230 M M 2 3 27 230
31 93 72 83 -1 0 18 1.83 0.0 0 4.6 29 340 M M 2 123 40 350
================================================================================
SM 2886 2375 0 622 7.45 0.0 188.9 M 56
================================================================================
AV 93.1 76.6 6.1 FASTST M M 2 MAX(MPH)
MISC ----> 40 270 53 280
================================================================================
NOTES:
# LAST OF SEVERAL OCCURRENCES
COLUMN 17 PEAK WIND IN M.P.H.
PRELIMINARY LOCAL CLIMATOLOGICAL DATA (WS FORM: F-6) , PAGE 2
STATION: ORLANDO EXEC
MONTH: JULY
YEAR: 2023
LATITUDE: 28 32 N
LONGITUDE: 81 20 W
[TEMPERATURE DATA] [PRECIPITATION DATA] SYMBOLS USED IN COLUMN 16
AVERAGE MONTHLY: 84.9 TOTAL FOR MONTH: 7.45 1 = FOG OR MIST
DPTR FM NORMAL: 1.4 DPTR FM NORMAL: -0.62 2 = FOG REDUCING VISIBILITY
HIGHEST: 98 ON 3 GRTST 24HR 2.03 ON 3- 4 TO 1/4 MILE OR LESS
LOWEST: 72 ON 31 3 = THUNDER
SNOW, ICE PELLETS, HAIL 4 = ICE PELLETS
TOTAL MONTH: 0.0 INCH 5 = HAIL
GRTST 24HR 0.0 6 = FREEZING RAIN OR DRIZZLE
GRTST DEPTH: 0 7 = DUSTSTORM OR SANDSTORM:
VSBY 1/2 MILE OR LESS
8 = SMOKE OR HAZE
[NO. OF DAYS WITH] [WEATHER - DAYS WITH] 9 = BLOWING SNOW
X = TORNADO
MAX 32 OR BELOW: 0 0.01 INCH OR MORE: 19
MAX 90 OR ABOVE: 28 0.10 INCH OR MORE: 15
MIN 32 OR BELOW: 0 0.50 INCH OR MORE: 3
MIN 0 OR BELOW: 0 1.00 INCH OR MORE: 2
[HDD (BASE 65) ]
TOTAL THIS MO. 0 CLEAR (SCALE 0-3) 31
DPTR FM NORMAL 0 PTCLDY (SCALE 4-7) 0
TOTAL FM JUL 1 0 CLOUDY (SCALE 8-10) 0
DPTR FM NORMAL 0
[CDD (BASE 65) ]
TOTAL THIS MO. 622
DPTR FM NORMAL 50 [PRESSURE DATA]
TOTAL FM JAN 1 2494 HIGHEST SLP 30.19 ON 24
DPTR FM NORMAL 470 LOWEST SLP 29.90 ON 22
[REMARKS]
#FINAL-07-23#