000
CXUS53 KGRB 241320
CF6OSH
PRELIMINARY LOCAL CLIMATOLOGICAL DATA (WS FORM: F-6)
STATION: OSHKOSH WI
MONTH: JUNE
YEAR: 2022
LATITUDE: 44 0 N
LONGITUDE: 88 34 W
TEMPERATURE IN F: :PCPN: SNOW: WIND :SUNSHINE: SKY :PK WND
================================================================================
1 2 3 4 5 6A 6B 7 8 9 10 11 12 13 14 15 16 17 18
12Z AVG MX 2MIN
DY MAX MIN AVG DEP HDD CDD WTR SNW DPTH SPD SPD DIR MIN PSBL S-S WX SPD DR
================================================================================
1 72 57 65 2 0 0 0.00 0.0 0 7.0 15 310 M M 0 21 310
2 76 53 65 1 0 0 0.00 0.0 0 6.6 16 310 M M 1 25 320
3 72 50 61 -3 4 0 0.00 0.0 0 8.8 25 290 M M 0 35 290
4 71 44 58 -6 7 0 0.00 0.0 0 5.5 15 200 M M 0 22 210
5 62 53 58 -6 7 0 0.50 0.0 0 4.7 10 90 M M 9 1 15 130
6 64 57 61 -4 4 0 0.55 0.0 0 8.5 18 30 M M 8 1 23 30
7 72 52 62 -3 3 0 0.00 0.0 0 5.8 13 190 M M 4 1 16 350
8 61 51 56 -10 9 0 0.66 0.0 0 4.8 12 140 M M 7 1 15 150
9 76 50 63 -3 2 0 0.00 0.0 0 7.5 16 290 M M 2 1 24 290
10 80 52 66 0 0 1 0.00 0.0 0 5.3 13 330 M M 3 17 340
11 69 58 64 -2 1 0 0.05 0.0 0 6.0 16 20 M M 7 1 19 10
12 70 54 62 -5 3 0 0.00 0.0 0 7.7 16 40 M M 3 21 40
13 75 53 64 -3 1 0 0.63 0.0 0 7.8 21 120 M M 4 13 51 120
14 94 66 80 13 0 15 0.00 0.0 0 10.2 23 180 M M 1 1 33 180
15 92 68 80 13 0 15 0.58 0.0 0 10.7 29 190 M M 3 13 38 190
16 85 63 74 6 0 9 0.00 0.0 0 11.1 22 290 M M 1 1 45 240
17 82 59 71 3 0 6 0.00 0.0 0 10.1 21 330 M M 0 30 330
18 71 51 61 -7 4 0 0.00 0.0 0 7.0 15 120 M M 0 24 40
19 80 48 64 -4 1 0 0.00 0.0 0 7.7 17 190 M M 0 24 180
20 92 62 77 8 0 12 0.00 0.0 0 9.3 17 210 M M 0 26 220
21 92 69 81 12 0 16 0.02 0.0 0 8.8 17 250 M M 1 3 28 290
22 83 62 73 4 0 8 0.00 0.0 0 9.0 20 310 M M 0 8 28 310
23 85 55 70 1 0 5 0.00 0.0 0 5.7 13 190 M M 0 18 180
24 90 66 78 9 0 13 0.00 0.0 0 8.1 16 190 M M 1 26 200
25 73 63 68 -2 0 3 0.07 0.0 0 6.4 18 190 M M 5 1 27 180
26 76 59 68 -2 0 3 0.00 0.0 0 11.5 25 290 M M 2 1 39 300
27 75 53 64 -6 1 0 0.00 0.0 0 8.0 20 310 M M 0 28 300
28 82 54 68 -2 0 3 0.27 0.0 0 7.8 22 300 M M 3 13 35 290
29 77 59 68 -2 0 3 0.00 0.0 0 6.7 16 110 M M 4 1 21 180
30 85 65 75 5 0 10 0.00 M M 9.6 23 210 M M 2 3 37 200
================================================================================
SM 2334 1706 47 122 3.33 0.0 233.7 M 71
================================================================================
AV 77.8 56.9 7.8 FASTST M M 2 MAX(MPH)
MISC ----> 29 190 51 120
================================================================================
NOTES:
# LAST OF SEVERAL OCCURRENCES
COLUMN 17 PEAK WIND IN M.P.H.
PRELIMINARY LOCAL CLIMATOLOGICAL DATA (WS FORM: F-6) , PAGE 2
STATION: OSHKOSH WI
MONTH: JUNE
YEAR: 2022
LATITUDE: 44 0 N
LONGITUDE: 88 34 W
[TEMPERATURE DATA] [PRECIPITATION DATA] SYMBOLS USED IN COLUMN 16
AVERAGE MONTHLY: 67.3 TOTAL FOR MONTH: 3.33 1 = FOG OR MIST
DPTR FM NORMAL: 0.0 DPTR FM NORMAL: -1.32 2 = FOG REDUCING VISIBILITY
HIGHEST: 94 ON 14 GRTST 24HR 0.89 ON 5- 6 TO 1/4 MILE OR LESS
LOWEST: 44 ON 4 3 = THUNDER
SNOW, ICE PELLETS, HAIL 4 = ICE PELLETS
TOTAL MONTH: 0.0 INCH 5 = HAIL
GRTST 24HR 0.0 6 = FREEZING RAIN OR DRIZZLE
GRTST DEPTH: 0 7 = DUSTSTORM OR SANDSTORM:
VSBY 1/2 MILE OR LESS
8 = SMOKE OR HAZE
[NO. OF DAYS WITH] [WEATHER - DAYS WITH] 9 = BLOWING SNOW
X = TORNADO
MAX 32 OR BELOW: 0 0.01 INCH OR MORE: 9
MAX 90 OR ABOVE: 5 0.10 INCH OR MORE: 6
MIN 32 OR BELOW: 0 0.50 INCH OR MORE: 5
MIN 0 OR BELOW: 0 1.00 INCH OR MORE: 0
[HDD (BASE 65) ]
TOTAL THIS MO. 47 CLEAR (SCALE 0-3) 20
DPTR FM NORMAL -4 PTCLDY (SCALE 4-7) 9
TOTAL FM JUL 1 7145 CLOUDY (SCALE 8-10) 1
DPTR FM NORMAL -209
[CDD (BASE 65) ]
TOTAL THIS MO. 122
DPTR FM NORMAL 4 [PRESSURE DATA]
TOTAL FM JAN 1 196 HIGHEST SLP 30.30 ON 18
DPTR FM NORMAL 48 LOWEST SLP 29.58 ON 15
[REMARKS]
#FINAL-06-22#