000
CXUS53 KGRB 151613
CF6OSH
PRELIMINARY LOCAL CLIMATOLOGICAL DATA (WS FORM: F-6)
STATION: OSHKOSH WI
MONTH: JANUARY
YEAR: 2022
LATITUDE: 44 0 N
LONGITUDE: 88 34 W
TEMPERATURE IN F: :PCPN: SNOW: WIND :SUNSHINE: SKY :PK WND
================================================================================
1 2 3 4 5 6A 6B 7 8 9 10 11 12 13 14 15 16 17 18
12Z AVG MX 2MIN
DY MAX MIN AVG DEP HDD CDD WTR SNW DPTH SPD SPD DIR MIN PSBL S-S WX SPD DR
================================================================================
1 27 13 20 0 45 0 0.00 0.0 2 16.1 23 10 M M 10 26 360
2 17 4 11 -9 54 0 0.00 0.0 2 5.8 17 350 M M 3 22 10
3 20 -4 8 -12 57 0 0.00 0.0 2 9.1 16 210 M M 0 24 200
4 32 12 22 2 43 0 0.00 0.0 2 11.7 21 190 M M 1 27 150
5 30 14 22 2 43 0 0.09 2.5 5 11.7 21 260 M M 10 1 33 260
6 18 3 11 -8 54 0 0.15 0.8 6 11.3 17 310 M M 9 18 26 310
7 10 -3 4 -15 61 0 0.00 0.0 6 6.8 16 180 M M 6 20 180
8 26 11 19 0 46 0 0.00 0.0 6 15.0 25 190 M M 8 1 36 180
9 27 1 14 -5 51 0 0.06 0.3 5 11.8 25 290 M M 2 1 39 300
10 4 -6 -1 -20 66 0 0.00 0.0 5 8.1 17 290 M M 0 24 300
11 32 -4 14 -5 51 0 0.00 0.0 5 10.6 22 200 M M 1 33 210
12 36 26 31 13 34 0 0.00 0.0 5 3.5 10 340 M M 5 16 250
13 35 19 27 9 38 0 0.00 0.0 4 5.0 22 40 M M 9 18 35 30
14 22 10 16 -2 49 0 T T 4 18.6 26 30 M M 9 36 30
15 15 1 8 -10 57 0 0.00 0.0 3 9.4 22 20 M M 5 8 29 30
16 21 -4 9 -9 56 0 0.00 0.0 3 6.8 15 200 M M 4 21 210
17 28 21 25 7 40 0 0.00 0.0 3 9.2 16 300 M M 9 22 290
18 36 25 31 13 34 0 0.00 0.0 3 11.6 28 190 M M 8 36 190
19 36 3 20 2 45 0 0.00 0.0 3 14.9 26 300 M M 3 42 290
20 9 -6 2 -16 63 0 0.00 0.0 3 6.0 12 300 M M 0 17 300
21 18 -11 4 -14 61 0 0.00 0.0 3 8.9 25 200 M M 0 36 210
22 24 11 18 0 47 0 0.04 0.6 5 11.7 23 210 M M 8 18 36 210
23 12 1 7 -11 58 0 0.06 0.7 4 6.9 17 350 M M 4 1 22 360
24 18 0 9 -9 56 0 0.04 0.6 5 8.1 15 310 M M 7 1 21 310
25 6 -8 -1 -19 66 0 T T 5 8.4 14 300 M M 0 21 310
26 12 -18 -3 -21 68 0 0.00 0.0 5 12.3 23 210 M M 0 36 200
27 30 6 18 0 47 0 T T 5 10.8 23 210 M M 7 31 200
28 17 -2 8 -10 57 0 0.00 0.0 5 4.2 9 10 M M 3 12 10
29 21 9 15 -3 50 0 T T 5 6.8 17 190 M M 8 22 190
30 27 1 14 -4 51 0 0.00 0.0 5 4.5 13 40 M M 7 15 50
31 31 5 18 0 47 0 0.00 0.0 4 10.8 25 190 M M 3 1 35 180
================================================================================
SM 697 130 1595 0 0.44 5.5 296.4 M 149
================================================================================
AV 22.5 4.2 9.6 FASTST M M 5 MAX(MPH)
MISC ----> 28 190 42 290
================================================================================
NOTES:
# LAST OF SEVERAL OCCURRENCES
COLUMN 17 PEAK WIND IN M.P.H.
PRELIMINARY LOCAL CLIMATOLOGICAL DATA (WS FORM: F-6) , PAGE 2
STATION: OSHKOSH WI
MONTH: JANUARY
YEAR: 2022
LATITUDE: 44 0 N
LONGITUDE: 88 34 W
[TEMPERATURE DATA] [PRECIPITATION DATA] SYMBOLS USED IN COLUMN 16
AVERAGE MONTHLY: 13.3 TOTAL FOR MONTH: 0.44 1 = FOG OR MIST
DPTR FM NORMAL: -5.2 DPTR FM NORMAL: -0.67 2 = FOG REDUCING VISIBILITY
HIGHEST: 36 ON 19,18 GRTST 24HR 0.15 ON 6- 6 TO 1/4 MILE OR LESS
LOWEST: -18 ON 26 3 = THUNDER
SNOW, ICE PELLETS, HAIL 4 = ICE PELLETS
TOTAL MONTH: 5.5 INCHES 5 = HAIL
GRTST 24HR 2.5 ON 5- 5 6 = FREEZING RAIN OR DRIZZLE
GRTST DEPTH: 6 ON 8, 7 7 = DUSTSTORM OR SANDSTORM:
VSBY 1/2 MILE OR LESS
8 = SMOKE OR HAZE
[NO. OF DAYS WITH] [WEATHER - DAYS WITH] 9 = BLOWING SNOW
X = TORNADO
MAX 32 OR BELOW: 27 0.01 INCH OR MORE: 6
MAX 90 OR ABOVE: 0 0.10 INCH OR MORE: 1
MIN 32 OR BELOW: 31 0.50 INCH OR MORE: 0
MIN 0 OR BELOW: 11 1.00 INCH OR MORE: 0
[HDD (BASE 65) ]
TOTAL THIS MO. 1595 CLEAR (SCALE 0-3) 11
DPTR FM NORMAL 155 PTCLDY (SCALE 4-7) 14
TOTAL FM JUL 1 3926 CLOUDY (SCALE 8-10) 6
DPTR FM NORMAL -294
[CDD (BASE 65) ]
TOTAL THIS MO. 0
DPTR FM NORMAL 0 [PRESSURE DATA]
TOTAL FM JAN 1 0 HIGHEST SLP 30.71 ON 20
DPTR FM NORMAL 0 LOWEST SLP 29.39 ON 5
[REMARKS]
#FINAL-01-22#