000
CXUS56 KMFR 010930
CF6OTH
PRELIMINARY LOCAL CLIMATOLOGICAL DATA (WS FORM: F-6)
STATION: NORTH BEND OR
MONTH: JUNE
YEAR: 2022
LATITUDE: 43 25 N
LONGITUDE: 124 15 W
TEMPERATURE IN F: :PCPN: SNOW: WIND :SUNSHINE: SKY :PK WND
================================================================================
1 2 3 4 5 6A 6B 7 8 9 10 11 12 13 14 15 16 17 18
12Z AVG MX 2MIN
DY MAX MIN AVG DEP HDD CDD WTR SNW DPTH SPD SPD DIR MIN PSBL S-S WX SPD DR
================================================================================
1 62 50 56 0 9 0 0.00 M M 5.9 15 350 M M 7 1 18 340
2 62 49 56 0 9 0 0.00 M M 5.8 18 270 M M 3 21 260
3 62 54 58 2 7 0 0.04 M M 7.2 16 210 M M 10 1 21 210
4 64 54 59 3 6 0 0.56 M M 7.9 20 190 M M 10 1 30 180
5 65 56 61 5 4 0 0.01 M M 11.0 21 230 M M 10 1 29 230
6 62 51 57 1 8 0 0.06 M M 8.6 18 360 M M 4 1 21 360
7 64 48 56 -1 9 0 T M M 6.4 18 220 M M 5 25 240
8 62 50 56 -1 9 0 0.01 M M 5.8 15 330 M M 5 1 17 330
9 76 49 63 6 2 0 0.13 M M 10.3 25 250 M M 7 1 31 220
10 64 58 61 4 4 0 0.45 M M 8.2 20 280 M M 10 1 22 270
11 62 56 59 2 6 0 0.83 M M 6.0 10 210 M M 10 1 14 210
12 59 52 56 -1 9 0 0.25 M M 9.0 21 350 M M 10 1 25 350
13 59 49 54 -3 11 0 T M M 7.7 14 280 M M 7 16 280
14 61 48 55 -2 10 0 T M M 9.6 22 350 M M 5 28 350
15 64 46 55 -2 10 0 0.01 M M 8.2 21 260 M M 5 1 24 270
16 61 52 57 0 8 0 T M M 6.6 14 210 M M 8 1 16 210
17 62 50 56 -2 9 0 T M M 7.8 18 340 M M 8 23 340
18 62 49 56 -2 9 0 0.06 M M 6.9 14 280 M M 7 1 17 290
19 62 52 57 -1 8 0 0.06 M M 7.7 20 340 M M 8 1 23 360
20 63 50 57 -1 8 0 0.00 M M 15.4 30 360 M M 3 37 10
21 64 52 58 0 7 0 0.00 M M 14.3 30 360 M M 0 35 360
22 62 51 57 -1 8 0 0.00 M M 17.4 32 360 M M 6 12 41 10
23 61 48 55 -3 10 0 0.00 M M 16.1 31 10 M M 0 41 10
24 63 46 55 -3 10 0 0.00 M M 11.1 29 360 M M 1 1 36 360
25 80 48 64 6 1 0 0.00 M M 8.1 28 350 M M 0 1 31 350
26 63 52 58 0 7 0 T M M 7.8 16 270 M M 2 1 18 270
27 65 51 58 0 7 0 T M M 8.0 21 260 M M 8 1 24 250
28 66 56 61 3 4 0 0.00 M M 8.8 21 260 M M 7 23 260
29 64 53 59 0 6 0 0.00 M M 11.8 21 350 M M 7 30 350
30 64 51 58 -1 7 0 T M M 8.9 20 350 M M 8 26 350
================================================================================
SM 1910 1531 222 0 2.47 M 274.2 M 181
================================================================================
AV 63.7 51.0 9.1 FASTST M M 6 MAX(MPH)
MISC ----> 32 360 # 41 10
================================================================================
NOTES:
# LAST OF SEVERAL OCCURRENCES
COLUMN 17 PEAK WIND IN M.P.H.
PRELIMINARY LOCAL CLIMATOLOGICAL DATA (WS FORM: F-6) , PAGE 2
STATION: NORTH BEND OR
MONTH: JUNE
YEAR: 2022
LATITUDE: 43 25 N
LONGITUDE: 124 15 W
[TEMPERATURE DATA] [PRECIPITATION DATA] SYMBOLS USED IN COLUMN 16
AVERAGE MONTHLY: 57.4 TOTAL FOR MONTH: 2.47 1 = FOG OR MIST
DPTR FM NORMAL: -0.1 DPTR FM NORMAL: 0.92 2 = FOG REDUCING VISIBILITY
HIGHEST: 80 ON 25 GRTST 24HR 1.12 ON 10-11 TO 1/4 MILE OR LESS
LOWEST: 46 ON 24,15 3 = THUNDER
SNOW, ICE PELLETS, HAIL 4 = ICE PELLETS
TOTAL MONTH: M 5 = HAIL
GRTST 24HR M ON M 6 = FREEZING RAIN OR DRIZZLE
GRTST DEPTH: M ON M 7 = DUSTSTORM OR SANDSTORM:
VSBY 1/2 MILE OR LESS
8 = SMOKE OR HAZE
[NO. OF DAYS WITH] [WEATHER - DAYS WITH] 9 = BLOWING SNOW
X = TORNADO
MAX 32 OR BELOW: 0 0.01 INCH OR MORE: 12
MAX 90 OR ABOVE: 0 0.10 INCH OR MORE: 5
MIN 32 OR BELOW: 0 0.50 INCH OR MORE: 2
MIN 0 OR BELOW: 0 1.00 INCH OR MORE: 0
[HDD (BASE 65) ]
TOTAL THIS MO. 222 CLEAR (SCALE 0-3) 7
DPTR FM NORMAL -8 PTCLDY (SCALE 4-7) 17
TOTAL FM JUL 1 4327 CLOUDY (SCALE 8-10) 6
DPTR FM NORMAL -43
[CDD (BASE 65) ]
TOTAL THIS MO. 0
DPTR FM NORMAL 0 [PRESSURE DATA]
TOTAL FM JAN 1 0 HIGHEST SLP 30.32 ON 20
DPTR FM NORMAL 0 LOWEST SLP 29.66 ON 4
[REMARKS]
#FINAL-06-22#