000
CXUS56 KMFR 010930
CF6OTH
PRELIMINARY LOCAL CLIMATOLOGICAL DATA (WS FORM: F-6)
STATION: NORTH BEND OR
MONTH: JULY
YEAR: 2021
LATITUDE: 43 25 N
LONGITUDE: 124 15 W
TEMPERATURE IN F: :PCPN: SNOW: WIND :SUNSHINE: SKY :PK WND
================================================================================
1 2 3 4 5 6A 6B 7 8 9 10 11 12 13 14 15 16 17 18
12Z AVG MX 2MIN
DY MAX MIN AVG DEP HDD CDD WTR SNW DPTH SPD SPD DIR MIN PSBL S-S WX SPD DR
================================================================================
1 67 59 63 4 2 0 M M M 13.7 25 350 M M 10 18 30 350
2 67 58 63 4 2 0 0.00 M M 18.4 35 350 M M 8 1 40 360
3 66 56 61 2 4 0 T M M 14.1 24 350 M M 9 1 30 340
4 67 56 62 3 3 0 T M M 14.2 24 350 M M 8 1 30 350
5 66 56 61 2 4 0 0.00 M M 16.1 28 360 M M 6 36 360
6 63 54 59 0 6 0 0.01 M M 9.6 23 350 M M 10 1 29 350
7 65 54 60 1 5 0 0.03 M M 10.4 22 360 M M 6 1 25 350
8 66 53 60 1 5 0 0.00 M M 11.2 24 350 M M 4 30 10
9 64 51 58 -2 7 0 T M M 13.2 29 360 M M 6 1 36 360
10 64 55 60 0 5 0 0.01 M M 16.4 29 360 M M 10 1 37 360
11 63 52 58 -2 7 0 T M M 18.2 35 360 M M 8 1 43 360
12 63 53 58 -2 7 0 T M M 19.6 35 360 M M 9 1 40 10
13 64 53 59 -1 6 0 0.00 M M 19.6 32 350 M M 7 18 39 350
14 64 53 59 -1 6 0 0.00 M M 14.8 25 350 M M 8 1 35 360
15 64 52 58 -2 7 0 T M M 11.5 24 350 M M 6 1 30 350
16 66 54 60 0 5 0 T M M 7.3 16 340 M M 3 21 340
17 67 52 60 0 5 0 0.00 M M 9.0 22 340 M M 3 26 350
18 66 50 58 -2 7 0 0.00 M M 10.0 28 350 M M 5 1 35 360
19 67 54 61 1 4 0 0.00 M M 10.9 21 340 M M 5 26 330
20 68 54 61 1 4 0 T M M 10.7 22 350 M M 6 12 28 360
21 67 52 60 0 5 0 0.00 M M 12.5 29 350 M M 3 12 33 350
22 67 49 58 -2 7 0 0.00 M M 11.2 28 350 M M 0 1 33 350
23 69 49 59 -1 6 0 0.00 M M 13.1 29 360 M M 0 36 360
24 64 51 58 -2 7 0 T M M 15.6 30 360 M M 8 12 39 10
25 65 53 59 -1 6 0 0.00 M M 17.7 33 360 M M 8 12 41 360
26 62 52 57 -3 8 0 0.00 M M 13.1 29 350 M M 8 128 35 350
27 65 52 59 -1 6 0 0.00 M M 12.2 26 350 M M 5 128 32 350
28 66 50 58 -2 7 0 0.00 M M 9.2 23 340 M M 4 12 28 340
29 66 53 60 0 5 0 T M M 11.2 25 350 M M 7 12 33 350
30 65 52 59 -1 6 0 0.00 M M 12.2 23 350 M M 7 1 30 340
31 68 54 61 1 4 0 0.00 M M 9.3 16 340 M M 10 12 23 340
================================================================================
SM 2031 1646 168 0 0.05 M 406.2 M 197
================================================================================
AV 65.5 53.1 13.1 FASTST M M 6 MAX(MPH)
MISC ----> # 35 350 43 360
================================================================================
NOTES:
# LAST OF SEVERAL OCCURRENCES
COLUMN 17 PEAK WIND IN M.P.H.
PRELIMINARY LOCAL CLIMATOLOGICAL DATA (WS FORM: F-6) , PAGE 2
STATION: NORTH BEND OR
MONTH: JULY
YEAR: 2021
LATITUDE: 43 25 N
LONGITUDE: 124 15 W
[TEMPERATURE DATA] [PRECIPITATION DATA] SYMBOLS USED IN COLUMN 16
AVERAGE MONTHLY: 59.3 TOTAL FOR MONTH: 0.05 1 = FOG OR MIST
DPTR FM NORMAL: -0.5 DPTR FM NORMAL: -0.30 2 = FOG REDUCING VISIBILITY
HIGHEST: 69 ON 23 GRTST 24HR 0.10 ON 1- 2 TO 1/4 MILE OR LESS
LOWEST: 49 ON 23,22 3 = THUNDER
SNOW, ICE PELLETS, HAIL 4 = ICE PELLETS
TOTAL MONTH: M 5 = HAIL
GRTST 24HR M ON M 6 = FREEZING RAIN OR DRIZZLE
GRTST DEPTH: M ON M 7 = DUSTSTORM OR SANDSTORM:
VSBY 1/2 MILE OR LESS
8 = SMOKE OR HAZE
[NO. OF DAYS WITH] [WEATHER - DAYS WITH] 9 = BLOWING SNOW
X = TORNADO
MAX 32 OR BELOW: 0 0.01 INCH OR MORE: 3
MAX 90 OR ABOVE: 0 0.10 INCH OR MORE: 0
MIN 32 OR BELOW: 0 0.50 INCH OR MORE: 0
MIN 0 OR BELOW: 0 1.00 INCH OR MORE: 0
[HDD (BASE 65) ]
TOTAL THIS MO. 168 CLEAR (SCALE 0-3) 4
DPTR FM NORMAL 7 PTCLDY (SCALE 4-7) 19
TOTAL FM JUL 1 168 CLOUDY (SCALE 8-10) 8
DPTR FM NORMAL 4
[CDD (BASE 65) ]
TOTAL THIS MO. 0
DPTR FM NORMAL -1 [PRESSURE DATA]
TOTAL FM JAN 1 0 HIGHEST SLP 30.24 ON 23
DPTR FM NORMAL -1 LOWEST SLP 29.97 ON 2
[REMARKS]
#FINAL-07-21#