000
CXUS53 KDMX 050307
CF6OTM
PRELIMINARY LOCAL CLIMATOLOGICAL DATA (WS FORM: F-6)
STATION: OTTUMWA IA
MONTH: NOVEMBER
YEAR: 2021
LATITUDE: 41 6 N
LONGITUDE: 92 27 W
TEMPERATURE IN F: :PCPN: SNOW: WIND :SUNSHINE: SKY :PK WND
================================================================================
1 2 3 4 5 6A 6B 7 8 9 10 11 12 13 14 15 16 17 18
12Z AVG MX 2MIN
DY MAX MIN AVG DEP HDD CDD WTR SNW DPTH SPD SPD DIR MIN PSBL S-S WX SPD DR
================================================================================
1 49 30 40 -6 25 0 0.00 0.0 0 8.1 18 300 M M 5 24 300
2 49 25 37 -8 28 0 0.00 0.0 0 7.5 15 320 M M 2 21 280
3 50 22 36 -9 29 0 0.00 0.0 0 3.9 12 220 M M 5 16 220
4 54 34 44 0 21 0 0.00 0.0 0 8.5 17 200 M M 6 23 200
5 57 35 46 2 19 0 0.00 0.0 0 13.6 24 180 M M 2 32 200
6 65 38 52 8 13 0 0.00 0.0 0 10.4 16 210 M M 0 20 210
7 69 42 56 13 9 0 0.00 0.0 0 12.9 24 190 M M 0 31 180
8 68 47 58 15 7 0 0.00 0.0 0 6.8 14 230 M M 1 1 19 240
9 63 44 54 12 11 0 0.00 0.0 0 8.1 16 350 M M 3 21 340
10 59 41 50 8 15 0 0.79 0.0 0 11.4 21 150 M M 7 18 31 140
11 54 39 47 5 18 0 0.23 0.0 0 16.8 30 260 M M 7 1 45 250
12 39 33 36 -5 29 0 0.02 T 0 19.6 28 310 M M 9 1 45 250
13 40 33 37 -4 28 0 T 0.0 0 11.5 23 230 M M 9 34 220
14 45 28 37 -3 28 0 0.00 0.0 0 16.2 35 310 M M 7 51 310
15 50 30 40 0 25 0 T 0.0 0 8.1 17 130 M M 4 24 120
16 60 30 45 6 20 0 0.00 0.0 0 11.7 22 150 M M 0 1 29 140
17 60 33 47 8 18 0 0.00 0.0 0 15.1 26 320 M M 5 34 320
18 37 20 29 -9 36 0 0.00 0.0 0 11.2 30 300 M M 0 39 310
19 45 19 32 -6 33 0 0.00 0.0 0 10.9 21 160 M M 1 29 170
20 56 37 47 9 18 0 0.00 0.0 0 7.3 15 250 M M 1 8 20 180
21 56 24 40 3 25 0 0.00 0.0 0 12.8 32 340 M M 3 44 320
22 38 19 29 -8 36 0 0.00 0.0 0 5.2 13 310 M M 3 17 310
23 55 25 40 4 25 0 0.00 0.0 0 15.0 24 170 M M 0 38 170
24 59 37 48 12 17 0 T 0.0 0 14.8 25 320 M M 2 36 320
25 37 14 26 -10 39 0 T T 0 15.7 30 310 M M 3 39 300
26 43 12 28 -7 37 0 0.00 0.0 0 8.4 18 180 M M 3 8 26 160
27 62 28 45 10 20 0 T 0.0 0 11.1 28 300 M M 2 34 300
28 44 26 35 1 30 0 0.00 0.0 0 8.5 16 310 M M 0 23 310
29 60 31 46 12 19 0 0.00 0.0 0 11.9 21 190 M M 2 27 180
30 57 30 44 10 21 0 0.00 0.0 0 6.0 15 330 M M 1 20 330
================================================================================
SM 1580 906 699 0 1.04 T 329.0 M 93
================================================================================
AV 52.7 30.2 11.0 FASTST M M 3 MAX(MPH)
MISC ----> 35 310 51 310
================================================================================
NOTES:
# LAST OF SEVERAL OCCURRENCES
COLUMN 17 PEAK WIND IN M.P.H.
PRELIMINARY LOCAL CLIMATOLOGICAL DATA (WS FORM: F-6) , PAGE 2
STATION: OTTUMWA IA
MONTH: NOVEMBER
YEAR: 2021
LATITUDE: 41 6 N
LONGITUDE: 92 27 W
[TEMPERATURE DATA] [PRECIPITATION DATA] SYMBOLS USED IN COLUMN 16
AVERAGE MONTHLY: 41.4 TOTAL FOR MONTH: 1.04 1 = FOG OR MIST
DPTR FM NORMAL: 1.8 DPTR FM NORMAL: -1.05 2 = FOG REDUCING VISIBILITY
HIGHEST: 69 ON 7 GRTST 24HR 1.02 ON 10-11 TO 1/4 MILE OR LESS
LOWEST: 12 ON 26 3 = THUNDER
SNOW, ICE PELLETS, HAIL 4 = ICE PELLETS
TOTAL MONTH: T 5 = HAIL
GRTST 24HR T ON 12-12 6 = FREEZING RAIN OR DRIZZLE
GRTST DEPTH: 0 7 = DUSTSTORM OR SANDSTORM:
VSBY 1/2 MILE OR LESS
8 = SMOKE OR HAZE
[NO. OF DAYS WITH] [WEATHER - DAYS WITH] 9 = BLOWING SNOW
X = TORNADO
MAX 32 OR BELOW: 0 0.01 INCH OR MORE: 3
MAX 90 OR ABOVE: 0 0.10 INCH OR MORE: 2
MIN 32 OR BELOW: 17 0.50 INCH OR MORE: 1
MIN 0 OR BELOW: 0 1.00 INCH OR MORE: 0
[HDD (BASE 65) ]
TOTAL THIS MO. 699 CLEAR (SCALE 0-3) 19
DPTR FM NORMAL -63 PTCLDY (SCALE 4-7) 9
TOTAL FM JUL 1 996 CLOUDY (SCALE 8-10) 2
DPTR FM NORMAL -263
[CDD (BASE 65) ]
TOTAL THIS MO. 0
DPTR FM NORMAL 0 [PRESSURE DATA]
TOTAL FM JAN 1 1139 HIGHEST SLP 30.51 ON 18
DPTR FM NORMAL 154 LOWEST SLP 29.56 ON 11
[REMARKS]
#FINAL-11-21#