000
CXUS53 KARX 010930
CF6OVS
PRELIMINARY LOCAL CLIMATOLOGICAL DATA (WS FORM: F-6)
STATION: BOSCOBEL_(ASOS) WI
MONTH: MAY
YEAR: 2020
LATITUDE: 43 9 N
LONGITUDE: 90 41 W
TEMPERATURE IN F: :PCPN: SNOW: WIND :SUNSHINE: SKY :PK WND
================================================================================
1 2 3 4 5 6A 6B 7 8 9 10 11 12 13 14 15 16 17 18
12Z AVG MX 2MIN
DY MAX MIN AVG DEP HDD CDD WTR SNW DPTH SPD SPD DIR MIN PSBL S-S WX SPD DR
================================================================================
1 74 34 54 0 11 0 T 0.0 0 4.8 14 180 M M 1 8 24 180
2 78 50 64 9 1 0 0.00 0.0 0 8.1 18 310 M M 0 28 270
3 78 39 59 4 6 0 0.00 0.0 0 8.0 22 300 M M 0 32 280
4 59 37 48 -7 17 0 0.00 0.0 0 6.0 14 80 M M 0 22 70
5 53 38 46 -10 19 0 M 0.0 0 3.6 10 80 M M 8 18 17 40
6 67 36 52 -4 13 0 T 0.0 0 5.0 15 270 M M 4 128 21 270
7 66 36 51 -5 14 0 0.00 0.0 0 6.6 18 300 M M 0 1 29 300
8 51 27 39 -18 26 0 0.00 0.0 0 8.1 20 340 M M 0 31 310
9 66 24 45 -12 20 0 T 0.0 0 8.1 24 270 M M 3 38 280
10 51 39 45 -12 20 0 0.10 0.0 0 7.8 22 330 M M 10 1 29 320
11 56 30 43 -15 22 0 0.00 0.0 0 6.8 15 290 M M 6 22 270
12 63 26 45 -13 20 0 0.00 0.0 0 1.8 13 340 M M 0 8 19 340
13 69 34 52 -6 13 0 0.35 0.0 0 4.9 20 190 M M 5 1 32 130
14 70 54 62 4 3 0 0.22 0.0 0 2.6 10 210 M M 10 1 16 170
15 76 48 62 3 3 0 0.00 0.0 0 3.8 13 290 M M 3 12 20 270
16 76 48 62 3 3 0 T 0.0 0 8.1 14 100 M M 3 24 130
17 60 52 56 -3 9 0 0.53 0.0 0 7.7 15 50 M M 10 1 29 20
18 58 52 55 -4 10 0 0.06 0.0 0 7.3 14 40 M M 9 1 27 40
19 62 51 57 -3 8 0 0.00 0.0 0 6.5 13 80 M M 10 1 20 90
20 78 50 64 4 1 0 0.00 0.0 0 5.9 15 90 M M 3 1 25 80
21 58 53 56 -4 9 0 0.00 0.0 0 3.7 7 90 M M 8 M M
22 73 59 66 6 0 1 0.00 0.0 M 2.5 10 100 M M 10 17 110
23 74 61 68 7 0 3 0.62 0.0 0 4.8 14 90 M M 9 13 25 100
24 83 62 73 12 0 8 0.00 0.0 0 1.9 12 180 M M 4 1 22 210
25 87 64 76 15 0 11 0.01 0.0 0 5.8 16 220 M M 3 12 25 180
26 90 64 77 15 0 12 T 0.0 0 4.5 16 160 M M 2 3 30 190
27 86 70 78 16 0 13 0.03 0.0 0 4.7 16 200 M M 4 3 23 170
28 70 58 64 2 1 0 1.39 0.0 0 1.5 12 10 M M 8 12 20 360
29 69 48 59 -3 6 0 0.00 0.0 0 5.1 16 280 M M 4 1 23 320
30 73 44 59 -4 6 0 0.00 0.0 0 5.2 16 350 M M 3 12 25 280
31 74 41 58 -5 7 0 0.00 0.0 0 1.7 12 220 M M 1 1 16 210
================================================================================
SM 2148 1429 268 48 3.31 0.0 162.9 M 141
================================================================================
AV 69.3 46.1 5.3 FASTST M M 5 MAX(MPH)
MISC ----> # 24 270 # 38 280
================================================================================
NOTES:
# LAST OF SEVERAL OCCURRENCES
COLUMN 17 PEAK WIND IN M.P.H.
PRELIMINARY LOCAL CLIMATOLOGICAL DATA (WS FORM: F-6) , PAGE 2
STATION: BOSCOBEL_(ASOS) WI
MONTH: MAY
YEAR: 2020
LATITUDE: 43 9 N
LONGITUDE: 90 41 W
[TEMPERATURE DATA] [PRECIPITATION DATA] SYMBOLS USED IN COLUMN 16
AVERAGE MONTHLY: 57.7 TOTAL FOR MONTH: 3.31 1 = FOG OR MIST
DPTR FM NORMAL: -1.2 DPTR FM NORMAL: -0.89 2 = FOG REDUCING VISIBILITY
HIGHEST: 90 ON 26 GRTST 24HR 1.39 ON 28-28 TO 1/4 MILE OR LESS
LOWEST: 24 ON 9 3 = THUNDER
SNOW, ICE PELLETS, HAIL 4 = ICE PELLETS
TOTAL MONTH: 0.0 INCH 5 = HAIL
GRTST 24HR 0.0 6 = FREEZING RAIN OR DRIZZLE
GRTST DEPTH: 0 7 = DUSTSTORM OR SANDSTORM:
VSBY 1/2 MILE OR LESS
8 = SMOKE OR HAZE
[NO. OF DAYS WITH] [WEATHER - DAYS WITH] 9 = BLOWING SNOW
X = TORNADO
MAX 32 OR BELOW: 0 0.01 INCH OR MORE: 9
MAX 90 OR ABOVE: 1 0.10 INCH OR MORE: 6
MIN 32 OR BELOW: 4 0.50 INCH OR MORE: 3
MIN 0 OR BELOW: 0 1.00 INCH OR MORE: 1
[HDD (BASE 65) ]
TOTAL THIS MO. 268 CLEAR (SCALE 0-3) 13
DPTR FM NORMAL 47 PTCLDY (SCALE 4-7) 10
TOTAL FM JUL 1 6628 CLOUDY (SCALE 8-10) 8
DPTR FM NORMAL -399
[CDD (BASE 65) ]
TOTAL THIS MO. 48
DPTR FM NORMAL 17 [PRESSURE DATA]
TOTAL FM JAN 1 48 HIGHEST SLP 30.39 ON 31
DPTR FM NORMAL 13 LOWEST SLP 29.73 ON 17
[REMARKS]
#FINAL-05-20#