000
CXUS53 KPAH 010730
CF6PAH
PRELIMINARY LOCAL CLIMATOLOGICAL DATA (WS FORM: F-6)
STATION: PADUCAH KY
MONTH: MAY
YEAR: 2023
LATITUDE: 37 4 N
LONGITUDE: 88 46 W
TEMPERATURE IN F: :PCPN: SNOW: WIND :SUNSHINE: SKY :PK WND
================================================================================
1 2 3 4 5 6A 6B 7 8 9 10 11 12 13 14 15 16 17 18
12Z AVG MX 2MIN
DY MAX MIN AVG DEP HDD CDD WTR SNW DPTH SPD SPD DIR MIN PSBL S-S WX SPD DR
================================================================================
1 68 49 59 -5 6 0 0.00 0.0 0 8.0 18 310 M M 1 33 290
2 67 46 57 -7 8 0 0.00 0.0 0 6.8 23 310 M M 1 37 320
3 70 44 57 -8 8 0 0.00 0.0 0 5.1 13 340 M M 0 21 360
4 74 41 58 -7 7 0 0.00 0.0 0 2.4 8 170 M M 0 12 190
5 69 57 63 -2 2 0 T 0.0 0 4.9 15 150 M M 8 23 150
6 84 59 72 6 0 7 0.00 0.0 0 7.5 17 140 M M 6 23 130
7 85 65 75 9 0 10 1.02 0.0 0 8.7 18 10 M M 7 13 26 110
8 86 65 76 10 0 11 0.59 0.0 0 5.4 23 300 M M 5 13 40 310
9 79 61 70 4 0 5 0.06 0.0 0 4.6 20 160 M M 1 1 29 170
10 82 60 71 4 0 6 0.00 0.0 0 5.5 14 100 M M 1 1 19 100
11 82 66 74 7 0 9 0.00 0.0 0 8.8 21 130 M M 5 27 140
12 77 68 73 6 0 8 0.01 0.0 0 4.5 12 190 M M 8 18 20 170
13 78 67 73 5 0 8 T 0.0 0 2.6 10 190 M M 5 13 17 180
14 91 66 79 11 0 14 0.55 0.0 0 2.4 14 90 M M 3 123 18 50
15 84 66 75 7 0 10 0.00 0.0 0 3.5 12 50 M M 3 1 15 10
16 75 64 70 2 0 5 0.03 0.0 0 3.8 12 10 M M 7 18 18 300
17 83 57 70 1 0 5 0.00 0.0 0 3.1 12 80 M M 0 18 19 10
18 83 57 70 1 0 5 0.00 0.0 0 4.4 12 100 M M 1 19 110
19 79 60 70 1 0 5 1.53 0.0 0 4.2 20 340 M M 6 13 27 340
20 75 54 65 -5 0 0 0.19 0.0 0 7.1 16 10 M M 3 18 26 350
21 77 51 64 -6 1 0 0.00 0.0 0 2.8 12 70 M M 0 1 18 30
22 81 52 67 -3 0 2 0.00 0.0 0 4.6 16 80 M M 0 1 23 60
23 84 59 72 2 0 7 0.00 0.0 0 2.9 13 110 M M 2 1 17 150
24 87 60 74 3 0 9 0.00 0.0 0 3.3 14 60 M M 2 18 21 80
25 83 57 70 -1 0 5 0.00 0.0 0 5.2 14 60 M M 1 1 20 90
26 78 54 66 -5 0 1 0.00 0.0 0 5.7 15 50 M M 0 22 60
27 83 52 68 -4 0 3 0.00 0.0 0 3.2 12 90 M M 0 8 16 70
28 80 55 68 -4 0 3 0.00 0.0 0 4.5 18 100 M M 1 25 80
29 86 54 70 -2 0 5 0.00 0.0 0 2.8 13 350 M M 1 20 330
30 89 59 74 2 0 9 0.00 0.0 0 1.4 9 90 M M 5 8 13 10
31 89 64 77 4 0 12 0.00 0.0 0 2.4 10 130 M M 2 1 13 120
================================================================================
SM 2488 1789 32 164 3.98 0.0 142.1 M 85
================================================================================
AV 80.3 57.7 4.6 FASTST M M 3 MAX(MPH)
MISC ----> # 23 310 40 310
================================================================================
NOTES:
# LAST OF SEVERAL OCCURRENCES
COLUMN 17 PEAK WIND IN M.P.H.
PRELIMINARY LOCAL CLIMATOLOGICAL DATA (WS FORM: F-6) , PAGE 2
STATION: PADUCAH KY
MONTH: MAY
YEAR: 2023
LATITUDE: 37 4 N
LONGITUDE: 88 46 W
[TEMPERATURE DATA] [PRECIPITATION DATA] SYMBOLS USED IN COLUMN 16
AVERAGE MONTHLY: 69.0 TOTAL FOR MONTH: 3.98 1 = FOG OR MIST
DPTR FM NORMAL: 0.6 DPTR FM NORMAL: -0.89 2 = FOG REDUCING VISIBILITY
HIGHEST: 91 ON 14 GRTST 24HR 1.72 ON 19-20 TO 1/4 MILE OR LESS
LOWEST: 41 ON 4 3 = THUNDER
SNOW, ICE PELLETS, HAIL 4 = ICE PELLETS
TOTAL MONTH: 0.0 INCH 5 = HAIL
GRTST 24HR 0.0 6 = FREEZING RAIN OR DRIZZLE
GRTST DEPTH: 0 7 = DUSTSTORM OR SANDSTORM:
VSBY 1/2 MILE OR LESS
8 = SMOKE OR HAZE
[NO. OF DAYS WITH] [WEATHER - DAYS WITH] 9 = BLOWING SNOW
X = TORNADO
MAX 32 OR BELOW: 0 0.01 INCH OR MORE: 8
MAX 90 OR ABOVE: 1 0.10 INCH OR MORE: 5
MIN 32 OR BELOW: 0 0.50 INCH OR MORE: 4
MIN 0 OR BELOW: 0 1.00 INCH OR MORE: 2
[HDD (BASE 65) ]
TOTAL THIS MO. 32 CLEAR (SCALE 0-3) 19
DPTR FM NORMAL -23 PTCLDY (SCALE 4-7) 12
TOTAL FM JUL 1 3428 CLOUDY (SCALE 8-10) 0
DPTR FM NORMAL -496
[CDD (BASE 65) ]
TOTAL THIS MO. 164
DPTR FM NORMAL 4 [PRESSURE DATA]
TOTAL FM JAN 1 205 HIGHEST SLP M ON M
DPTR FM NORMAL -5 LOWEST SLP 29.65 ON 1
[REMARKS]
#FINAL-05-23#