000
CXUS52 KMFL 011030
CF6PBI
PRELIMINARY LOCAL CLIMATOLOGICAL DATA (WS FORM: F-6)
STATION: WEST PALM BEACH
MONTH: AUGUST
YEAR: 2022
LATITUDE: 26 40 N
LONGITUDE: 80 7 W
TEMPERATURE IN F: :PCPN: SNOW: WIND :SUNSHINE: SKY :PK WND
================================================================================
1 2 3 4 5 6A 6B 7 8 9 10 11 12 13 14 15 16 17 18
12Z AVG MX 2MIN
DY MAX MIN AVG DEP HDD CDD WTR SNW DPTH SPD SPD DIR MIN PSBL S-S WX SPD DR
================================================================================
1 93 82 88 4 0 23 0.00 0.0 0 10.5 18 130 M M 5 22 110
2 92 74 83 -1 0 18 0.04 0.0 0 5.7 25 300 M M 5 3 32 280
3 92 73 83 -1 0 18 0.00 0.0 0 6.8 16 110 M M 4 21 110
4 91 82 87 3 0 22 T M M 10.4 23 140 M M 5 28 140
5 92 82 87 3 0 22 0.00 0.0 0 11.5 22 110 M M 5 32 110
6 93 81 87 3 0 22 0.03 0.0 0 13.8 20 100 M M 5 26 100
7 92 81 87 3 0 22 T 0.0 0 13.5 26 80 M M 6 31 100
8 91 82 87 3 0 22 0.00 0.0 0 11.2 17 110 M M 5 23 120
9 92 83 88 4 0 23 0.04 0.0 0 14.1 24 100 M M 6 1 28 90
10 92 82 87 4 0 22 0.01 0.0 0 10.5 17 100 M M 5 25 100
11 92 82 87 4 0 22 0.00 M M 10.0 15 110 M M 6 20 100
12 91 76 84 1 0 19 0.03 M M 8.2 20 100 M M 5 25 120
13 90 77 84 1 0 19 0.06 0.0 0 4.4 18 200 M M 7 3 22 140
14 90 74 82 -1 0 17 0.71 0.0 0 4.7 16 150 M M 6 13 20 160
15 93 75 84 1 0 19 0.61 0.0 M 5.5 21 200 M M 5 13 30 200
16 94 77 86 3 0 21 0.06 0.0 M 6.3 25 250 M M 5 3 31 240
17 95 78 87 4 0 22 0.71 0.0 M 7.5 33 290 M M 4 13 42 280
18 96 75 86 3 0 21 0.07 0.0 0 7.9 24 330 M M 5 13 28 330
19 93 77 85 2 0 20 0.00 0.0 0 6.9 17 130 M M 4 3 22 140
20 92 83 88 5 0 23 0.00 0.0 0 9.9 16 100 M M 5 21 100
21 92 83 88 5 0 23 0.00 0.0 0 10.1 16 90 M M 4 21 90
22 92 82 87 4 0 22 T 0.0 0 8.4 16 130 M M 5 23 100
23 93 79 86 3 0 21 T 0.0 0 6.0 16 120 M M 5 3 21 100
24 92 79 86 3 0 21 T 0.0 0 7.0 17 90 M M 6 23 110
25 94 80 87 4 0 22 0.00 0.0 0 8.4 18 130 M M 4 23 130
26 93 79 86 3 0 21 0.05 0.0 0 5.7 16 130 M M 4 3 23 140
27 92 78 85 2 0 20 0.02 0.0 0 5.6 15 110 M M 6 3 19 120
28 93 78 86 3 0 21 0.09 0.0 0 6.1 15 150 M M 7 3 19 110
29 90 75 83 0 0 18 0.50 0.0 0 10.0 30 150 M M 6 13 38 150
30 91 79 85 2 0 20 0.09 0.0 0 9.2 20 130 M M 4 1 24 130
31 92 77 85 2 0 20 0.00 0.0 0 5.1 15 120 M M 5 3 19 150
================================================================================
SM 2860 2445 0 646 3.12 0.0 260.9 M 159
================================================================================
AV 92.3 78.9 8.4 FASTST M M 5 MAX(MPH)
MISC ----> 33 290 42 280
================================================================================
NOTES:
# LAST OF SEVERAL OCCURRENCES
COLUMN 17 PEAK WIND IN M.P.H.
PRELIMINARY LOCAL CLIMATOLOGICAL DATA (WS FORM: F-6) , PAGE 2
STATION: WEST PALM BEACH
MONTH: AUGUST
YEAR: 2022
LATITUDE: 26 40 N
LONGITUDE: 80 7 W
[TEMPERATURE DATA] [PRECIPITATION DATA] SYMBOLS USED IN COLUMN 16
AVERAGE MONTHLY: 85.6 TOTAL FOR MONTH: 3.12 1 = FOG OR MIST
DPTR FM NORMAL: 2.4 DPTR FM NORMAL: -5.56 2 = FOG REDUCING VISIBILITY
HIGHEST: 96 ON 18 GRTST 24HR 0.71 ON 13-14 TO 1/4 MILE OR LESS
LOWEST: 73 ON 3 3 = THUNDER
SNOW, ICE PELLETS, HAIL 4 = ICE PELLETS
TOTAL MONTH: 0.0 INCH 5 = HAIL
GRTST 24HR 0.0 6 = FREEZING RAIN OR DRIZZLE
GRTST DEPTH: 0 7 = DUSTSTORM OR SANDSTORM:
VSBY 1/2 MILE OR LESS
8 = SMOKE OR HAZE
[NO. OF DAYS WITH] [WEATHER - DAYS WITH] 9 = BLOWING SNOW
X = TORNADO
MAX 32 OR BELOW: 0 0.01 INCH OR MORE: 16
MAX 90 OR ABOVE: 31 0.10 INCH OR MORE: 4
MIN 32 OR BELOW: 0 0.50 INCH OR MORE: 4
MIN 0 OR BELOW: 0 1.00 INCH OR MORE: 0
[HDD (BASE 65) ]
TOTAL THIS MO. 0 CLEAR (SCALE 0-3) 0
DPTR FM NORMAL 0 PTCLDY (SCALE 4-7) 31
TOTAL FM JUL 1 0 CLOUDY (SCALE 8-10) 0
DPTR FM NORMAL 0
[CDD (BASE 65) ]
TOTAL THIS MO. 646
DPTR FM NORMAL 82 [PRESSURE DATA]
TOTAL FM JAN 1 3328 HIGHEST SLP 30.21 ON 10
DPTR FM NORMAL 517 LOWEST SLP 29.89 ON 27
[REMARKS]
#FINAL-08-22#