000
CXUS53 KARX 012113
CF6PDC
PRELIMINARY LOCAL CLIMATOLOGICAL DATA (WS FORM: F-6)
STATION: PRAIRIE_DU_CHIEN_MUN
MONTH: JUNE
YEAR: 2023
LATITUDE: 43 1 N
LONGITUDE: 91 7 W
TEMPERATURE IN F: :PCPN: SNOW: WIND :SUNSHINE: SKY :PK WND
================================================================================
1 2 3 4 5 6A 6B 7 8 9 10 11 12 13 14 15 16 17 18
12Z AVG MX 2MIN
DY MAX MIN AVG DEP HDD CDD WTR SNW DPTH SPD SPD DIR MIN PSBL S-S WX SPD DR
================================================================================
1 88 62 75 M 0 10 0.08 0.0 0 1.2 8 250 M M 1 1 M M
2 88 66 77 M 0 12 0.00 0.0 0 0.7 10 90 M M 1 1 17 0
3 90 62 76 M 0 11 0.00 0.0 0 1.1 8 80 M M 1 M M
4 87 60 74 M 0 9 0.00 0.0 0 1.6 10 90 M M 0 M M
5 84 55 70 M 0 5 0.00 0.0 0 0.2 6 130 M M 0 M M
6 81 62 72 M 0 7 0.04 0.0 0 0.0 M M M M 7 M M
7 79 53 66 M 0 1 0.00 0.0 0 1.7 8 30 M M 2 M M
8 78 47 63 M 2 0 0.00 0.0 0 1.9 9 70 M M 0 20 70
9 84 46 65 M 0 0 0.00 0.0 0 1.4 10 230 M M 0 M M
10 81 53 67 M 0 2 M 0.0 0 0.3 8 200 M M 4 M M
11 64 45 55 M 10 0 M 0.0 0 5.6 12 10 M M 8 21 40
12 76 41 59 M 6 0 0.06 0.0 0 2.3 14 290 M M 4 27 290
13 82 54 68 M 0 3 0.01 0.0 0 2.8 14 340 M M 5 20 340
14 86 56 71 M 0 6 0.00 0.0 0 0.5 7 20 M M 3 M M
15 76 54 65 M 0 0 0.00 0.0 0 4.8 10 60 M M 0 18 18 0
16 76 44 60 M 5 0 0.00 0.0 0 1.4 8 80 M M 1 M M
17 82 52 67 M 0 2 0.00 0.0 0 1.2 7 130 M M 1 2 M M
18 83 63 73 M 0 8 0.27 0.0 0 4.1 16 170 M M 6 23 170
19 88 62 75 M 0 10 0.00 0.0 0 2.4 7 120 M M 1 1 M M
20 89 57 73 M 0 8 0.00 0.0 0 3.4 12 70 M M 0 18 110
21 89 57 73 M 0 8 0.00 0.0 0 2.5 9 130 M M 1 18 130
22 90 60 75 M 0 10 0.00 0.0 0 1.0 8 80 M M 2 M M
23 90 59 75 M 0 10 0.00 0.0 0 0.6 7 100 M M 1 M M
24 89 58 74 M 0 9 0.88 0.0 0 3.0 10 330 M M 3 24 0
25 77 64 71 M 0 6 0.36 0.0 0 8.8 17 290 M M 8 23 290
26 77 62 70 M 0 5 0.00 0.0 0 8.9 16 330 M M 7 23 300
27 84 56 70 M 0 5 0.00 0.0 0 1.4 9 310 M M 3 18 M M
28 82 63 73 M 0 8 0.03 0.0 0 4.6 13 170 M M 3 18 20 130
29 88 64 76 M 0 11 0.00 0.0 0 0.6 7 20 M M 1 18 M M
30 84 64 74 M 0 9 0.10 0.0 0 0.5 7 230 M M 4 M M
================================================================================
SM 2492 1701 23 175 1.83 0.0 70.5 M 78
================================================================================
AV 83.1 56.7 2.3 FASTST M M 3 MAX(MPH)
MISC ----> 17 290 27 290
================================================================================
NOTES:
# LAST OF SEVERAL OCCURRENCES
COLUMN 17 PEAK WIND IN M.P.H.
PRELIMINARY LOCAL CLIMATOLOGICAL DATA (WS FORM: F-6) , PAGE 2
STATION: PRAIRIE_DU_CHIEN_MUN
MONTH: JUNE
YEAR: 2023
LATITUDE: 43 1 N
LONGITUDE: 91 7 W
[TEMPERATURE DATA] [PRECIPITATION DATA] SYMBOLS USED IN COLUMN 16
AVERAGE MONTHLY: 69.9 TOTAL FOR MONTH: 1.83 1 = FOG OR MIST
DPTR FM NORMAL: 0.0 DPTR FM NORMAL: M 2 = FOG REDUCING VISIBILITY
HIGHEST: 90 ON 23,22 GRTST 24HR 0.88 ON 24-24 TO 1/4 MILE OR LESS
LOWEST: 41 ON 12 3 = THUNDER
SNOW, ICE PELLETS, HAIL 4 = ICE PELLETS
TOTAL MONTH: 0.0 INCH 5 = HAIL
GRTST 24HR 0.0 6 = FREEZING RAIN OR DRIZZLE
GRTST DEPTH: 0 7 = DUSTSTORM OR SANDSTORM:
VSBY 1/2 MILE OR LESS
8 = SMOKE OR HAZE
[NO. OF DAYS WITH] [WEATHER - DAYS WITH] 9 = BLOWING SNOW
X = TORNADO
MAX 32 OR BELOW: 0 0.01 INCH OR MORE: 9
MAX 90 OR ABOVE: 3 0.10 INCH OR MORE: 4
MIN 32 OR BELOW: 0 0.50 INCH OR MORE: 1
MIN 0 OR BELOW: 0 1.00 INCH OR MORE: 0
[HDD (BASE 65) ]
TOTAL THIS MO. 23 CLEAR (SCALE 0-3) 21
DPTR FM NORMAL M PTCLDY (SCALE 4-7) 9
TOTAL FM JUL 1 6380 CLOUDY (SCALE 8-10) 0
DPTR FM NORMAL M
[CDD (BASE 65) ]
TOTAL THIS MO. 175
DPTR FM NORMAL M [PRESSURE DATA]
TOTAL FM JAN 1 216 HIGHEST SLP M ON M
DPTR FM NORMAL M LOWEST SLP M ON M
[REMARKS]
#FINAL-06-23#