000
CXUS52 KFFC 271010
CF6PDK
PRELIMINARY LOCAL CLIMATOLOGICAL DATA (WS FORM: F-6)
STATION: DEKALB PEACHTREE AIRPORT
MONTH: MARCH
YEAR: 2024
LATITUDE: 33 52 N
LONGITUDE: 84 18 W
TEMPERATURE IN F: :PCPN: SNOW: WIND :SUNSHINE: SKY :PK WND
================================================================================
1 2 3 4 5 6A 6B 7 8 9 10 11 12 13 14 15 16 17 18
12Z AVG MX 2MIN
DY MAX MIN AVG DEP HDD CDD WTR SNW DPTH SPD SPD DIR MIN PSBL S-S WX SPD DR
================================================================================
1 47 38 43 -7 22 0 1.44 M M 5.8 13 100 M M 9 1 27 110
2 62 42 52 2 13 0 T M M 2.0 8 70 M M 9 12 11 110
3 71 47 59 9 6 0 0.00 M M 2.3 8 180 M M 7 12 11 120
4 66 53 60 10 5 0 0.00 M M 2.7 10 190 M M 7 1 14 180
5 60 51 56 6 9 0 0.75 M M 3.2 12 140 M M 7 1 19 130
6 61 54 58 7 7 0 1.93 M M 5.5 15 310 M M 9 1 20 330
7 75 48 62 11 3 0 0.00 M M 3.2 10 330 M M 1 1 14 320
8 65 57 61 10 4 0 1.09 M M 5.3 14 140 M M 6 1 25 140
9 66 50 58 6 7 0 0.38 M M 7.7 22 320 M M 8 13 34 290
10 58 42 50 -2 15 0 0.00 M M 15.2 25 300 M M 2 39 290
11 65 35 50 -2 15 0 0.00 M M 5.3 17 340 M M 0 24 350
12 70 33 52 0 13 0 0.00 M M 2.6 14 260 M M 0 22 280
13 74 38 56 3 9 0 0.00 M M 3.2 15 320 M M 0 20 320
14 80 45 63 10 2 0 0.00 M M 3.3 13 180 M M 0 18 180
15 72 59 66 13 0 1 0.16 M M 6.9 18 230 M M 6 13 26 230
16 71 55 63 10 2 0 0.00 M M 7.5 15 290 M M 2 21 290
17 68 51 60 6 5 0 0.01 M M 8.0 16 260 M M 3 23 290
18 57 37 47 -7 18 0 0.00 M M 11.5 25 310 M M 1 37 290
19 59 31 45 -9 20 0 0.00 M M 9.2 18 330 M M 0 27 340
20 72 38 55 1 10 0 0.00 M M 6.6 17 260 M M 0 24 260
21 75 42 59 4 6 0 0.00 M M 1.6 9 190 M M 0 14 180
22 64 55 60 5 5 0 0.52 M M 4.4 12 80 M M 8 1 23 120
23 68 45 57 2 8 0 0.00 M M 11.1 23 320 M M 5 1 37 330
24 65 34 50 -5 15 0 0.00 M M 4.3 12 90 M M 0 24 60
25 62 45 54 -2 11 0 0.00 M M 6.1 13 120 M M 1 29 80
26 60 51 56 0 9 0 0.58 M M 5.2 13 140 M M 10 13 24 120
================================================================================
SM 1713 1176 239 1 6.86 M 149.7 M 101
================================================================================
AV 65.9 45.2 5.8 FASTST M M 4 MAX(MPH)
MISC ----> # 25 300 39 290
================================================================================
NOTES:
# LAST OF SEVERAL OCCURRENCES
COLUMN 17 PEAK WIND IN M.P.H.
PRELIMINARY LOCAL CLIMATOLOGICAL DATA (WS FORM: F-6) , PAGE 2
STATION: DEKALB PEACHTREE AIRPORT
MONTH: MARCH
YEAR: 2024
LATITUDE: 33 52 N
LONGITUDE: 84 18 W
[TEMPERATURE DATA] [PRECIPITATION DATA] SYMBOLS USED IN COLUMN 16
AVERAGE MONTHLY: 55.6 TOTAL FOR MONTH: 6.86 1 = FOG OR MIST
DPTR FM NORMAL: 2.8 DPTR FM NORMAL: 2.92 2 = FOG REDUCING VISIBILITY
HIGHEST: 80 ON 14 GRTST 24HR 2.67 ON 5- 6 TO 1/4 MILE OR LESS
LOWEST: 31 ON 19 3 = THUNDER
SNOW, ICE PELLETS, HAIL 4 = ICE PELLETS
TOTAL MONTH: M 5 = HAIL
GRTST 24HR M ON M 6 = FREEZING RAIN OR DRIZZLE
GRTST DEPTH: M ON M 7 = DUSTSTORM OR SANDSTORM:
VSBY 1/2 MILE OR LESS
8 = SMOKE OR HAZE
[NO. OF DAYS WITH] [WEATHER - DAYS WITH] 9 = BLOWING SNOW
X = TORNADO
MAX 32 OR BELOW: 0 0.01 INCH OR MORE: 9
MAX 90 OR ABOVE: 0 0.10 INCH OR MORE: 8
MIN 32 OR BELOW: 1 0.50 INCH OR MORE: 6
MIN 0 OR BELOW: 0 1.00 INCH OR MORE: 3
[HDD (BASE 65) ]
TOTAL THIS MO. 239 CLEAR (SCALE 0-3) 14
DPTR FM NORMAL -86 PTCLDY (SCALE 4-7) 7
TOTAL FM JUL 1 2410 CLOUDY (SCALE 8-10) 5
DPTR FM NORMAL -331
[CDD (BASE 65) ]
TOTAL THIS MO. 1
DPTR FM NORMAL 1 [PRESSURE DATA]
TOTAL FM JAN 1 2 HIGHEST SLP M ON M
DPTR FM NORMAL 1 LOWEST SLP 29.70 ON 23
[REMARKS]