000
CXUS56 KPDT 011910
CF6PDT
PRELIMINARY LOCAL CLIMATOLOGICAL DATA (WS FORM: F-6)
STATION: PENDLETON OR
MONTH: OCTOBER
YEAR: 2020
LATITUDE: 45 40 N
LONGITUDE: 118 51 W
TEMPERATURE IN F: :PCPN: SNOW: WIND :SUNSHINE: SKY :PK WND
================================================================================
1 2 3 4 5 6A 6B 7 8 9 10 11 12 13 14 15 16 17 18
12Z AVG MX 2MIN
DY MAX MIN AVG DEP HDD CDD WTR SNW DPTH SPD SPD DIR MIN PSBL S-S WX SPD DR
================================================================================
1 84 50 67 9 0 2 0.00 0.0 0 6.5 13 40 M M 0 8 16 90
2 84 48 66 9 0 1 0.00 0.0 0 5.6 12 70 M M 0 8 16 340
3 82 50 66 9 0 1 0.00 0.0 0 6.7 14 290 M M 0 8 19 310
4 83 55 69 13 0 4 0.00 0.0 0 10.1 23 270 M M 0 8 38 250
5 79 48 64 8 1 0 0.00 0.0 0 5.9 13 150 M M 0 17 270
6 87 51 69 13 0 4 0.00 0.0 0 6.9 13 150 M M 0 8 16 150
7 81 50 66 11 0 1 0.00 0.0 0 6.1 12 150 M M 0 16 160
8 81 48 65 10 0 0 0.00 0.0 0 11.2 24 290 M M 0 8 30 290
9 79 51 65 11 0 0 0.00 0.0 0 6.0 13 280 M M 0 8 17 300
10 61 48 55 1 10 0 0.31 0.0 0 13.6 33 240 M M 5 1 48 250
11 66 47 57 3 8 0 0.08 0.0 0 13.4 31 240 M M 9 46 230
12 66 45 56 3 9 0 T 0.0 0 16.8 35 250 M M 3 8 45 250
13 69 45 57 4 8 0 0.05 0.0 0 17.1 35 250 M M 5 1 47 220
14 63 46 55 3 10 0 0.00 0.0 0 17.9 32 270 M M 2 8 42 270
15 60 38 49 -3 16 0 0.00 0.0 0 5.2 13 140 M M 0 8 20 260
16 76 41 59 7 6 0 0.00 0.0 0 19.0 37 270 M M 2 8 46 270
17 66 55 61 10 4 0 0.00 0.0 0 18.7 31 270 M M 3 41 280
18 72 53 63 12 2 0 T 0.0 0 17.0 31 280 M M 6 41 280
19 67 50 59 8 6 0 0.00 0.0 0 18.0 32 270 M M 0 8 40 270
20 59 47 53 3 12 0 0.00 0.0 0 8.5 21 270 M M 5 25 260
21 58 35 47 -3 18 0 0.16 0.0 0 13.1 30 260 M M 6 8 39 330
22 51 27 39 -11 26 0 0.00 0.0 0 5.1 14 70 M M 0 15 140
23 47 26 37 -12 28 0 0.34 T 0 7.0 21 20 M M 6 1 27 20
24 40 27 34 -15 31 0 0.07 T 0 9.1 18 350 M M 8 1 21 10
25 33 19 26 -23 39 0 0.00 0.0 0 5.6 12 310 M M 2 14 290
26 42 20 31 -17 34 0 0.00 0.0 0 3.6 12 320 M M 3 15 320
27 55 24 40 -8 25 0 0.00 0.0 0 4.5 10 130 M M 0 12 330
28 68 33 51 3 14 0 0.00 0.0 0 5.5 13 150 M M 0 8 14 150
29 74 45 60 13 5 0 0.00 0.0 0 7.0 12 160 M M 0 8 13 130
30 63 43 53 6 12 0 0.00 0.0 0 16.2 35 270 M M 1 8 44 270
31 58 33 46 -1 19 0 0.00 0.0 0 6.7 12 60 M M 0 13 30
================================================================================
SM 2054 1298 343 13 1.01 T 313.6 M 66
================================================================================
AV 66.3 41.9 10.1 FASTST M M 2 MAX(MPH)
MISC ----> 37 270 48 250
================================================================================
NOTES:
# LAST OF SEVERAL OCCURRENCES
COLUMN 17 PEAK WIND IN M.P.H.
PRELIMINARY LOCAL CLIMATOLOGICAL DATA (WS FORM: F-6) , PAGE 2
STATION: PENDLETON OR
MONTH: OCTOBER
YEAR: 2020
LATITUDE: 45 40 N
LONGITUDE: 118 51 W
[TEMPERATURE DATA] [PRECIPITATION DATA] SYMBOLS USED IN COLUMN 16
AVERAGE MONTHLY: 54.1 TOTAL FOR MONTH: 1.01 1 = FOG OR MIST
DPTR FM NORMAL: 2.2 DPTR FM NORMAL: 0.00 2 = FOG REDUCING VISIBILITY
HIGHEST: 87 ON 6 GRTST 24HR 0.41 ON 23-24 TO 1/4 MILE OR LESS
LOWEST: 19 ON 25 3 = THUNDER
SNOW, ICE PELLETS, HAIL 4 = ICE PELLETS
TOTAL MONTH: T 5 = HAIL
GRTST 24HR T ON 23-23 6 = FREEZING RAIN OR DRIZZLE
GRTST DEPTH: 0 7 = DUSTSTORM OR SANDSTORM:
VSBY 1/2 MILE OR LESS
8 = SMOKE OR HAZE
[NO. OF DAYS WITH] [WEATHER - DAYS WITH] 9 = BLOWING SNOW
X = TORNADO
MAX 32 OR BELOW: 0 0.01 INCH OR MORE: 6
MAX 90 OR ABOVE: 0 0.10 INCH OR MORE: 3
MIN 32 OR BELOW: 6 0.50 INCH OR MORE: 0
MIN 0 OR BELOW: 0 1.00 INCH OR MORE: 0
[HDD (BASE 65) ]
TOTAL THIS MO. 343 CLEAR (SCALE 0-3) 21
DPTR FM NORMAL -65 PTCLDY (SCALE 4-7) 9
TOTAL FM JUL 1 391 CLOUDY (SCALE 8-10) 1
DPTR FM NORMAL -150
[CDD (BASE 65) ]
TOTAL THIS MO. 13
DPTR FM NORMAL 11 [PRESSURE DATA]
TOTAL FM JAN 1 751 HIGHEST SLP 30.62 ON 25
DPTR FM NORMAL 115 LOWEST SLP 29.58 ON 10
[REMARKS]
#FINAL-10-20#