000
CXUS52 KTBW 011014
CF6PGD
PRELIMINARY LOCAL CLIMATOLOGICAL DATA (WS FORM: F-6)
STATION: PUNTA GORDA
MONTH: SEPTEMBER
YEAR: 2023
LATITUDE: 26 55 N
LONGITUDE: 82 0 W
TEMPERATURE IN F: :PCPN: SNOW: WIND :SUNSHINE: SKY :PK WND
================================================================================
1 2 3 4 5 6A 6B 7 8 9 10 11 12 13 14 15 16 17 18
12Z AVG MX 2MIN
DY MAX MIN AVG DEP HDD CDD WTR SNW DPTH SPD SPD DIR MIN PSBL S-S WX SPD DR
================================================================================
1 96 78 87 4 0 22 0.00 0.0 0 5.0 21 50 M M 2 13 28 50
2 93 76 85 2 0 20 0.00 0.0 0 8.9 20 70 M M 3 26 70
3 93 73 83 0 0 18 0.00 0.0 0 9.7 18 70 M M 2 25 60
4 93 73 83 0 0 18 0.00 0.0 0 8.7 17 90 M M 2 23 80
5 95 74 85 2 0 20 0.00 0.0 0 6.4 12 120 M M 3 18 80
6 95 75 85 2 0 20 0.00 0.0 0 4.0 13 270 M M 2 16 60
7 95 74 85 2 0 20 0.00 0.0 0 3.8 16 290 M M 2 3 21 270
8 89 73 81 -2 0 16 0.22 0.0 0 6.3 22 330 M M 3 138 32 320
9 94 71 83 0 0 18 0.00 0.0 0 4.2 17 310 M M 1 21 300
10 93 75 84 2 0 19 0.00 0.0 0 5.5 13 240 M M 1 1 19 260
11 97 75 86 4 0 21 0.00 0.0 0 4.3 15 100 M M 1 3 20 50
12 95 75 85 3 0 20 0.08 0.0 0 4.5 25 40 M M 3 3 38 40
13 97 77 87 5 0 22 0.00 0.0 0 4.7 17 300 M M 1 1 21 290
14 96 76 86 4 0 21 0.00 0.0 0 6.0 17 280 M M 1 24 300
15 96 75 86 4 0 21 0.00 0.0 0 5.0 16 310 M M 1 13 22 320
16 97 75 86 4 0 21 0.00 0.0 0 5.8 16 250 M M 3 3 19 300
17 95 76 86 4 0 21 0.00 0.0 0 6.5 17 270 M M 1 13 23 270
18 94 76 85 3 0 20 0.08 0.0 0 3.5 22 10 M M 5 13 30 360
19 92 76 84 2 0 19 0.24 0.0 0 7.6 24 70 M M 3 13 35 40
20 94 73 84 2 0 19 0.85 0.0 0 8.0 26 190 M M 4 13 37 180
21 91 72 82 0 0 17 0.08 0.0 0 4.6 14 320 M M 3 13 18 310
22 92 72 82 0 0 17 0.00 0.0 0 7.2 15 40 M M 1 21 60
23 91 70 81 -1 0 16 0.00 0.0 0 6.0 13 30 M M 1 17 60
24 92 71 82 1 0 17 1.13 0.0 0 6.3 29 170 M M 3 123 34 170
25 91 73 82 1 0 17 1.53 0.0 0 8.0 33 160 M M 3 123 45 160
26 88 75 82 1 0 17 0.00 0.0 0 5.6 12 240 M M 1 15 270
27 88 76 82 1 0 17 0.35 0.0 0 4.6 13 30 M M 7 1 16 170
28 92 75 84 3 0 19 0.57 0.0 0 4.7 22 110 M M 4 13 27 100
29 91 77 84 3 0 19 0.00 0.0 0 5.5 21 100 M M 4 1 28 100
30 93 76 85 4 0 20 2.26 0.0 0 5.8 21 240 M M 5 13 26 240
================================================================================
SM 2798 2233 0 572 7.39 0.0 176.7 M 76
================================================================================
AV 93.3 74.4 5.9 FASTST M M 3 MAX(MPH)
MISC ----> 33 160 45 160
================================================================================
NOTES:
# LAST OF SEVERAL OCCURRENCES
COLUMN 17 PEAK WIND IN M.P.H.
PRELIMINARY LOCAL CLIMATOLOGICAL DATA (WS FORM: F-6) , PAGE 2
STATION: PUNTA GORDA
MONTH: SEPTEMBER
YEAR: 2023
LATITUDE: 26 55 N
LONGITUDE: 82 0 W
[TEMPERATURE DATA] [PRECIPITATION DATA] SYMBOLS USED IN COLUMN 16
AVERAGE MONTHLY: 83.9 TOTAL FOR MONTH: 7.39 1 = FOG OR MIST
DPTR FM NORMAL: 1.8 DPTR FM NORMAL: 0.52 2 = FOG REDUCING VISIBILITY
HIGHEST: 97 ON 16,13 GRTST 24HR 2.26 ON 30-30 TO 1/4 MILE OR LESS
LOWEST: 70 ON 23 3 = THUNDER
SNOW, ICE PELLETS, HAIL 4 = ICE PELLETS
TOTAL MONTH: 0.0 INCH 5 = HAIL
GRTST 24HR 0.0 6 = FREEZING RAIN OR DRIZZLE
GRTST DEPTH: 0 7 = DUSTSTORM OR SANDSTORM:
VSBY 1/2 MILE OR LESS
8 = SMOKE OR HAZE
[NO. OF DAYS WITH] [WEATHER - DAYS WITH] 9 = BLOWING SNOW
X = TORNADO
MAX 32 OR BELOW: 0 0.01 INCH OR MORE: 11
MAX 90 OR ABOVE: 27 0.10 INCH OR MORE: 8
MIN 32 OR BELOW: 0 0.50 INCH OR MORE: 5
MIN 0 OR BELOW: 0 1.00 INCH OR MORE: 3
[HDD (BASE 65) ]
TOTAL THIS MO. 0 CLEAR (SCALE 0-3) 22
DPTR FM NORMAL 0 PTCLDY (SCALE 4-7) 8
TOTAL FM JUL 1 0 CLOUDY (SCALE 8-10) 0
DPTR FM NORMAL 0
[CDD (BASE 65) ]
TOTAL THIS MO. 572
DPTR FM NORMAL 61 [PRESSURE DATA]
TOTAL FM JAN 1 3728 HIGHEST SLP 30.10 ON 1
DPTR FM NORMAL 627 LOWEST SLP 29.84 ON 23
[REMARKS]
#FINAL-09-23#