000
CXUS53 KILX 011000
CF6PIA
PRELIMINARY LOCAL CLIMATOLOGICAL DATA (WS FORM: F-6)
STATION: PEORIA IL
MONTH: DECEMBER
YEAR: 2022
LATITUDE: 40 40 N
LONGITUDE: 89 41 W
TEMPERATURE IN F: :PCPN: SNOW: WIND :SUNSHINE: SKY :PK WND
================================================================================
1 2 3 4 5 6A 6B 7 8 9 10 11 12 13 14 15 16 17 18
12Z AVG MX 2MIN
DY MAX MIN AVG DEP HDD CDD WTR SNW DPTH SPD SPD DIR MIN PSBL S-S WX SPD DR
================================================================================
1 38 16 27 -9 38 0 0.00 0.0 0 9.7 22 170 M M 3 31 160
2 56 38 47 12 18 0 T 0.0 0 17.5 31 190 M M 8 45 200
3 50 20 35 0 30 0 0.00 0.0 0 10.0 30 310 M M 1 46 310
4 42 18 30 -4 35 0 0.00 0.0 0 8.4 16 200 M M 0 22 190
5 43 24 34 0 31 0 0.00 0.0 0 5.9 14 180 M M 6 18 190
6 47 36 42 8 23 0 0.00 0.0 0 4.6 13 90 M M 9 1 16 70
7 44 36 40 7 25 0 0.00 0.0 0 2.9 8 40 M M 9 1 12 10
8 46 34 40 7 25 0 T 0.0 0 10.5 17 80 M M 9 18 25 80
9 47 39 43 10 22 0 0.60 0.0 0 6.7 14 270 M M 10 1 20 270
10 43 39 41 9 24 0 0.00 0.0 0 3.8 12 290 M M 10 12 17 300
11 39 34 37 5 28 0 0.00 0.0 0 5.2 12 350 M M 10 17 340
12 40 34 37 5 28 0 0.00 0.0 0 7.8 14 100 M M 8 20 150
13 43 33 38 6 27 0 0.74 0.0 0 14.7 24 90 M M 5 1 35 80
14 54 34 44 13 21 0 1.14 0.7 0 9.0 21 280 M M 10 1 38 300
15 36 31 34 3 31 0 0.02 0.4 T 12.9 23 240 M M 10 1 32 230
16 32 28 30 -1 35 0 T T T 14.5 22 240 M M 10 30 260
17 28 19 24 -6 41 0 T 0.3 T 13.3 20 290 M M 10 30 310
18 27 13 20 -10 45 0 T T T 8.4 16 270 M M 2 25 290
19 31 15 23 -7 42 0 0.00 0.0 0 3.5 9 100 M M 5 12 150
20 37 17 27 -3 38 0 0.00 0.0 0 3.8 12 350 M M 8 17 350
21 33 13 23 -6 42 0 0.00 0.0 0 5.7 12 120 M M 10 16 130
22 33 -9 12 -17 53 0 0.16 1.7 0 13.0 26 300 M M 10 18 42 310
23 0 -9 -4 -33 69 0 0.01 T 2 20.0 31 270 M M 10 89 47 290
24 15 0 8 -21 57 0 0.00 0.0 2 16.3 24 290 M M 4 89 36 290
25 19 3 11 -17 54 0 0.01 0.1 1 10.4 18 270 M M 2 27 290
26 22 9 16 -12 49 0 0.04 0.8 2 6.3 14 360 M M 9 18 22 10
27 25 4 15 -13 50 0 0.00 0.0 2 12.0 24 170 M M 0 32 160
28 48 25 37 9 28 0 0.00 0.0 2 16.2 28 180 M M 0 39 180
29 65 42 54 26 11 0 0.00 0.0 0 17.0 25 190 M M 4 35 180
30 57 27 42 15 23 0 0.00 0.0 0 5.8 16 270 M M 3 18 25 240
31 43 25 34 7 31 0 0.00 0.0 0 4.9 16 180 M M 5 1 21 170
================================================================================
SM 1183 688 1074 0 2.72 4.0 300.7 M 200
================================================================================
AV 38.2 22.2 9.7 FASTST M M 6 MAX(MPH)
MISC ----> # 31 190 47 290
================================================================================
NOTES:
# LAST OF SEVERAL OCCURRENCES
COLUMN 17 PEAK WIND IN M.P.H.
PRELIMINARY LOCAL CLIMATOLOGICAL DATA (WS FORM: F-6) , PAGE 2
STATION: PEORIA IL
MONTH: DECEMBER
YEAR: 2022
LATITUDE: 40 40 N
LONGITUDE: 89 41 W
[TEMPERATURE DATA] [PRECIPITATION DATA] SYMBOLS USED IN COLUMN 16
AVERAGE MONTHLY: 30.2 TOTAL FOR MONTH: 2.72 1 = FOG OR MIST
DPTR FM NORMAL: -0.7 DPTR FM NORMAL: 0.51 2 = FOG REDUCING VISIBILITY
HIGHEST: 65 ON 29 GRTST 24HR 1.33 ON 13-14 TO 1/4 MILE OR LESS
LOWEST: -9 ON 23,22 3 = THUNDER
SNOW, ICE PELLETS, HAIL 4 = ICE PELLETS
TOTAL MONTH: 4.0 INCHES 5 = HAIL
GRTST 24HR 1.7 ON 22-22 6 = FREEZING RAIN OR DRIZZLE
GRTST DEPTH: 2 ON 28,27 7 = DUSTSTORM OR SANDSTORM:
VSBY 1/2 MILE OR LESS
8 = SMOKE OR HAZE
[NO. OF DAYS WITH] [WEATHER - DAYS WITH] 9 = BLOWING SNOW
X = TORNADO
MAX 32 OR BELOW: 9 0.01 INCH OR MORE: 8
MAX 90 OR ABOVE: 0 0.10 INCH OR MORE: 4
MIN 32 OR BELOW: 20 0.50 INCH OR MORE: 3
MIN 0 OR BELOW: 3 1.00 INCH OR MORE: 1
[HDD (BASE 65) ]
TOTAL THIS MO. 1074 CLEAR (SCALE 0-3) 6
DPTR FM NORMAL 16 PTCLDY (SCALE 4-7) 10
TOTAL FM JUL 1 2137 CLOUDY (SCALE 8-10) 15
DPTR FM NORMAL -23
[CDD (BASE 65) ]
TOTAL THIS MO. 0
DPTR FM NORMAL 0 [PRESSURE DATA]
TOTAL FM JAN 1 1334 HIGHEST SLP 30.55 ON 20
DPTR FM NORMAL 177 LOWEST SLP 29.51 ON 15
[REMARKS]
#FINAL-12-22#