000
CXUS53 KILX 041238
CF6PIA
PRELIMINARY LOCAL CLIMATOLOGICAL DATA (WS FORM: F-6)
STATION: PEORIA IL
MONTH: FEBRUARY
YEAR: 2021
LATITUDE: 40 40 N
LONGITUDE: 89 41 W
TEMPERATURE IN F: :PCPN: SNOW: WIND :SUNSHINE: SKY :PK WND
================================================================================
1 2 3 4 5 6A 6B 7 8 9 10 11 12 13 14 15 16 17 18
12Z AVG MX 2MIN
DY MAX MIN AVG DEP HDD CDD WTR SNW DPTH SPD SPD DIR MIN PSBL S-S WX SPD DR
================================================================================
1 35 27 31 5 34 0 T T 3 8.6 16 360 M M 8 8 28 360
2 29 22 26 0 39 0 0.00 0.0 2 5.0 9 10 M M 8 1 14 360
3 35 17 26 0 39 0 0.00 0.0 2 6.5 18 170 M M 3 18 26 170
4 38 18 28 2 37 0 0.44 0.5 2 16.7 30 280 M M 8 148 45 270
5 23 14 19 -8 46 0 T T 2 13.1 24 270 M M 3 35 280
6 19 1 10 -17 55 0 0.12 1.8 2 6.5 12 300 M M 5 18 18 320
7 4 -8 -2 -29 67 0 0.01 0.3 4 4.8 9 310 M M 6 8 17 290
8 11 2 7 -20 58 0 0.04 2.0 5 5.8 12 90 M M 10 18 19 10
9 11 4 8 -20 57 0 T T 5 5.9 10 360 M M 8 17 10
10 13 5 9 -19 56 0 0.03 0.7 5 6.9 13 60 M M 10 8 20 20
11 18 6 12 -16 53 0 T T 6 8.5 20 50 M M 7 8 26 50
12 10 4 7 -21 58 0 T T 6 9.1 15 340 M M 5 8 23 360
13 6 -4 1 -28 64 0 0.05 1.7 8 8.4 14 340 M M 7 8 23 320
14 1 -6 -2 -31 67 0 0.04 0.4 7 8.9 16 10 M M 7 8 25 360
15 3 -2 1 -28 64 0 0.42 5.4 8 9.3 15 350 M M 10 8 25 340
16 13 -4 5 -25 60 0 0.02 0.3 10 5.5 14 350 M M 3 8 22 360
17 19 -6 7 -23 58 0 0.02 0.5 10 2.9 10 70 M M 5 18 13 60
18 23 9 16 -14 49 0 0.01 1.1 11 5.1 13 300 M M 5 1 17 290
19 24 -2 11 -20 54 0 T T 10 4.1 15 230 M M 6 18 21 260
20 32 16 24 -7 41 0 T T 9 6.0 15 190 M M 5 18 18 150
21 39 21 30 -1 35 0 0.06 T 9 12.9 26 250 M M 5 18 39 240
22 43 28 36 4 29 0 0.00 0.0 8 13.2 23 210 M M 5 18 35 290
23 51 36 44 12 21 0 0.00 0.0 5 9.5 17 180 M M 1 25 180
24 47 31 39 7 26 0 0.00 0.0 2 7.9 18 310 M M 1 30 320
25 45 25 35 2 30 0 0.00 0.0 0 3.1 9 250 M M 0 18 13 40
26 48 25 37 4 28 0 0.04 0.0 0 7.3 20 150 M M 4 1 26 160
27 58 30 44 10 21 0 0.00 0.0 0 7.2 16 130 M M 1 12 22 120
28 53 31 42 8 23 0 0.05 0.0 0 10.6 23 300 M M 7 13 36 300
================================================================================
SM 751 340 1269 0 1.35 14.7 219.3 M 153
================================================================================
AV 26.8 12.1 7.8 FASTST M M 5 MAX(MPH)
MISC ----> 30 280 45 270
================================================================================
NOTES:
# LAST OF SEVERAL OCCURRENCES
COLUMN 17 PEAK WIND IN M.P.H.
PRELIMINARY LOCAL CLIMATOLOGICAL DATA (WS FORM: F-6) , PAGE 2
STATION: PEORIA IL
MONTH: FEBRUARY
YEAR: 2021
LATITUDE: 40 40 N
LONGITUDE: 89 41 W
[TEMPERATURE DATA] [PRECIPITATION DATA] SYMBOLS USED IN COLUMN 16
AVERAGE MONTHLY: 19.5 TOTAL FOR MONTH: 1.35 1 = FOG OR MIST
DPTR FM NORMAL: -10.0 DPTR FM NORMAL: -0.44 2 = FOG REDUCING VISIBILITY
HIGHEST: 58 ON 27 GRTST 24HR 0.47 ON 15-16 TO 1/4 MILE OR LESS
LOWEST: -8 ON 7 3 = THUNDER
SNOW, ICE PELLETS, HAIL 4 = ICE PELLETS
TOTAL MONTH: 17.1 INCHES 5 = HAIL
GRTST 24HR 5.4 ON 15-15 6 = FREEZING RAIN OR DRIZZLE
GRTST DEPTH: 11 ON 18 7 = DUSTSTORM OR SANDSTORM:
VSBY 1/2 MILE OR LESS
8 = SMOKE OR HAZE
[NO. OF DAYS WITH] [WEATHER - DAYS WITH] 9 = BLOWING SNOW
X = TORNADO
MAX 32 OR BELOW: 17 0.01 INCH OR MORE: 14
MAX 90 OR ABOVE: 0 0.10 INCH OR MORE: 3
MIN 32 OR BELOW: 27 0.50 INCH OR MORE: 0
MIN 0 OR BELOW: 7 1.00 INCH OR MORE: 0
[HDD (BASE 65) ]
TOTAL THIS MO. 1269 CLEAR (SCALE 0-3) 5
DPTR FM NORMAL 274 PTCLDY (SCALE 4-7) 20
TOTAL FM JUL 1 4441 CLOUDY (SCALE 8-10) 3
DPTR FM NORMAL -75
[CDD (BASE 65) ]
TOTAL THIS MO. 0
DPTR FM NORMAL 0 [PRESSURE DATA]
TOTAL FM JAN 1 0 HIGHEST SLP 30.63 ON 14
DPTR FM NORMAL 0 LOWEST SLP 29.39 ON 4
[REMARKS]
#FINAL-02-21#