000
CXUS53 KABR 011100
CF6PIR
PRELIMINARY LOCAL CLIMATOLOGICAL DATA (WS FORM: F-6)
STATION: PIERRE SD
MONTH: OCTOBER
YEAR: 2021
LATITUDE: 44 22 N
LONGITUDE: 100 17 W
TEMPERATURE IN F: :PCPN: SNOW: WIND :SUNSHINE: SKY :PK WND
================================================================================
1 2 3 4 5 6A 6B 7 8 9 10 11 12 13 14 15 16 17 18
12Z AVG MX 2MIN
DY MAX MIN AVG DEP HDD CDD WTR SNW DPTH SPD SPD DIR MIN PSBL S-S WX SPD DR
================================================================================
1 64 55 60 4 5 0 0.12 0.0 0 9.0 14 350 M M 9 1 17 350
2 77 49 63 7 2 0 0.00 0.0 0 5.8 17 10 M M 3 12 21 20
3 79 43 61 6 4 0 0.00 0.0 0 4.7 9 120 M M 0 8 14 120
4 86 45 66 11 0 1 0.00 0.0 0 5.6 20 180 M M 0 27 180
5 86 52 69 15 0 4 0.00 0.0 0 13.0 25 160 M M 0 32 170
6 81 52 67 13 0 2 0.00 0.0 0 15.1 29 170 M M 0 40 130
7 82 56 69 16 0 4 0.00 0.0 0 11.0 21 150 M M 0 29 140
8 76 50 63 10 2 0 0.00 0.0 0 5.8 12 280 M M 1 18 15 280
9 64 52 58 6 7 0 0.70 0.0 0 10.9 26 310 M M 7 13 35 300
10 70 47 59 7 6 0 0.01 0.0 0 17.3 31 310 M M 5 1 42 330
11 69 43 56 5 9 0 0.00 0.0 0 11.4 18 350 M M 0 25 350
12 56 38 47 -3 18 0 0.10 0.0 0 16.3 32 80 M M 5 42 90
13 60 39 50 0 15 0 0.37 0.0 0 23.5 45 290 M M 10 13 57 290
14 58 35 47 -2 18 0 0.00 0.0 0 15.1 26 290 M M 4 36 280
15 58 35 47 -2 18 0 0.00 0.0 0 14.9 30 300 M M 1 38 300
16 67 35 51 3 14 0 0.00 0.0 0 9.5 18 300 M M 0 23 280
17 72 35 54 6 11 0 0.00 0.0 0 5.5 17 210 M M 0 25 210
18 81 41 61 14 4 0 0.00 0.0 0 10.4 22 170 M M 0 29 210
19 58 38 48 1 17 0 T 0.0 0 15.6 28 30 M M 5 36 20
20 42 32 37 -9 28 0 0.49 0.0 0 16.1 26 350 M M 10 1 33 340
21 47 27 37 -9 28 0 0.00 0.0 0 5.4 12 330 M M 2 15 350
22 56 34 45 0 20 0 T 0.0 0 6.8 13 90 M M 3 17 110
23 53 32 43 -2 22 0 T 0.0 0 16.8 28 140 M M 4 35 110
24 48 41 45 1 20 0 T 0.0 0 10.2 20 110 M M 10 18 26 120
25 49 41 45 1 20 0 0.00 0.0 0 19.8 33 160 M M 9 45 140
26 50 46 48 5 17 0 0.29 0.0 0 16.6 28 140 M M 10 13 37 130
27 62 40 51 8 14 0 0.01 0.0 0 15.6 23 320 M M 5 1 34 330
28 60 37 49 7 16 0 0.00 0.0 0 19.1 35 320 M M 0 44 320
29 65 32 49 7 16 0 0.00 0.0 0 8.7 16 140 M M 0 22 150
30 55 34 45 4 20 0 0.00 0.0 0 15.6 33 320 M M 4 44 340
31 47 25 36 -5 29 0 0.00 0.0 0 12.5 21 310 M M 2 28 310
================================================================================
SM 1978 1261 400 11 2.09 0.0 383.6 M 109
================================================================================
AV 63.8 40.7 12.4 FASTST M M 4 MAX(MPH)
MISC ----> 45 290 57 290
================================================================================
NOTES:
# LAST OF SEVERAL OCCURRENCES
COLUMN 17 PEAK WIND IN M.P.H.
PRELIMINARY LOCAL CLIMATOLOGICAL DATA (WS FORM: F-6) , PAGE 2
STATION: PIERRE SD
MONTH: OCTOBER
YEAR: 2021
LATITUDE: 44 22 N
LONGITUDE: 100 17 W
[TEMPERATURE DATA] [PRECIPITATION DATA] SYMBOLS USED IN COLUMN 16
AVERAGE MONTHLY: 52.2 TOTAL FOR MONTH: 2.09 1 = FOG OR MIST
DPTR FM NORMAL: 3.7 DPTR FM NORMAL: 0.40 2 = FOG REDUCING VISIBILITY
HIGHEST: 86 ON 5, 4 GRTST 24HR 0.70 ON 9- 9 TO 1/4 MILE OR LESS
LOWEST: 25 ON 31 3 = THUNDER
SNOW, ICE PELLETS, HAIL 4 = ICE PELLETS
TOTAL MONTH: 0.0 INCH 5 = HAIL
GRTST 24HR 0.0 6 = FREEZING RAIN OR DRIZZLE
GRTST DEPTH: 0 7 = DUSTSTORM OR SANDSTORM:
VSBY 1/2 MILE OR LESS
8 = SMOKE OR HAZE
[NO. OF DAYS WITH] [WEATHER - DAYS WITH] 9 = BLOWING SNOW
X = TORNADO
MAX 32 OR BELOW: 0 0.01 INCH OR MORE: 8
MAX 90 OR ABOVE: 0 0.10 INCH OR MORE: 6
MIN 32 OR BELOW: 5 0.50 INCH OR MORE: 1
MIN 0 OR BELOW: 0 1.00 INCH OR MORE: 0
[HDD (BASE 65) ]
TOTAL THIS MO. 400 CLEAR (SCALE 0-3) 17
DPTR FM NORMAL -119 PTCLDY (SCALE 4-7) 8
TOTAL FM JUL 1 442 CLOUDY (SCALE 8-10) 6
DPTR FM NORMAL -232
[CDD (BASE 65) ]
TOTAL THIS MO. 11
DPTR FM NORMAL 5 [PRESSURE DATA]
TOTAL FM JAN 1 1179 HIGHEST SLP 30.38 ON 31
DPTR FM NORMAL 343 LOWEST SLP 29.18 ON 13
[REMARKS]
#FINAL-10-21#