000
CXUS53 KABR 041324
CLAPIR
CLIMATE REPORT
NATIONAL WEATHER SERVICE ABERDEEN SD
724 AM CST WED JAN 04 2023
...................................
...THE PIERRE SD CLIMATE SUMMARY FOR THE YEAR OF 2022...
CLIMATE NORMAL PERIOD 1991 TO 2020
CLIMATE RECORD PERIOD 1892 TO 2023
WEATHER OBSERVED NORMAL DEPART LAST YEAR`S
VALUE DATE(S) VALUE FROM VALUE DATE(S)
NORMAL
................................................................
TEMPERATURE (F)
RECORD
HIGH 117 07/15/2006
LOW -35 02/09/1994
HIGHEST 109 08/05 MM MM 108 07/27
LOWEST -18 02/23 MM MM -24 02/14
AVG. MAXIMUM 60.1 58.9 1.2 62.7
AVG. MINIMUM 33.4 35.2 -1.8 36.9
MEAN 46.8 47.0 -0.2 49.8
DAYS MAX >= 90 42 37.7 4.3 58
DAYS MAX <= 32 58 56.6 1.4 40
DAYS MIN <= 32 180 164.4 15.6 161
DAYS MIN <= 0 34 20.9 13.1 18
PRECIPITATION (INCHES)
RECORD
MAXIMUM 31.24 1997
MINIMUM 6.89 1976
TOTALS 20.58 20.20 0.38 14.13
DAILY AVG. 0.06 0.06 0.00 0.04
DAYS >= .01 78 89.5 -11.5 70
DAYS >= .10 35 43.3 -8.3 36
DAYS >= .50 11 11.4 -0.4 9
DAYS >= 1.00 5 3.6 1.4 1
SNOWFALL (INCHES)
RECORDS
TOTAL 83.1 2019
TOTALS 28.9 37.2 -8.3 15.4
LIQUID EQUIV 2.90 3.70 -0.80 1.50
SINCE 7/1 20.7 13.8 6.9 MM
LIQUID 7/1 2.07 1.30 0.77 MM
DAYS >= TRACE 56 26.0 30.0 46
DAYS >= 1.0 10 11.8 -1.8 5
DEGREE DAYS
HEATING TOTAL 7492 7348 144 6561
SINCE 7/1 3028 2910 118 MM
COOLING TOTAL 991 837 154 1179
SINCE 1/1 991 836 155 MM
................................................................
WIND (MPH)
AVERAGE WIND SPEED 12.0
HIGHEST WIND SPEED/DIRECTION 53/200 DATE 07/03
HIGHEST GUST SPEED/DIRECTION 79/240 DATE 06/20
- INDICATES NEGATIVE NUMBERS.
R INDICATES RECORD WAS SET OR TIED.
MM INDICATES DATA IS MISSING.
T INDICATES TRACE AMOUNT.
$$