000
CXUS56 KLOX 011255
CF6PMD
PRELIMINARY LOCAL CLIMATOLOGICAL DATA (WS FORM: F-6)
STATION: PALMDALE AIRPORT CA
MONTH: NOVEMBER
YEAR: 2022
LATITUDE: 34 37 N
LONGITUDE: 118 5 W
TEMPERATURE IN F: :PCPN: SNOW: WIND :SUNSHINE: SKY :PK WND
================================================================================
1 2 3 4 5 6A 6B 7 8 9 10 11 12 13 14 15 16 17 18
12Z AVG MX 2MIN
DY MAX MIN AVG DEP HDD CDD WTR SNW DPTH SPD SPD DIR MIN PSBL S-S WX SPD DR
================================================================================
1 74 49 62 4 3 0 0.00 M M 13.3 28 220 M M 0 35 230
2 57 44 51 -7 14 0 0.01 M M 21.0 36 280 M M 4 42 280
3 53 34 44 -14 21 0 0.00 M M 13.1 30 290 M M 2 36 290
4 65 32 49 -8 16 0 0.00 M M 5.6 18 290 M M 0 22 290
5 74 37 56 -1 9 0 0.00 M M 14.3 35 280 M M 0 45 280
6 71 47 59 3 6 0 0.00 M M 14.2 33 210 M M 0 43 210
7 65 50 58 2 7 0 T M M 18.6 36 210 M M 4 45 200
8 60 44 52 -4 13 0 0.38 M M 20.0 47 210 M M 8 1 64 210
9 52 36 44 -11 21 0 0.02 M M 14.7 26 280 M M 1 33 210
10 57 31 44 -11 21 0 0.00 M M 5.9 15 40 M M 0 19 10
11 58 31 45 -9 20 0 0.00 M M 5.4 18 60 M M 0 26 20
12 65 29 47 -7 18 0 0.00 M M 9.0 24 280 M M 0 8 32 280
13 61 35 48 -6 17 0 0.00 M M 11.8 25 300 M M 0 8 33 300
14 61 32 47 -6 18 0 0.00 M M 4.2 9 20 M M 0 13 40
15 60 30 45 -8 20 0 0.00 M M 9.6 25 70 M M 0 37 80
16 61 36 49 -3 16 0 0.00 M M 12.7 25 70 M M 0 41 60
17 64 27 46 -6 19 0 0.00 M M 5.5 13 190 M M 0 15 30
18 62 28 45 -6 20 0 0.00 M M 5.4 15 80 M M 0 8 19 80
19 58 32 45 -6 20 0 0.00 M M 10.4 23 80 M M 0 30 60
20 61 25 43 -8 22 0 0.00 M M 4.1 10 180 M M 0 13 20
21 57 23 40 -10 25 0 0.00 M M M M M M M M M M
22 63 27 45 -5 20 0 0.00 M M M 10 190 M M 0 11 10
23 65 30 48 -1 17 0 0.00 M M 3.8 10 190 M M 0 12 320
24 66 31 49 0 16 0 0.00 M M 12.0 32 60 M M 0 39 70
25 64 28 46 -3 19 0 0.00 M M 4.7 13 200 M M 0 14 200
26 73 35 54 6 11 0 0.00 M M 9.6 28 290 M M 0 34 290
27 65 30 48 0 17 0 0.00 M M 3.9 14 250 M M 0 18 240
28 62 46 54 6 11 0 0.00 M M 14.9 35 280 M M 0 40 300
29 59 33 46 -1 19 0 0.00 M M 5.9 28 250 M M 0 36 240
30 58 29 44 -3 21 0 0.00 M M 3.4 14 250 M M 0 18 250
================================================================================
SM 1871 1021 497 0 0.41 M 277.0 M 19
================================================================================
AV 62.4 34.0 9.9 FASTST M M 1 MAX(MPH)
MISC ----> 47 210 64 210
================================================================================
NOTES:
# LAST OF SEVERAL OCCURRENCES
COLUMN 17 PEAK WIND IN M.P.H.
PRELIMINARY LOCAL CLIMATOLOGICAL DATA (WS FORM: F-6) , PAGE 2
STATION: PALMDALE AIRPORT CA
MONTH: NOVEMBER
YEAR: 2022
LATITUDE: 34 37 N
LONGITUDE: 118 5 W
[TEMPERATURE DATA] [PRECIPITATION DATA] SYMBOLS USED IN COLUMN 16
AVERAGE MONTHLY: 48.2 TOTAL FOR MONTH: 0.41 1 = FOG OR MIST
DPTR FM NORMAL: -4.3 DPTR FM NORMAL: 0.05 2 = FOG REDUCING VISIBILITY
HIGHEST: 74 ON 5, 1 GRTST 24HR 0.40 ON 8- 9 TO 1/4 MILE OR LESS
LOWEST: 23 ON 21 3 = THUNDER
SNOW, ICE PELLETS, HAIL 4 = ICE PELLETS
TOTAL MONTH: M 5 = HAIL
GRTST 24HR M ON M 6 = FREEZING RAIN OR DRIZZLE
GRTST DEPTH: M ON M 7 = DUSTSTORM OR SANDSTORM:
VSBY 1/2 MILE OR LESS
8 = SMOKE OR HAZE
[NO. OF DAYS WITH] [WEATHER - DAYS WITH] 9 = BLOWING SNOW
X = TORNADO
MAX 32 OR BELOW: 0 0.01 INCH OR MORE: 3
MAX 90 OR ABOVE: 0 0.10 INCH OR MORE: 1
MIN 32 OR BELOW: 17 0.50 INCH OR MORE: 0
MIN 0 OR BELOW: 0 1.00 INCH OR MORE: 0
[HDD (BASE 65) ]
TOTAL THIS MO. 497 CLEAR (SCALE 0-3) 26
DPTR FM NORMAL 120 PTCLDY (SCALE 4-7) 3
TOTAL FM JUL 1 572 CLOUDY (SCALE 8-10) 1
DPTR FM NORMAL 89
[CDD (BASE 65) ]
TOTAL THIS MO. 0
DPTR FM NORMAL -2 [PRESSURE DATA]
TOTAL FM JAN 1 2488 HIGHEST SLP 30.45 ON 16
DPTR FM NORMAL 544 LOWEST SLP 29.61 ON 8
[REMARKS]
#FINAL-11-22#