047
CXUS54 KOUN 010700
CF6PNC
PRELIMINARY LOCAL CLIMATOLOGICAL DATA (WS FORM: F-6)
STATION: PONCA CITY
MONTH: MAY
YEAR: 2020
LATITUDE: 36 44 N
LONGITUDE: 97 6 W
TEMPERATURE IN F: :PCPN: SNOW: WIND :SUNSHINE: SKY :PK WND
================================================================================
1 2 3 4 5 6A 6B 7 8 9 10 11 12 13 14 15 16 17 18
12Z AVG MX 2MIN
DY MAX MIN AVG DEP HDD CDD WTR SNW DPTH SPD SPD DIR MIN PSBL S-S WX SPD DR
================================================================================
1 90 63 77 14 0 12 0.00 0.0 M 13.2 23 150 M M 0 32 210
2 87 63 75 11 0 10 0.00 0.0 0 8.4 17 160 M M 1 22 140
3 81 64 73 9 0 8 T 0.0 0 10.6 28 30 M M 7 36 10
4 87 58 73 9 0 8 0.00 0.0 0 13.3 24 330 M M 4 33 330
5 77 52 65 1 0 0 0.00 0.0 0 10.2 21 350 M M 0 27 340
6 75 48 62 -3 3 0 0.00 0.0 0 7.4 18 30 M M 0 23 360
7 74 53 64 -1 1 0 0.19 0.0 0 14.2 31 360 M M 4 13 40 360
8 66 42 54 -11 11 0 0.04 0.0 0 13.3 32 10 M M 3 1 40 360
9 70 37 54 -12 11 0 0.00 0.0 0 3.4 12 140 M M 0 19 130
10 65 47 56 -10 9 0 0.00 0.0 0 9.1 21 10 M M 4 25 20
11 55 44 50 -16 15 0 0.19 0.0 0 11.6 20 90 M M 10 13 25 80
12 55 44 50 -16 15 0 0.21 0.0 0 12.0 20 80 M M 10 1 26 90
13 73 52 63 -4 2 0 0.15 0.0 0 12.2 30 160 M M 8 13 42 160
14 87 67 77 10 0 12 0.00 0.0 0 10.4 31 160 M M 2 37 160
15 76 61 69 2 0 4 0.10 0.0 0 13.1 31 120 M M 4 13 40 110
16 74 58 66 -2 0 1 0.00 0.0 0 4.2 12 10 M M 1 26 230
17 77 55 66 -2 0 1 0.00 0.0 0 9.7 22 350 M M 0 28 360
18 79 50 65 -3 0 0 0.00 0.0 0 5.0 14 10 M M 0 21 250
19 76 53 65 -3 0 0 0.00 0.0 0 7.3 15 60 M M 0 21 50
20 78 50 64 -5 1 0 0.00 0.0 0 9.6 18 80 M M 0 23 80
21 70 63 67 -2 0 2 0.02 0.0 0 11.5 23 130 M M 8 28 110
22 82 60 71 2 0 6 0.86 0.0 0 9.1 31 40 M M 4 13 37 40
23 87 63 75 5 0 10 0.00 0.0 0 11.0 21 160 M M 2 28 90
24 86 70 78 8 0 13 T 0.0 0 10.6 25 210 M M 4 34 210
25 74 63 69 -1 0 4 0.35 0.0 0 6.5 17 100 M M 7 1 24 100
26 73 60 67 -3 0 2 0.00 0.0 0 7.0 16 350 M M 9 20 350
27 78 56 67 -4 0 2 0.00 0.0 0 4.0 12 360 M M 5 1 14 360
28 77 59 68 -3 0 3 0.63 0.0 0 4.3 33 20 M M 8 138 39 20
29 82 57 70 -1 0 5 0.00 0.0 0 5.4 15 20 M M 0 1 20 20
30 84 57 71 -1 0 6 0.00 0.0 0 7.5 20 160 M M 0 24 130
31 85 63 74 2 0 9 0.00 0.0 0 10.4 18 160 M M 0 23 160
================================================================================
SM 2380 1732 68 118 2.74 0.0 285.5 M 105
================================================================================
AV 76.8 55.9 9.2 FASTST M M 3 MAX(MPH)
MISC ----> # 33 20 # 42 160
================================================================================
NOTES:
# LAST OF SEVERAL OCCURRENCES
COLUMN 17 PEAK WIND IN M.P.H.
PRELIMINARY LOCAL CLIMATOLOGICAL DATA (WS FORM: F-6) , PAGE 2
STATION: PONCA CITY
MONTH: MAY
YEAR: 2020
LATITUDE: 36 44 N
LONGITUDE: 97 6 W
[TEMPERATURE DATA] [PRECIPITATION DATA] SYMBOLS USED IN COLUMN 16
AVERAGE MONTHLY: 66.3 TOTAL FOR MONTH: 2.74 1 = FOG OR MIST
DPTR FM NORMAL: -1.3 DPTR FM NORMAL: -2.07 2 = FOG REDUCING VISIBILITY
HIGHEST: 90 ON 1 GRTST 24HR 0.86 ON 22-22 TO 1/4 MILE OR LESS
LOWEST: 37 ON 9 3 = THUNDER
SNOW, ICE PELLETS, HAIL 4 = ICE PELLETS
TOTAL MONTH: 0.0 INCH 5 = HAIL
GRTST 24HR 0.0 6 = FREEZING RAIN OR DRIZZLE
GRTST DEPTH: 0 7 = DUSTSTORM OR SANDSTORM:
VSBY 1/2 MILE OR LESS
8 = SMOKE OR HAZE
[NO. OF DAYS WITH] [WEATHER - DAYS WITH] 9 = BLOWING SNOW
X = TORNADO
MAX 32 OR BELOW: 0 0.01 INCH OR MORE: 10
MAX 90 OR ABOVE: 1 0.10 INCH OR MORE: 8
MIN 32 OR BELOW: 0 0.50 INCH OR MORE: 2
MIN 0 OR BELOW: 0 1.00 INCH OR MORE: 0
[HDD (BASE 65) ]
TOTAL THIS MO. 68 CLEAR (SCALE 0-3) 15
DPTR FM NORMAL 9 PTCLDY (SCALE 4-7) 10
TOTAL FM JUL 1 3567 CLOUDY (SCALE 8-10) 6
DPTR FM NORMAL -526
[CDD (BASE 65) ]
TOTAL THIS MO. 118
DPTR FM NORMAL -24 [PRESSURE DATA]
TOTAL FM JAN 1 162 HIGHEST SLP M ON M
DPTR FM NORMAL -27 LOWEST SLP 28.77 ON 31
[REMARKS]
#FINAL-05-20#