000
CXUS53 KPAH 180730
CF6POF
PRELIMINARY LOCAL CLIMATOLOGICAL DATA (WS FORM: F-6)
STATION: POPLAR BLUFF MO
MONTH: APRIL
YEAR: 2024
LATITUDE: 36 46 N
LONGITUDE: 90 19 W
TEMPERATURE IN F: :PCPN: SNOW: WIND :SUNSHINE: SKY :PK WND
================================================================================
1 2 3 4 5 6A 6B 7 8 9 10 11 12 13 14 15 16 17 18
12Z AVG MX 2MIN
DY MAX MIN AVG DEP HDD CDD WTR SNW DPTH SPD SPD DIR MIN PSBL S-S WX SPD DR
================================================================================
1 77 68 73 19 0 8 0.00 M M 11.3 20 200 M M 9 27 210
2 79 45 62 8 3 0 T M M 12.8 26 290 M M 7 39 290
3 55 42 49 -6 16 0 T M M 13.7 29 320 M M 6 45 290
4 62 42 52 -3 13 0 0.00 M M 11.6 25 330 M M 1 36 340
5 62 34 48 -8 17 0 0.00 M M 4.1 13 150 M M 0 18 320
6 64 38 51 -5 14 0 0.00 M M 6.3 15 130 M M 0 20 120
7 77 49 63 7 2 0 0.02 M M 12.1 31 210 M M 6 43 220
8 81 41 61 4 4 0 0.00 M M 5.7 15 220 M M 1 20 190
9 70 61 66 9 0 1 0.48 M M 6.9 13 180 M M 9 18 20 270
10 66 56 61 4 4 0 0.75 M M 7.3 15 10 M M 10 1 19 10
11 72 53 63 5 2 0 0.01 M M 14.4 30 330 M M 5 41 300
12 73 47 60 2 5 0 0.00 M M 10.6 28 300 M M 0 39 300
13 83 43 63 5 2 0 0.00 M M 7.4 18 190 M M 0 25 190
14 82 61 72 13 0 7 0.00 M M 14.3 24 200 M M 0 34 190
15 85 60 73 14 0 8 0.00 M M 8.3 17 220 M M 1 24 210
16 82 65 74 15 0 9 0.58 M M 13.5 30 190 M M 5 13 41 200
17 86 63 75 15 0 10 0.00 M M 10.6 20 220 M M 2 29 230
================================================================================
SM 1256 868 82 43 1.84 M 170.9 M 62
================================================================================
AV 73.9 51.1 10.1 FASTST M M 4 MAX(MPH)
MISC ----> 31 210 45 290
================================================================================
NOTES:
# LAST OF SEVERAL OCCURRENCES
COLUMN 17 PEAK WIND IN M.P.H.
PRELIMINARY LOCAL CLIMATOLOGICAL DATA (WS FORM: F-6) , PAGE 2
STATION: POPLAR BLUFF MO
MONTH: APRIL
YEAR: 2024
LATITUDE: 36 46 N
LONGITUDE: 90 19 W
[TEMPERATURE DATA] [PRECIPITATION DATA] SYMBOLS USED IN COLUMN 16
AVERAGE MONTHLY: 62.5 TOTAL FOR MONTH: 1.84 1 = FOG OR MIST
DPTR FM NORMAL: 5.5 DPTR FM NORMAL: -0.98 2 = FOG REDUCING VISIBILITY
HIGHEST: 86 ON 17 GRTST 24HR 0.76 ON 10-11 TO 1/4 MILE OR LESS
LOWEST: 34 ON 5 3 = THUNDER
SNOW, ICE PELLETS, HAIL 4 = ICE PELLETS
TOTAL MONTH: M 5 = HAIL
GRTST 24HR M ON M 6 = FREEZING RAIN OR DRIZZLE
GRTST DEPTH: M ON M 7 = DUSTSTORM OR SANDSTORM:
VSBY 1/2 MILE OR LESS
8 = SMOKE OR HAZE
[NO. OF DAYS WITH] [WEATHER - DAYS WITH] 9 = BLOWING SNOW
X = TORNADO
MAX 32 OR BELOW: 0 0.01 INCH OR MORE: 5
MAX 90 OR ABOVE: 0 0.10 INCH OR MORE: 3
MIN 32 OR BELOW: 0 0.50 INCH OR MORE: 2
MIN 0 OR BELOW: 0 1.00 INCH OR MORE: 0
[HDD (BASE 65) ]
TOTAL THIS MO. 82 CLEAR (SCALE 0-3) 9
DPTR FM NORMAL -69 PTCLDY (SCALE 4-7) 5
TOTAL FM JUL 1 3222 CLOUDY (SCALE 8-10) 3
DPTR FM NORMAL -598
[CDD (BASE 65) ]
TOTAL THIS MO. 43
DPTR FM NORMAL 28 [PRESSURE DATA]
TOTAL FM JAN 1 58 HIGHEST SLP M ON M
DPTR FM NORMAL 38 LOWEST SLP 29.46 ON 2
[REMARKS]