000
CXUS53 KPAH 010700
CF6POF
PRELIMINARY LOCAL CLIMATOLOGICAL DATA (WS FORM: F-6)
STATION: POPLAR BLUFF MO
MONTH: AUGUST
YEAR: 2022
LATITUDE: 36 46 N
LONGITUDE: 90 19 W
TEMPERATURE IN F: :PCPN: SNOW: WIND :SUNSHINE: SKY :PK WND
================================================================================
1 2 3 4 5 6A 6B 7 8 9 10 11 12 13 14 15 16 17 18
12Z AVG MX 2MIN
DY MAX MIN AVG DEP HDD CDD WTR SNW DPTH SPD SPD DIR MIN PSBL S-S WX SPD DR
================================================================================
1 91 74 83 4 0 18 0.00 M M 9.5 18 220 M M 4 24 220
2 92 73 83 4 0 18 0.00 M M 6.9 15 210 M M 1 1 19 180
3 92 77 85 6 0 20 0.00 M M 7.5 16 200 M M 1 22 170
4 82 70 76 -3 0 11 1.37 M M 5.6 28 330 M M 4 13 37 320
5 88 72 80 1 0 15 0.00 M M 4.2 13 160 M M 4 1 17 200
6 90 73 82 3 0 17 0.00 M M 5.5 16 210 M M 0 1 22 220
7 91 73 82 3 0 17 0.00 M M 5.3 15 190 M M 1 1 21 170
8 91 73 82 3 0 17 0.67 M M 4.7 28 320 M M 2 13 35 290
9 90 71 81 2 0 16 0.70 M M 3.2 15 150 M M 3 13 18 150
10 85 69 77 -2 0 12 0.02 M M 3.9 10 60 M M 6 1 16 60
11 86 63 75 -4 0 10 0.00 M M 4.1 9 50 M M 0 15 50
12 85 64 75 -3 0 10 0.00 M M 4.3 12 60 M M 1 17 60
13 83 61 72 -6 0 7 0.00 M M 2.8 8 220 M M 0 13 200
14 86 68 77 -1 0 12 T M M 5.6 16 220 M M 1 22 230
15 84 69 77 -1 0 12 0.00 M M 7.0 14 20 M M 2 19 360
16 72 66 69 -9 0 4 0.61 M M 5.0 13 360 M M 8 13 19 360
17 85 66 76 -2 0 11 0.00 M M 1.6 10 80 M M 5 1 15 80
18 85 62 74 -4 0 9 0.00 M M 2.7 8 50 M M 0 12 80
19 86 61 74 -4 0 9 0.00 M M 1.4 8 200 M M 0 1 11 200
20 88 60 74 -3 0 9 0.11 M M 4.5 14 320 M M 0 13 20 330
21 83 69 76 -1 0 11 0.07 M M 3.6 10 220 M M 4 13 15 200
22 87 65 76 -1 0 11 0.00 M M 3.1 10 50 M M 1 13 90
23 87 64 76 -1 0 11 0.00 M M 3.7 9 120 M M 1 14 40
24 88 62 75 -2 0 10 0.00 M M 3.5 9 30 M M 0 13 40
25 91 65 78 2 0 13 0.00 M M 1.7 7 30 M M 1 10 30
26 90 67 79 3 0 14 0.01 M M 2.5 15 220 M M 1 3 20 240
27 90 67 79 3 0 14 0.00 M M 2.0 9 200 M M 0 1 13 210
28 90 69 80 4 0 15 0.00 M M 5.9 17 200 M M 1 1 23 200
29 91 71 81 5 0 16 0.18 M M 7.1 24 340 M M 2 13 41 330
30 89 65 77 2 0 12 T M M 3.9 12 10 M M 2 1 17 20
31 86 60 73 -2 0 8 0.00 M M 1.0 9 200 M M 0 12 190
================================================================================
SM 2704 2089 0 389 3.74 M 133.3 M 56
================================================================================
AV 87.2 67.4 4.3 FASTST M M 2 MAX(MPH)
MISC ----> # 28 330 41 330
================================================================================
NOTES:
# LAST OF SEVERAL OCCURRENCES
COLUMN 17 PEAK WIND IN M.P.H.
PRELIMINARY LOCAL CLIMATOLOGICAL DATA (WS FORM: F-6) , PAGE 2
STATION: POPLAR BLUFF MO
MONTH: AUGUST
YEAR: 2022
LATITUDE: 36 46 N
LONGITUDE: 90 19 W
[TEMPERATURE DATA] [PRECIPITATION DATA] SYMBOLS USED IN COLUMN 16
AVERAGE MONTHLY: 77.3 TOTAL FOR MONTH: 3.74 1 = FOG OR MIST
DPTR FM NORMAL: -0.4 DPTR FM NORMAL: 0.30 2 = FOG REDUCING VISIBILITY
HIGHEST: 92 ON 3, 2 GRTST 24HR 1.37 ON 4- 4 TO 1/4 MILE OR LESS
LOWEST: 60 ON 31,20 3 = THUNDER
SNOW, ICE PELLETS, HAIL 4 = ICE PELLETS
TOTAL MONTH: M 5 = HAIL
GRTST 24HR M ON M 6 = FREEZING RAIN OR DRIZZLE
GRTST DEPTH: M ON M 7 = DUSTSTORM OR SANDSTORM:
VSBY 1/2 MILE OR LESS
8 = SMOKE OR HAZE
[NO. OF DAYS WITH] [WEATHER - DAYS WITH] 9 = BLOWING SNOW
X = TORNADO
MAX 32 OR BELOW: 0 0.01 INCH OR MORE: 9
MAX 90 OR ABOVE: 12 0.10 INCH OR MORE: 6
MIN 32 OR BELOW: 0 0.50 INCH OR MORE: 4
MIN 0 OR BELOW: 0 1.00 INCH OR MORE: 1
[HDD (BASE 65) ]
TOTAL THIS MO. 0 CLEAR (SCALE 0-3) 24
DPTR FM NORMAL 0 PTCLDY (SCALE 4-7) 7
TOTAL FM JUL 1 0 CLOUDY (SCALE 8-10) 0
DPTR FM NORMAL 0
[CDD (BASE 65) ]
TOTAL THIS MO. 389
DPTR FM NORMAL -6 [PRESSURE DATA]
TOTAL FM JAN 1 1556 HIGHEST SLP M ON M
DPTR FM NORMAL 165 LOWEST SLP 29.82 ON 28
[REMARKS]
#FINAL-08-22#