000
CXUS51 KALY 010914
CLMPOU
CLIMATE REPORT
NATIONAL WEATHER SERVICE ALBANY NY
514 AM EDT MON APR 01 2024
...................................
...THE POUGHKEEPSIE NY CLIMATE SUMMARY FOR THE MONTH OF MARCH 2024...
CLIMATE NORMAL PERIOD: 1991 TO 2020
CLIMATE RECORD PERIOD: 1931 TO 2024
WEATHER OBSERVED NORMAL DEPART LAST YEAR`S
VALUE DATE(S) VALUE FROM VALUE DATE(S)
NORMAL
................................................................
TEMPERATURE (F)
RECORD
HIGH 86 03/31/1998
LOW -13 03/19/1967
HIGHEST 72 03/14 64 03/22
LOWEST 18 03/22 20 03/01
AVG. MAXIMUM 52.8 47.9 4.9 49.5
AVG. MINIMUM 33.7 27.4 6.3 28.9
MEAN 43.3 37.6 5.7 39.2
DAYS MAX >= 90 0 0.0 0.0 0
DAYS MAX <= 32 0 1.7 -1.7 0
DAYS MIN <= 32 13 22.3 -9.3 21
DAYS MIN <= 0 0 0.3 -0.3 0
PRECIPITATION (INCHES)
RECORD
MAXIMUM 7.39 1983
MINIMUM 0.15 1981
TOTALS 6.01 3.09 2.92 3.39
DAILY AVG. 0.19 0.11
DAYS >= .01 11 11.2 -0.2 11
DAYS >= .10 8 6.6 1.4 9
DAYS >= .50 4 1.8 2.2 1
DAYS >= 1.00 3 0.6 2.4 1
GREATEST
24 HR. TOTAL 2.05 03/23 TO 03/23
DEGREE DAYS
HEATING TOTAL 667 848 -181 792
SINCE 7/1 4530 5269 -739 MM
COOLING TOTAL 0 0 0 0
SINCE 1/1 0 0 0 MM
................................................................
WIND (MPH)
AVERAGE WIND SPEED 6.5
HIGHEST WIND SPEED/DIRECTION 30/290 DATE 03/11
HIGHEST GUST SPEED/DIRECTION 46/290 DATE 03/11
SKY COVER
AVERAGE SKY COVER 0.53
AVERAGE RH (PERCENT) 64
WEATHER CONDITIONS. NUMBER OF DAYS WITH
THUNDERSTORM 1 MIXED PRECIP 0
HEAVY RAIN 3 RAIN 6
LIGHT RAIN 11 FREEZING RAIN 0
LT FREEZING RAIN 0 HAIL 0
HEAVY SNOW 0 SNOW 0
LIGHT SNOW 0 SLEET 0
FOG 11 FOG W/VIS <= 1/4 MILE 0
HAZE 2
- INDICATES NEGATIVE NUMBERS.
R INDICATES RECORD WAS SET OR TIED.
MM INDICATES DATA IS MISSING.
T INDICATES TRACE AMOUNT.
$$