000
CXUS51 KALY 011708
CLSPOU
ALBCLMPOU 000
TTAA00 KALY 011702
CLIMATE REPORT
NATIONAL WEATHER SERVICE ALBANY NY
1155 AM EST SUN DEC 1 2019
...................................
...THE POUGHKEEPSIE NY CLIMATE SUMMARY FOR THE SEASON, FROM
9/1/2019 TO 11/30/2019...
CLIMATE NORMAL PERIOD 1981 TO 2010
CLIMATE RECORD PERIOD 1931 TO 2019
WEATHER OBSERVED NORMAL DEPART LAST YEAR`S
VALUE DATE(S) VALUE FROM VALUE DATE(S)
NORMAL
................................................................
TEMPERATURE (F)
HIGHEST 92 09/23 93 09/06
LOWEST 30 10/19 6 11/23
AVG. MAXIMUM 71.1 63.5 7.6 60.6
AVG. MINIMUM 48.2 40.4 7.8 44.3
MEAN 59.6 51.9 7.7 52.5
DAYS MAX >= 90 1 0.9 0.1 MM
DAYS MAX <= 32 0 0.3 -0.3 MM
DAYS MIN <= 32 2 25.7 -23.7 MM
DAYS MIN <= 0 0 0.0 0.0 MM
PRECIPITATION (INCHES)
RECORD
MAXIMUM 22.90 2005
MINIMUM 3.86 1964
TOTALS 6.41 12.22 -5.81 16.28
DAILY AVG. 0.11 0.13 -0.02 0.18
DAYS >= .01 20 28.1 -8.1 MM
DAYS >= .10 12 18.1 -6.1 MM
DAYS >= .50 3 7.8 -4.8 MM
DAYS >= 1.00 1 3.2 -2.2 MM
GREATEST
24 HR. TOTAL 2.15 10/16 TO 10/16
DEGREE_DAYS
HEATING TOTAL 391 1261 -870 1278
SINCE 7/1 395 1278 -883 1278
COOLING TOTAL 71 68 3 159
SINCE 1/1 808 672 136 970
FREEZE DATES
RECORD
EARLIEST 09/15/1963
LATEST 05/25/1949
EARLIEST 10/09
LATEST 04/29
.................................................................
WIND (MPH)
AVERAGE WIND SPEED 4.0
HIGHEST WIND SPEED/DIRECTION 30/260 DATE 10/17
HIGHEST GUST SPEED/DIRECTION 39/260 DATE 10/17
WEATHER CONDITIONS. NUMBER OF DAYS WITH
THUNDERSTORM 2 MIXED PRECIP 0
HEAVY RAIN 2 RAIN 7
LIGHT RAIN 24 FREEZING RAIN 0
LT FREEZING RAIN 0 HAIL 0
HEAVY SNOW 0 SNOW 0
LIGHT SNOW 0 SLEET 0
FOG 32 FOG W/VIS <= 1/4 MILE 10
HAZE 6
- INDICATES NEGATIVE NUMBERS.
R INDICATES RECORD WAS SET OR TIED.
MM INDICATES DATA IS MISSING.
T INDICATES TRACE AMOUNT.
$$