000
CXZS50 NSTU 212151
CLMPPG
CLIMATE REPORT
NATIONAL WEATHER SERVICE PAGO PAGO AS
1100 AM SST TUE NOV 21 2023
.....................................
...THE PAGO PAGO AIRPORT CLIMATE SUMMARY FOR THE MONTH OF OCTOBER 2023...
CLIMATE NORMAL PERIOD 1991 TO 2020
CLIMATE RECORD PERIOD 1956 TO 2023
WEATHER ITEM OBSERVED DATES NORMAL DEPARTURE LAST YEAR
VALUE VALUE FROM VALUE DATE(S)
NORMAL
.............................................................................
TEMPERATURE (F)
RECORD
HIGH 94 10/24/2001
LOW 59 10/10/1964
HIGHEST 92 10/09 86 6 88 10/31
10/22
10/21
10/16
LOWEST 70 10/09 78 -8 73 10/28
AVG. MAXIMUM 86.1 86.4 -0.3 86.1
AVG. MINIMUM 76.8 77.7 -0.9 76.8
MEAN 81.4 82.1 -0.7 81.4
DAYS MAX >= 90 2 2.0 0.0 0.0
DAYS MAX <= 32 0 0.0 0.0 0
DAYS MIN <= 32 0 0.0 0.0 0
DAYS MIN <= 0 0 0.0 0.0 0
PRECIPITATION (INCHES)
RECORD
MAXIMUM 29.59 1996
MINIMUM 2.10 1975
TOTALS 8.53 10.24 -1.71 13.82
DAILY AVG. 0.28 0.33 -0.06 0.45
DAYS >= .01 26 21 5 19
DAYS >= .10 15 13 2 15
DAYS >= .50 7 6 1 9
DAYS >= 1.00 1 3 -2 4
GREATEST
24 HR. TOTAL 1.92 10/27 TO 28 5.09 10/26 TO 27
DEGREE DAYS
HEATING TOTAL 000 00 00 00
SINCE 1/1 000 00 00 00
COOLING TOTAL 518 529 -11 517
SINCE 1/1 5224 5217 7 5198
WIND (MPH)
AVERAGE WIND SPEED 15.2
HIGHEST WIND SPEED/DIRECTION 31/130 DATE 10/16
HIGHEST GUST SPEED/DIRECTION MM DATE MM
SKY COVER
POSSIBLE SUNSHINE (PERCENT) MM
AVERAGE SKY COVER 6.0
NUMBER OF DAYS FAIR 0
NUMBER OF DAYS PC 19
NUMBER OF DAYS CLOUDY 12
AVERAGE RH (PERCENT) 80.9
WEATHER CONDITIONS NUMBER OF DAYS WITH
THUNDERSTORM 0 MIXED PRECIP 00
HEAVY RAIN 7 RAIN 2
LIGHT RAIN 26 FREEZING RAIN 00
LT FREEZING RAIN 00 HAIL 00
HEAVY SNOW 00 SNOW 00
LIGHT SNOW 00 SLEET 00
FOG 00 FOG W/VIS <= 1/4 MILE 00
HAZE 00
- INDICATES NEGATIVE NUMBERS
R INDICATES RECORD WAS SET OR TIED
MM INDICATES DATA IS MISSING
T INDICATES TRACE AMOUNTTEMPERATURE (F)