000
CXUS56 KPDT 011810
CF6PSC
PRELIMINARY LOCAL CLIMATOLOGICAL DATA (WS FORM: F-6)
STATION: PASCO WA
MONTH: MAY
YEAR: 2023
LATITUDE: 46 16 N
LONGITUDE: 119 7 W
TEMPERATURE IN F: :PCPN: SNOW: WIND :SUNSHINE: SKY :PK WND
================================================================================
1 2 3 4 5 6A 6B 7 8 9 10 11 12 13 14 15 16 17 18
12Z AVG MX 2MIN
DY MAX MIN AVG DEP HDD CDD WTR SNW DPTH SPD SPD DIR MIN PSBL S-S WX SPD DR
================================================================================
1 74 53 64 7 1 0 T M M 8.8 20 200 M M 1 3 26 220
2 73 50 62 5 3 0 0.00 M M 5.4 14 150 M M 0 19 150
3 90 46 68 10 0 3 0.00 M M 4.4 15 200 M M 0 8 18 210
4 80 55 68 10 0 3 T M M 13.4 32 210 M M 2 40 220
5 59 53 56 -2 9 0 0.01 M M 10.3 18 200 M M 10 24 200
6 73 51 62 3 3 0 0.02 M M 8.3 17 200 M M 6 24 230
7 67 46 57 -2 8 0 0.00 M M 9.3 26 220 M M 5 34 200
8 74 45 60 1 5 0 0.00 M M 4.7 28 150 M M 2 36 140
9 71 47 59 -1 6 0 0.00 M M 7.1 18 210 M M 3 25 200
10 78 40 59 -1 6 0 0.00 M M 2.5 9 340 M M 0 16 360
11 82 42 62 2 3 0 0.00 M M 2.4 10 330 M M 0 13 10
12 87 43 65 5 0 0 0.00 M M 5.5 14 330 M M 0 20 340
13 93 49 71 10 0 6 0.00 M M 10.0 26 60 M M 0 35 60
14 94 58 76 15 0 11 0.00 M M 6.2 17 60 M M 0 25 60
15 91 61 76 15 0 11 T M M 5.4 16 150 M M 2 23 140
16 85 64 75 13 0 10 T M M 7.0 22 310 M M 3 27 310
17 86 54 70 8 0 5 0.00 M M 2.7 9 340 M M 0 1 12 330
18 93 55 74 12 0 9 0.00 M M 3.2 9 10 M M 0 12 280
19 98 59 79 17 0 14 0.00 M M 4.0 24 230 M M 0 18 32 230
20 98 62 80 17 0 15 0.00 M M 5.6 36 220 M M 0 8 49 220
21 86 57 72 9 0 7 T M M 12.4 25 220 M M 1 8 35 230
22 74 51 63 0 2 0 0.00 M M 14.8 26 200 M M 0 35 200
23 75 50 63 0 2 0 0.00 M M 5.6 13 200 M M 0 20 110
24 80 45 63 -1 2 0 0.00 M M 3.2 10 20 M M 1 14 270
25 82 48 65 1 0 0 0.00 M M 6.9 16 350 M M 2 21 350
26 83 50 67 3 0 2 T M M 3.0 15 270 M M 2 21 260
27 86 59 73 9 0 8 0.00 M M 7.3 22 320 M M 2 3 29 320
28 88 55 72 8 0 7 0.00 M M 5.2 16 190 M M 0 28 220
29 89 51 70 5 0 5 0.00 M M 5.0 15 90 M M 0 20 90
30 87 57 72 7 0 7 0.00 M M 7.8 18 210 M M 0 23 210
31 79 54 67 2 0 2 0.00 M M 7.6 17 200 M M 0 22 210
================================================================================
SM 2555 1610 50 125 0.03 M 205.0 M 42
================================================================================
AV 82.4 51.9 6.6 FASTST M M 1 MAX(MPH)
MISC ----> 36 220 49 220
================================================================================
NOTES:
# LAST OF SEVERAL OCCURRENCES
COLUMN 17 PEAK WIND IN M.P.H.
PRELIMINARY LOCAL CLIMATOLOGICAL DATA (WS FORM: F-6) , PAGE 2
STATION: PASCO WA
MONTH: MAY
YEAR: 2023
LATITUDE: 46 16 N
LONGITUDE: 119 7 W
[TEMPERATURE DATA] [PRECIPITATION DATA] SYMBOLS USED IN COLUMN 16
AVERAGE MONTHLY: 67.2 TOTAL FOR MONTH: 0.03 1 = FOG OR MIST
DPTR FM NORMAL: 5.8 DPTR FM NORMAL: -0.68 2 = FOG REDUCING VISIBILITY
HIGHEST: 98 ON 20,19 GRTST 24HR 0.03 ON 5- 6 TO 1/4 MILE OR LESS
LOWEST: 40 ON 10 3 = THUNDER
SNOW, ICE PELLETS, HAIL 4 = ICE PELLETS
TOTAL MONTH: M 5 = HAIL
GRTST 24HR M ON M 6 = FREEZING RAIN OR DRIZZLE
GRTST DEPTH: M ON M 7 = DUSTSTORM OR SANDSTORM:
VSBY 1/2 MILE OR LESS
8 = SMOKE OR HAZE
[NO. OF DAYS WITH] [WEATHER - DAYS WITH] 9 = BLOWING SNOW
X = TORNADO
MAX 32 OR BELOW: 0 0.01 INCH OR MORE: 2
MAX 90 OR ABOVE: 7 0.10 INCH OR MORE: 0
MIN 32 OR BELOW: 0 0.50 INCH OR MORE: 0
MIN 0 OR BELOW: 0 1.00 INCH OR MORE: 0
[HDD (BASE 65) ]
TOTAL THIS MO. 50 CLEAR (SCALE 0-3) 28
DPTR FM NORMAL -100 PTCLDY (SCALE 4-7) 2
TOTAL FM JUL 1 5092 CLOUDY (SCALE 8-10) 1
DPTR FM NORMAL 117
[CDD (BASE 65) ]
TOTAL THIS MO. 125
DPTR FM NORMAL 86 [PRESSURE DATA]
TOTAL FM JAN 1 128 HIGHEST SLP 30.26 ON 13
DPTR FM NORMAL 87 LOWEST SLP 29.51 ON 4
[REMARKS]
#FINAL-05-23#