000
CXUS54 KFWD 010731
CF6PSN
PRELIMINARY LOCAL CLIMATOLOGICAL DATA (WS FORM: F-6)
STATION: PALESTINE
MONTH: APRIL
YEAR: 2021
LATITUDE: 31 46 N
LONGITUDE: 95 42 W
TEMPERATURE IN F: :PCPN: SNOW: WIND :SUNSHINE: SKY :PK WND
================================================================================
1 2 3 4 5 6A 6B 7 8 9 10 11 12 13 14 15 16 17 18
12Z AVG MX 2MIN
DY MAX MIN AVG DEP HDD CDD WTR SNW DPTH SPD SPD DIR MIN PSBL S-S WX SPD DR
================================================================================
1 68 34 51 -9 14 0 0.00 M M 6.2 15 20 M M 3 8 21 80
2 68 43 56 -5 9 0 0.00 M M 6.7 12 110 M M 2 8 21 110
3 63 50 57 -4 8 0 0.00 M M 5.0 14 150 M M 10 20 150
4 75 54 65 4 0 0 0.00 M M 4.9 13 200 M M 8 20 200
5 77 52 65 4 0 0 0.00 M M 6.7 14 160 M M 8 18 20 180
6 82 61 72 10 0 7 0.00 M M 11.8 22 180 M M 9 29 180
7 77 50 64 2 1 0 0.00 M M 7.3 13 170 M M 6 1 21 290
8 82 45 64 2 1 0 0.00 M M 4.6 13 170 M M 2 18 180
9 81 64 73 11 0 8 0.00 M M 9.5 15 180 M M 8 138 24 180
10 73 48 61 -2 4 0 0.00 M M 7.1 13 340 M M 4 1 20 340
11 84 43 64 1 1 0 0.00 M M 3.4 8 130 M M 3 14 140
12 84 55 70 7 0 5 0.00 0.0 M 6.0 10 180 M M 2 8 16 150
13 82 64 73 10 0 8 0.00 M M 5.8 14 100 M M 6 18 20 100
14 72 59 66 2 0 1 0.00 M M 6.7 12 50 M M 10 1 14 50
15 66 57 62 -2 3 0 M M M 8.2 14 40 M M 10 1 20 40
16 59 55 57 -7 8 0 M M M 7.6 15 350 M M 10 13 21 180
17 55 46 51 -13 14 0 T M M 7.6 17 360 M M 8 25 360
18 68 41 55 -10 10 0 0.00 M M 5.3 15 330 M M 3 18 23 10
19 72 39 56 -9 9 0 0.00 M M 0.5 5 20 M M 3 13 70
20 75 43 59 -6 6 0 0.00 M M 10.3 18 350 M M 3 28 360
21 63 37 50 -16 15 0 0.00 M M 8.3 13 70 M M 4 21 20
22 68 46 57 -9 8 0 M M M 6.1 12 120 M M 9 18 160
23 70 61 66 0 0 1 M M M 8.1 12 130 M M 10 13 20 130
24 75 55 65 -1 0 0 M M M 8.0 16 350 M M 5 12 22 350
25 81 52 67 0 0 2 0.00 M M 6.9 13 200 M M 1 22 110
26 81 59 70 3 0 5 0.00 M M 8.6 14 190 M M 3 20 170
27 77 66 72 5 0 7 M M M 8.4 13 140 M M 6 1 22 150
28 88 72 80 12 0 15 0.00 M M 11.8 17 180 M M 9 18 26 180
29 84 70 77 9 0 12 M M M 6.5 10 40 M M 6 18 21 160
30 72 66 69 1 0 4 0.00 M M 7.0 12 110 M M 9 1 15 70
================================================================================
SM 2222 1587 111 75 T 0.0 210.7 M 180
================================================================================
AV 74.1 52.9 7.0 FASTST M M 6 MAX(MPH)
MISC ----> 22 180 29 180
================================================================================
NOTES:
# LAST OF SEVERAL OCCURRENCES
COLUMN 17 PEAK WIND IN M.P.H.
PRELIMINARY LOCAL CLIMATOLOGICAL DATA (WS FORM: F-6) , PAGE 2
STATION: PALESTINE
MONTH: APRIL
YEAR: 2021
LATITUDE: 31 46 N
LONGITUDE: 95 42 W
[TEMPERATURE DATA] [PRECIPITATION DATA] SYMBOLS USED IN COLUMN 16
AVERAGE MONTHLY: 63.5 TOTAL FOR MONTH: T 1 = FOG OR MIST
DPTR FM NORMAL: -0.6 DPTR FM NORMAL: -3.29 2 = FOG REDUCING VISIBILITY
HIGHEST: 88 ON 28 GRTST 24HR T ON 17-17 TO 1/4 MILE OR LESS
LOWEST: 34 ON 1 3 = THUNDER
SNOW, ICE PELLETS, HAIL 4 = ICE PELLETS
TOTAL MONTH: 0.0 INCH 5 = HAIL
GRTST 24HR 0.0 6 = FREEZING RAIN OR DRIZZLE
GRTST DEPTH: M ON M 7 = DUSTSTORM OR SANDSTORM:
VSBY 1/2 MILE OR LESS
8 = SMOKE OR HAZE
[NO. OF DAYS WITH] [WEATHER - DAYS WITH] 9 = BLOWING SNOW
X = TORNADO
MAX 32 OR BELOW: 0 0.01 INCH OR MORE: 0
MAX 90 OR ABOVE: 0 0.10 INCH OR MORE: 0
MIN 32 OR BELOW: 0 0.50 INCH OR MORE: 0
MIN 0 OR BELOW: 0 1.00 INCH OR MORE: 0
[HDD (BASE 65) ]
TOTAL THIS MO. 111 CLEAR (SCALE 0-3) 10
DPTR FM NORMAL 6 PTCLDY (SCALE 4-7) 9
TOTAL FM JUL 1 1991 CLOUDY (SCALE 8-10) 11
DPTR FM NORMAL -369
[CDD (BASE 65) ]
TOTAL THIS MO. 75
DPTR FM NORMAL -3 [PRESSURE DATA]
TOTAL FM JAN 1 125 HIGHEST SLP M ON M
DPTR FM NORMAL 17 LOWEST SLP M ON M
[REMARKS]
#FINAL-04-21#