000
CXUS56 KSGX 011145
CF6PSP
PRELIMINARY LOCAL CLIMATOLOGICAL DATA (WS FORM: F-6)
STATION: PALM SPRINGS INTL AIRPORT CA
MONTH: NOVEMBER
YEAR: 2021
LATITUDE: 33 49 N
LONGITUDE: 116 30 W
TEMPERATURE IN F: :PCPN: SNOW: WIND :SUNSHINE: SKY :PK WND
================================================================================
1 2 3 4 5 6A 6B 7 8 9 10 11 12 13 14 15 16 17 18
12Z AVG MX 2MIN
DY MAX MIN AVG DEP HDD CDD WTR SNW DPTH SPD SPD DIR MIN PSBL S-S WX SPD DR
================================================================================
1 83 64 74 2 0 9 0.00 M M 4.7 24 340 M M 0 28 340
2 88 61 75 3 0 10 0.00 M M 3.9 13 330 M M 0 14 330
3 93 64 79 8 0 14 0.00 M M 5.4 10 320 M M 0 13 280
4 92 61 77 6 0 12 0.00 M M 4.6 12 330 M M 0 14 340
5 91 63 77 6 0 12 0.00 M M 5.6 13 100 M M 0 16 120
6 87 62 75 5 0 10 0.00 M M 4.2 10 100 M M 0 13 110
7 86 59 73 3 0 8 0.00 M M 2.9 10 110 M M 0 13 110
8 84 59 72 3 0 7 0.00 M M 2.9 10 310 M M 0 12 310
9 87 61 74 5 0 9 0.00 M M 7.4 25 330 M M 0 29 330
10 91 59 75 7 0 10 0.00 M M 3.7 13 300 M M 0 19 290
11 92 69 81 13 0 16 0.00 M M 4.8 15 20 M M 0 8 21 360
12 94 65 80 12 0 15 0.00 M M 6.4 13 310 M M 0 16 310
13 94 64 79 12 0 14 0.00 M M 4.8 10 330 M M 0 11 330
14 93 63 78 11 0 13 0.00 M M 6.0 12 330 M M 0 14 120
15 90 60 75 9 0 10 0.00 M M 4.7 10 330 M M 0 13 320
16 85 62 74 8 0 9 0.00 M M 2.5 10 160 M M 0 12 130
17 85 58 72 7 0 7 0.00 M M 2.1 10 100 M M 0 13 80
18 82 57 70 5 0 5 0.00 M M 4.4 10 330 M M 0 14 90
19 82 58 70 6 0 5 0.00 M M 3.5 10 330 M M 0 12 120
20 85 52 69 5 0 4 0.00 M M 2.2 12 300 M M 0 15 310
21 83 65 74 10 0 9 0.00 M M 10.0 20 10 M M 0 27 330
22 84 62 73 10 0 8 0.00 M M 5.0 10 120 M M 0 13 120
23 83 58 71 8 0 6 0.00 M M 3.9 13 80 M M 0 15 90
24 78 56 67 5 0 2 0.00 M M 10.1 23 20 M M 0 30 10
25 75 58 67 5 0 2 0.00 M M 11.5 30 340 M M 0 35 340
26 81 52 67 5 0 2 0.00 M M 4.9 12 340 M M 0 13 340
27 79 46 63 2 2 0 0.00 M M 5.2 10 340 M M 0 11 140
28 83 49 66 5 0 1 0.00 M M 4.4 10 330 M M 0 16 300
29 86 54 70 10 0 5 0.00 M M 4.7 10 330 M M 0 14 340
30 91 55 73 13 0 8 0.00 M M 5.0 13 330 M M 0 16 290
================================================================================
SM 2587 1776 2 242 0.00 M 151.4 M 0
================================================================================
AV 86.2 59.2 5.0 FASTST M M 0 MAX(MPH)
MISC ----> 30 340 35 340
================================================================================
NOTES:
# LAST OF SEVERAL OCCURRENCES
COLUMN 17 PEAK WIND IN M.P.H.
PRELIMINARY LOCAL CLIMATOLOGICAL DATA (WS FORM: F-6) , PAGE 2
STATION: PALM SPRINGS INTL AIRPORT CA
MONTH: NOVEMBER
YEAR: 2021
LATITUDE: 33 49 N
LONGITUDE: 116 30 W
[TEMPERATURE DATA] [PRECIPITATION DATA] SYMBOLS USED IN COLUMN 16
AVERAGE MONTHLY: 72.7 TOTAL FOR MONTH: 0.00 1 = FOG OR MIST
DPTR FM NORMAL: 6.7 DPTR FM NORMAL: -0.23 2 = FOG REDUCING VISIBILITY
HIGHEST: 94 ON 13,12 GRTST 24HR 0.00 ON 1- 1 TO 1/4 MILE OR LESS
LOWEST: 46 ON 27 3 = THUNDER
SNOW, ICE PELLETS, HAIL 4 = ICE PELLETS
TOTAL MONTH: M 5 = HAIL
GRTST 24HR M ON M 6 = FREEZING RAIN OR DRIZZLE
GRTST DEPTH: M ON M 7 = DUSTSTORM OR SANDSTORM:
VSBY 1/2 MILE OR LESS
8 = SMOKE OR HAZE
[NO. OF DAYS WITH] [WEATHER - DAYS WITH] 9 = BLOWING SNOW
X = TORNADO
MAX 32 OR BELOW: 0 0.01 INCH OR MORE: 0
MAX 90 OR ABOVE: 10 0.10 INCH OR MORE: 0
MIN 32 OR BELOW: 0 0.50 INCH OR MORE: 0
MIN 0 OR BELOW: 0 1.00 INCH OR MORE: 0
[HDD (BASE 65) ]
TOTAL THIS MO. 2 CLEAR (SCALE 0-3) 30
DPTR FM NORMAL -68 PTCLDY (SCALE 4-7) 0
TOTAL FM JUL 1 2 CLOUDY (SCALE 8-10) 0
DPTR FM NORMAL -71
[CDD (BASE 65) ]
TOTAL THIS MO. 242
DPTR FM NORMAL 140 [PRESSURE DATA]
TOTAL FM JAN 1 5070 HIGHEST SLP 30.40 ON 25
DPTR FM NORMAL 476 LOWEST SLP 29.82 ON 23
[REMARKS]
#FINAL-11-21#