000
CXUS56 KSGX 011045
CF6PSP
PRELIMINARY LOCAL CLIMATOLOGICAL DATA (WS FORM: F-6)
STATION: PALM SPRINGS INTL AIRPORT CA
MONTH: JULY
YEAR: 2021
LATITUDE: 33 49 N
LONGITUDE: 116 30 W
TEMPERATURE IN F: :PCPN: SNOW: WIND :SUNSHINE: SKY :PK WND
================================================================================
1 2 3 4 5 6A 6B 7 8 9 10 11 12 13 14 15 16 17 18
12Z AVG MX 2MIN
DY MAX MIN AVG DEP HDD CDD WTR SNW DPTH SPD SPD DIR MIN PSBL S-S WX SPD DR
================================================================================
1 108 82 95 3 0 30 0.00 M M 7.4 15 320 M M 0 19 120
2 109 82 96 4 0 31 0.00 M M 5.4 17 110 M M 0 21 120
3 111 90 101 9 0 36 0.00 M M 5.3 16 320 M M 0 19 100
4 111 87 99 6 0 34 0.00 M M 5.4 22 320 M M 0 26 320
5 113 82 98 5 0 33 0.00 M M 8.6 25 330 M M 0 30 310
6 115 82 99 6 0 34 0.00 M M 7.9 23 320 M M 0 28 320
7 113 84 99 6 0 34 0.00 M M 4.6 17 320 M M 0 20 320
8 110 89 100 7 0 35 0.00 M M 6.5 16 330 M M 0 19 320
9 117 90 104 10 0 39 T M M 6.3 21 320 M M 0 29 330
10 120 90 105 11 0 40 0.00 M M 8.4 26 320 M M 0 31 320
11 113 88 101 7 0 36 0.00 M M 7.8 21 320 M M 0 25 320
12 109 89 99 5 0 34 0.00 M M 7.0 18 110 M M 0 22 110
13 107 86 97 3 0 32 0.00 M M 8.1 18 330 M M 0 28 130
14 110 88 99 5 0 34 0.00 M M 5.6 22 320 M M 0 27 330
15 112 87 100 6 0 35 0.00 M M 7.1 24 320 M M 0 31 320
16 113 84 99 5 0 34 0.00 M M 7.0 23 320 M M 0 28 330
17 108 83 96 2 0 31 0.00 M M 7.3 17 330 M M 0 22 130
18 109 81 95 1 0 30 0.08 M M 7.6 17 320 M M 1 3 21 320
19 113 87 100 6 0 35 0.00 M M 7.7 23 320 M M 0 31 320
20 115 88 102 7 0 37 0.00 M M 4.4 18 320 M M 0 23 20
21 M M M M M M 0.00 M M 0.0 0 0 M M 0 0 0
22 M M M M M M 0.00 M M M M M M M 0 M M
23 109 86 98 3 0 33 0.00 M M 7.2 23 330 M M 0 28 320
24 99 84 92 -3 0 27 0.00 M M 5.9 15 320 M M 0 18 120
25 99 83 91 -4 0 26 T M M 6.4 21 330 M M 1 3 25 330
26 97 74 86 -9 0 21 0.46 M M 4.8 17 320 M M 4 13 20 320
27 107 82 95 0 0 30 0.00 M M 7.0 21 320 M M 0 26 320
28 110 86 98 3 0 33 0.00 M M 5.5 20 320 M M 0 25 180
29 116 84 100 5 0 35 0.00 M M 7.7 23 330 M M 0 30 340
30 107 88 98 3 0 33 0.00 M M 6.9 22 190 M M 0 3 28 190
31 107 85 96 1 0 31 0.00 M M 5.6 15 130 M M 0 20 120
================================================================================
SM 3187 2471 0 953 0.54 M 192.4 M 6
================================================================================
AV109.9 85.2 6.4 FASTST M M 0 MAX(MPH)
MISC ----> 26 320 # 31 320
================================================================================
NOTES:
# LAST OF SEVERAL OCCURRENCES
COLUMN 17 PEAK WIND IN M.P.H.
PRELIMINARY LOCAL CLIMATOLOGICAL DATA (WS FORM: F-6) , PAGE 2
STATION: PALM SPRINGS INTL AIRPORT CA
MONTH: JULY
YEAR: 2021
LATITUDE: 33 49 N
LONGITUDE: 116 30 W
[TEMPERATURE DATA] [PRECIPITATION DATA] SYMBOLS USED IN COLUMN 16
AVERAGE MONTHLY: 97.6 TOTAL FOR MONTH: 0.54 1 = FOG OR MIST
DPTR FM NORMAL: 3.6 DPTR FM NORMAL: 0.29 2 = FOG REDUCING VISIBILITY
HIGHEST: 120 ON 10 GRTST 24HR 0.46 ON 26-26 TO 1/4 MILE OR LESS
LOWEST: 74 ON 26 3 = THUNDER
SNOW, ICE PELLETS, HAIL 4 = ICE PELLETS
TOTAL MONTH: M 5 = HAIL
GRTST 24HR M ON M 6 = FREEZING RAIN OR DRIZZLE
GRTST DEPTH: M ON M 7 = DUSTSTORM OR SANDSTORM:
VSBY 1/2 MILE OR LESS
8 = SMOKE OR HAZE
[NO. OF DAYS WITH] [WEATHER - DAYS WITH] 9 = BLOWING SNOW
X = TORNADO
MAX 32 OR BELOW: 0 0.01 INCH OR MORE: 2
MAX 90 OR ABOVE: 29 0.10 INCH OR MORE: 1
MIN 32 OR BELOW: 0 0.50 INCH OR MORE: 0
MIN 0 OR BELOW: 0 1.00 INCH OR MORE: 0
[HDD (BASE 65) ]
TOTAL THIS MO. 0 CLEAR (SCALE 0-3) 30
DPTR FM NORMAL 0 PTCLDY (SCALE 4-7) 1
TOTAL FM JUL 1 0 CLOUDY (SCALE 8-10) 0
DPTR FM NORMAL 0
[CDD (BASE 65) ]
TOTAL THIS MO. 953
DPTR FM NORMAL 54 [PRESSURE DATA]
TOTAL FM JAN 1 2821 HIGHEST SLP 30.00 ON 31
DPTR FM NORMAL 318 LOWEST SLP 29.61 ON 7
[REMARKS]
#FINAL-07-21#