000
CXUS54 KHGX 020547
CF6PSX
PRELIMINARY LOCAL CLIMATOLOGICAL DATA (WS FORM: F-6)
STATION: PALACIOS
MONTH: NOVEMBER
YEAR: 2020
LATITUDE: 28 43 N
LONGITUDE: 96 15 W
TEMPERATURE IN F: :PCPN: SNOW: WIND :SUNSHINE: SKY :PK WND
================================================================================
1 2 3 4 5 6A 6B 7 8 9 10 11 12 13 14 15 16 17 18
12Z AVG MX 2MIN
DY MAX MIN AVG DEP HDD CDD WTR SNW DPTH SPD SPD DIR MIN PSBL S-S WX SPD DR
================================================================================
1 81 50 66 -2 0 1 0.00 0.0 0 9.1 21 20 M M 0 31 10
2 76 45 61 -7 4 0 0.00 M 0 7.2 17 30 M M 0 21 40
3 75 42 59 -9 6 0 0.00 M 0 6.6 14 130 M M 0 18 140
4 78 50 64 -3 1 0 0.00 0.0 0 6.9 13 130 M M 2 21 90
5 81 56 69 2 0 4 0.00 0.0 0 6.5 16 130 M M 1 21 140
6 81 56 69 2 0 4 0.00 0.0 0 7.4 18 120 M M 1 1 23 120
7 82 57 70 4 0 5 0.00 0.0 0 7.8 17 140 M M 1 12 20 150
8 81 58 70 4 0 5 0.00 0.0 0 7.9 15 120 M M 5 12 24 50
9 81 65 73 7 0 8 T 0.0 0 6.5 15 150 M M 5 12 36 110
10 82 67 75 9 0 10 T 0.0 0 5.3 12 200 M M 5 12 25 90
11 82 62 72 7 0 7 T 0.0 0 6.0 14 160 M M 1 18 17 150
12 82 61 72 7 0 7 T 0.0 0 8.6 17 130 M M 3 12 21 130
13 84 67 76 11 0 11 0.00 0.0 0 7.1 17 100 M M 5 12 26 80
14 83 74 79 15 0 14 0.00 0.0 0 12.1 21 170 M M 3 42 150
15 79 50 65 1 0 0 0.00 0.0 M 11.9 30 10 M M 2 12 37 20
16 75 46 61 -3 4 0 0.00 0.0 0 9.1 17 100 M M 0 30 130
17 77 44 61 -2 4 0 0.00 0.0 0 8.2 18 50 M M 0 23 50
18 77 47 62 -1 3 0 0.00 0.0 0 9.8 18 110 M M 0 18 22 100
19 80 55 68 5 0 3 0.00 0.0 0 8.3 18 130 M M 4 34 40
20 82 57 70 8 0 5 0.00 0.0 0 8.4 18 140 M M 6 12 22 140
21 82 61 72 10 0 7 0.00 0.0 0 10.3 21 130 M M 8 1 34 200
22 83 63 73 11 0 8 T 0.0 0 6.4 13 130 M M 7 1 14 200
23 76 61 69 8 0 4 0.00 0.0 0 12.5 18 100 M M 6 25 120
24 81 70 76 15 0 11 T 0.0 0 13.2 24 170 M M 8 1 34 160
25 77 56 67 6 0 2 0.03 0.0 0 9.6 22 20 M M 5 1 25 360
26 82 55 69 9 0 4 0.00 0.0 0 8.9 16 100 M M 3 18 20 100
27 80 68 74 14 0 9 0.40 0.0 0 10.3 21 170 M M 6 13 26 170
28 69 63 66 6 0 1 3.80 0.0 0 14.7 23 70 M M 10 1 30 110
29 63 48 56 -4 9 0 0.02 0.0 0 18.1 28 350 M M 6 1 32 350
30 56 38 47 -12 18 0 0.00 0.0 0 13.9 29 350 M M 0 36 350
================================================================================
SM 2348 1692 49 130 4.25 0.0 278.6 M 103
================================================================================
AV 78.3 56.4 9.3 FASTST M M 3 MAX(MPH)
MISC ----> 30 10 42 150
================================================================================
NOTES:
# LAST OF SEVERAL OCCURRENCES
COLUMN 17 PEAK WIND IN M.P.H.
PRELIMINARY LOCAL CLIMATOLOGICAL DATA (WS FORM: F-6) , PAGE 2
STATION: PALACIOS
MONTH: NOVEMBER
YEAR: 2020
LATITUDE: 28 43 N
LONGITUDE: 96 15 W
[TEMPERATURE DATA] [PRECIPITATION DATA] SYMBOLS USED IN COLUMN 16
AVERAGE MONTHLY: 67.3 TOTAL FOR MONTH: 4.25 1 = FOG OR MIST
DPTR FM NORMAL: 3.5 DPTR FM NORMAL: 0.29 2 = FOG REDUCING VISIBILITY
HIGHEST: 84 ON 13 GRTST 24HR 4.06 ON 27-28 TO 1/4 MILE OR LESS
LOWEST: 38 ON 30 3 = THUNDER
SNOW, ICE PELLETS, HAIL 4 = ICE PELLETS
TOTAL MONTH: 0.0 INCH 5 = HAIL
GRTST 24HR 0.0 6 = FREEZING RAIN OR DRIZZLE
GRTST DEPTH: 0 7 = DUSTSTORM OR SANDSTORM:
VSBY 1/2 MILE OR LESS
8 = SMOKE OR HAZE
[NO. OF DAYS WITH] [WEATHER - DAYS WITH] 9 = BLOWING SNOW
X = TORNADO
MAX 32 OR BELOW: 0 0.01 INCH OR MORE: 4
MAX 90 OR ABOVE: 0 0.10 INCH OR MORE: 2
MIN 32 OR BELOW: 0 0.50 INCH OR MORE: 1
MIN 0 OR BELOW: 0 1.00 INCH OR MORE: 1
[HDD (BASE 65) ]
TOTAL THIS MO. 49 CLEAR (SCALE 0-3) 15
DPTR FM NORMAL -77 PTCLDY (SCALE 4-7) 13
TOTAL FM JUL 1 85 CLOUDY (SCALE 8-10) 2
DPTR FM NORMAL -60
[CDD (BASE 65) ]
TOTAL THIS MO. 130
DPTR FM NORMAL 41 [PRESSURE DATA]
TOTAL FM JAN 1 3597 HIGHEST SLP 30.48 ON 2
DPTR FM NORMAL 459 LOWEST SLP 29.78 ON 10
[REMARKS]
#FINAL-11-20#