000
CXUS56 KOTX 011010
CF6PUW
PRELIMINARY LOCAL CLIMATOLOGICAL DATA (WS FORM: F-6)
STATION: PULLMAN_MOSCOW AIRPORT
MONTH: JANUARY
YEAR: 2023
LATITUDE: 46 44 N
LONGITUDE: 117 7 W
TEMPERATURE IN F: :PCPN: SNOW: WIND :SUNSHINE: SKY :PK WND
================================================================================
1 2 3 4 5 6A 6B 7 8 9 10 11 12 13 14 15 16 17 18
12Z AVG MX 2MIN
DY MAX MIN AVG DEP HDD CDD WTR SNW DPTH SPD SPD DIR MIN PSBL S-S WX SPD DR
================================================================================
1 34 30 32 1 33 0 0.00 M M 3.5 10 280 M M 10 12 12 300
2 34 26 30 -1 35 0 0.00 M M 5.3 15 100 M M 6 128 17 100
3 28 24 26 -5 39 0 T M M 7.2 13 90 M M 8 18 15 100
4 M 25 M M M M 0.00 M M 10.2 20 90 M M 1 24 100
5 M M M M M M M M M 10.2 18 100 M M 2 24 90
6 45 34 40 8 25 0 T M M 6.9 14 90 M M 5 18 17 90
7 40 33 37 5 28 0 0.00 M M 12.9 20 100 M M 5 25 100
8 41 34 38 6 27 0 0.14 M M 8.6 17 100 M M 9 1 22 220
9 39 31 35 3 30 0 0.16 M M 11.7 22 90 M M 5 1 29 100
10 41 31 36 4 29 0 0.00 M M 8.8 18 100 M M 1 1 24 90
11 41 33 37 5 28 0 0.04 M M 9.2 17 90 M M 7 1 21 90
12 42 36 39 7 26 0 0.24 M M 13.8 21 100 M M 8 1 25 100
13 47 38 43 11 22 0 0.02 M M 12.7 22 90 M M 6 25 90
14 49 39 44 11 21 0 0.02 M M 8.8 17 100 M M 8 23 90
15 47 37 42 9 23 0 0.02 M M 6.1 16 280 M M 8 22 260
16 43 26 35 2 30 0 0.02 M M 3.7 12 250 M M 6 14 260
17 39 23 31 -2 34 0 0.00 M M 1.4 8 240 M M 6 11 290
18 38 30 34 1 31 0 0.13 M M 8.3 18 100 M M 7 1 22 90
19 35 27 31 -2 34 0 0.00 M M 7.3 16 250 M M 7 20 250
20 36 23 30 -3 35 0 0.00 M M 1.5 8 130 M M 0 10 130
21 38 26 32 -1 33 0 0.02 M M 10.6 23 100 M M 3 1 27 90
22 32 24 28 -5 37 0 0.01 M M 8.3 20 250 M M 10 12 24 240
23 33 23 28 -5 37 0 0.00 M M 7.2 15 120 M M 7 16 120
24 36 23 30 -4 35 0 0.00 M M 4.1 12 250 M M 6 1 16 240
25 37 30 34 0 31 0 0.00 M M 4.2 12 290 M M 9 1 15 280
26 42 31 37 3 28 0 0.00 M M 4.2 10 170 M M 7 1 13 170
27 40 33 37 3 28 0 0.21 M M 11.8 20 260 M M 9 1 28 260
28 35 14 25 -9 40 0 T M M 9.9 20 30 M M 5 18 23 50
29 21 8 15 -19 50 0 0.00 M M 6.9 17 120 M M 0 21 130
30 21 7 14 -20 51 0 0.00 M M 9.8 17 100 M M 2 21 100
31 29 18 24 -10 41 0 T M M 13.8 21 130 M M 8 18 26 130
================================================================================
SM 1083 817 941 0 1.03 M 248.9 M 181
================================================================================
AV 37.3 27.2 8.0 FASTST M M 6 MAX(MPH)
MISC ----> 23 100 29 100
================================================================================
NOTES:
# LAST OF SEVERAL OCCURRENCES
COLUMN 17 PEAK WIND IN M.P.H.
PRELIMINARY LOCAL CLIMATOLOGICAL DATA (WS FORM: F-6) , PAGE 2
STATION: PULLMAN_MOSCOW AIRPORT
MONTH: JANUARY
YEAR: 2023
LATITUDE: 46 44 N
LONGITUDE: 117 7 W
[TEMPERATURE DATA] [PRECIPITATION DATA] SYMBOLS USED IN COLUMN 16
AVERAGE MONTHLY: 32.3 TOTAL FOR MONTH: 1.03 1 = FOG OR MIST
DPTR FM NORMAL: -0.4 DPTR FM NORMAL: -1.12 2 = FOG REDUCING VISIBILITY
HIGHEST: 49 ON 14 GRTST 24HR 0.37 ON 12-13 TO 1/4 MILE OR LESS
LOWEST: 7 ON 30 3 = THUNDER
SNOW, ICE PELLETS, HAIL 4 = ICE PELLETS
TOTAL MONTH: M 5 = HAIL
GRTST 24HR M ON M 6 = FREEZING RAIN OR DRIZZLE
GRTST DEPTH: M ON M 7 = DUSTSTORM OR SANDSTORM:
VSBY 1/2 MILE OR LESS
8 = SMOKE OR HAZE
[NO. OF DAYS WITH] [WEATHER - DAYS WITH] 9 = BLOWING SNOW
X = TORNADO
MAX 32 OR BELOW: 5 0.01 INCH OR MORE: 12
MAX 90 OR ABOVE: 0 0.10 INCH OR MORE: 5
MIN 32 OR BELOW: 21 0.50 INCH OR MORE: 0
MIN 0 OR BELOW: 0 1.00 INCH OR MORE: 0
[HDD (BASE 65) ]
TOTAL THIS MO. 941 CLEAR (SCALE 0-3) 7
DPTR FM NORMAL -60 PTCLDY (SCALE 4-7) 17
TOTAL FM JUL 1 3636 CLOUDY (SCALE 8-10) 7
DPTR FM NORMAL 9
[CDD (BASE 65) ]
TOTAL THIS MO. 0
DPTR FM NORMAL 0 [PRESSURE DATA]
TOTAL FM JAN 1 0 HIGHEST SLP M ON M
DPTR FM NORMAL 0 LOWEST SLP 29.44 ON 15
[REMARKS]
#FINAL-01-23#