000
CXUS56 KOTX 010910
CF6PUW
PRELIMINARY LOCAL CLIMATOLOGICAL DATA (WS FORM: F-6)
STATION: PULLMAN_MOSCOW AIRPORT
MONTH: MAY
YEAR: 2021
LATITUDE: 46 44 N
LONGITUDE: 117 7 W
TEMPERATURE IN F: :PCPN: SNOW: WIND :SUNSHINE: SKY :PK WND
================================================================================
1 2 3 4 5 6A 6B 7 8 9 10 11 12 13 14 15 16 17 18
12Z AVG MX 2MIN
DY MAX MIN AVG DEP HDD CDD WTR SNW DPTH SPD SPD DIR MIN PSBL S-S WX SPD DR
================================================================================
1 65 48 57 6 8 0 0.00 M M 11.8 22 240 M M 3 31 250
2 60 38 49 -2 16 0 0.00 M M 9.3 21 280 M M 3 27 260
3 63 35 49 -2 16 0 0.00 M M 4.0 15 250 M M 1 8 20 260
4 64 40 52 0 13 0 0.00 M M 8.5 18 280 M M 5 8 26 300
5 73 40 57 5 8 0 0.00 M M 9.9 18 90 M M 0 8 23 140
6 85 51 68 16 0 3 T M M 16.7 28 250 M M 2 8 37 250
7 55 40 48 -4 17 0 0.01 M M 14.0 29 240 M M 9 8 37 240
8 55 35 45 -8 20 0 0.00 M M 11.4 24 250 M M 3 31 250
9 60 32 46 -7 19 0 0.00 M M 5.0 16 290 M M 7 21 290
10 63 39 51 -2 14 0 T M M 4.7 17 50 M M 3 8 20 40
11 69 41 55 1 10 0 0.00 M M 5.6 14 90 M M 1 18 290
12 71 42 57 3 8 0 0.00 M M 7.6 16 280 M M 2 21 90
13 72 40 56 2 9 0 0.00 M M 4.7 18 290 M M 0 8 24 290
14 75 42 59 5 6 0 0.00 M M 3.6 15 280 M M 1 8 20 350
15 77 39 58 3 7 0 0.00 M M 3.5 16 320 M M 0 20 330
16 80 42 61 6 4 0 0.00 M M 2.0 13 290 M M 0 18 290
17 76 46 61 6 4 0 0.00 M M 9.7 24 270 M M 2 8 31 280
18 59 45 52 -3 13 0 0.00 M M 12.5 26 230 M M 4 8 34 220
19 50 43 47 -9 18 0 0.10 M M 5.1 16 280 M M 9 1 19 280
20 49 40 45 -11 20 0 0.21 M M 8.8 20 300 M M 10 1 25 300
21 56 36 46 -10 19 0 0.00 M M 6.6 18 50 M M 8 23 40
22 63 43 53 -3 12 0 0.00 M M 6.6 14 280 M M 3 20 130
23 63 39 51 -5 14 0 0.00 M M 14.3 31 240 M M 0 40 230
24 66 46 56 0 9 0 0.00 M M 16.4 33 240 M M 2 8 41 230
25 62 42 52 -5 13 0 0.03 M M 3.9 15 280 M M 6 8 18 280
26 69 47 58 1 7 0 T M M 7.3 15 250 M M 3 22 280
27 71 47 59 2 6 0 T M M 15.1 29 260 M M 2 8 40 260
28 61 43 52 -5 13 0 0.00 M M 11.3 22 230 M M 2 26 240
29 71 41 56 -1 9 0 0.00 M M 5.2 14 90 M M 0 18 120
30 75 39 57 0 8 0 0.00 M M 2.6 10 280 M M 0 17 350
31 80 45 63 6 2 0 0.00 M M 3.5 13 250 M M 0 8 19 310
================================================================================
SM 2058 1286 342 3 0.35 M 251.2 M 91
================================================================================
AV 66.4 41.5 8.1 FASTST M M 3 MAX(MPH)
MISC ----> 33 240 41 230
================================================================================
NOTES:
# LAST OF SEVERAL OCCURRENCES
COLUMN 17 PEAK WIND IN M.P.H.
PRELIMINARY LOCAL CLIMATOLOGICAL DATA (WS FORM: F-6) , PAGE 2
STATION: PULLMAN_MOSCOW AIRPORT
MONTH: MAY
YEAR: 2021
LATITUDE: 46 44 N
LONGITUDE: 117 7 W
[TEMPERATURE DATA] [PRECIPITATION DATA] SYMBOLS USED IN COLUMN 16
AVERAGE MONTHLY: 53.9 TOTAL FOR MONTH: 0.35 1 = FOG OR MIST
DPTR FM NORMAL: -0.6 DPTR FM NORMAL: -1.06 2 = FOG REDUCING VISIBILITY
HIGHEST: 85 ON 6 GRTST 24HR 0.30 ON 19-20 TO 1/4 MILE OR LESS
LOWEST: 32 ON 9 3 = THUNDER
SNOW, ICE PELLETS, HAIL 4 = ICE PELLETS
TOTAL MONTH: M 5 = HAIL
GRTST 24HR M ON M 6 = FREEZING RAIN OR DRIZZLE
GRTST DEPTH: M ON M 7 = DUSTSTORM OR SANDSTORM:
VSBY 1/2 MILE OR LESS
8 = SMOKE OR HAZE
[NO. OF DAYS WITH] [WEATHER - DAYS WITH] 9 = BLOWING SNOW
X = TORNADO
MAX 32 OR BELOW: 0 0.01 INCH OR MORE: 4
MAX 90 OR ABOVE: 0 0.10 INCH OR MORE: 2
MIN 32 OR BELOW: 1 0.50 INCH OR MORE: 0
MIN 0 OR BELOW: 0 1.00 INCH OR MORE: 0
[HDD (BASE 65) ]
TOTAL THIS MO. 342 CLEAR (SCALE 0-3) 19
DPTR FM NORMAL 10 PTCLDY (SCALE 4-7) 9
TOTAL FM JUL 1 5906 CLOUDY (SCALE 8-10) 3
DPTR FM NORMAL -167
[CDD (BASE 65) ]
TOTAL THIS MO. 3
DPTR FM NORMAL -5 [PRESSURE DATA]
TOTAL FM JAN 1 3 HIGHEST SLP M ON M
DPTR FM NORMAL -5 LOWEST SLP 29.75 ON 6
[REMARKS]
#FINAL-05-21#