000
CXUS56 KOTX 011010
CF6PUW
PRELIMINARY LOCAL CLIMATOLOGICAL DATA (WS FORM: F-6)
STATION: PULLMAN_MOSCOW AIRPORT
MONTH: NOVEMBER
YEAR: 2023
LATITUDE: 46 44 N
LONGITUDE: 117 7 W
TEMPERATURE IN F: :PCPN: SNOW: WIND :SUNSHINE: SKY :PK WND
================================================================================
1 2 3 4 5 6A 6B 7 8 9 10 11 12 13 14 15 16 17 18
12Z AVG MX 2MIN
DY MAX MIN AVG DEP HDD CDD WTR SNW DPTH SPD SPD DIR MIN PSBL S-S WX SPD DR
================================================================================
1 48 25 37 -6 28 0 0.04 M M 5.3 13 90 M M 5 18 15 90
2 55 41 48 6 17 0 0.52 M M 10.6 18 140 M M 8 1 22 250
3 54 40 47 5 18 0 0.00 M M 5.2 16 90 M M 3 19 90
4 52 45 49 7 16 0 0.54 M M 11.5 20 130 M M 10 1 23 90
5 53 41 47 5 18 0 0.01 M M 7.9 16 250 M M 3 22 250
6 49 43 46 5 19 0 0.29 M M 9.2 20 230 M M 9 1 26 220
7 46 38 42 1 23 0 0.13 M M 14.3 23 250 M M 8 1 32 240
8 46 31 39 -2 26 0 0.00 M M 3.4 10 90 M M 3 16 250
9 46 32 39 -1 26 0 0.00 M M 11.0 18 100 M M 1 1 22 90
10 47 36 42 2 23 0 0.02 M M 6.9 20 250 M M 7 1 27 240
11 54 40 47 7 18 0 0.04 M M 12.8 36 240 M M 6 1 48 250
12 52 36 44 4 21 0 0.00 M M 11.2 23 110 M M 1 28 110
13 48 33 41 2 24 0 T M M 5.2 18 280 M M 6 12 24 270
14 50 32 41 2 24 0 0.01 M M 4.1 15 90 M M 2 12 17 90
15 47 35 41 2 24 0 0.48 M M 5.8 12 280 M M 10 1 15 280
16 42 27 35 -3 30 0 0.00 M M 1.3 8 310 M M 5 12 10 190
17 42 28 35 -3 30 0 0.00 M M 3.8 12 120 M M 2 1 14 120
18 46 29 38 0 27 0 T M M 4.9 14 100 M M 8 12 17 110
19 45 30 38 0 27 0 0.15 M M 13.8 29 240 M M 7 12 38 240
20 45 29 37 0 28 0 0.00 M M 8.2 17 100 M M 1 22 90
21 47 33 40 3 25 0 0.00 M M 13.1 23 100 M M 0 27 100
22 43 36 40 3 25 0 0.02 M M 4.1 13 120 M M 10 12 16 260
23 37 32 35 -1 30 0 0.00 M M 5.9 16 40 M M 8 12 20 30
24 39 25 32 -4 33 0 0.00 M M 5.5 13 20 M M 3 12 14 10
25 32 20 26 -10 39 0 0.00 M M 4.1 10 100 M M 6 1 16 90
26 30 18 24 -12 41 0 0.00 M M 2.8 9 90 M M 7 1 12 80
27 38 25 32 -3 33 0 0.00 M M 7.4 17 150 M M 0 21 120
28 38 21 30 -5 35 0 0.00 M M 5.8 14 110 M M 4 12 17 100
29 23 20 22 -13 43 0 0.00 M M 1.9 8 230 M M 10 12 11 120
30 28 22 25 -9 40 0 T M M 2.5 9 110 M M 10 1 11 80
================================================================================
SM 1322 943 811 0 2.25 M 209.5 M 163
================================================================================
AV 44.1 31.4 7.0 FASTST M M 5 MAX(MPH)
MISC ----> 36 240 48 250
================================================================================
NOTES:
# LAST OF SEVERAL OCCURRENCES
COLUMN 17 PEAK WIND IN M.P.H.
PRELIMINARY LOCAL CLIMATOLOGICAL DATA (WS FORM: F-6) , PAGE 2
STATION: PULLMAN_MOSCOW AIRPORT
MONTH: NOVEMBER
YEAR: 2023
LATITUDE: 46 44 N
LONGITUDE: 117 7 W
[TEMPERATURE DATA] [PRECIPITATION DATA] SYMBOLS USED IN COLUMN 16
AVERAGE MONTHLY: 37.8 TOTAL FOR MONTH: 2.25 1 = FOG OR MIST
DPTR FM NORMAL: -0.8 DPTR FM NORMAL: 0.11 2 = FOG REDUCING VISIBILITY
HIGHEST: 55 ON 2 GRTST 24HR 0.56 ON 1- 2 TO 1/4 MILE OR LESS
LOWEST: 18 ON 26 3 = THUNDER
SNOW, ICE PELLETS, HAIL 4 = ICE PELLETS
TOTAL MONTH: M 5 = HAIL
GRTST 24HR M ON M 6 = FREEZING RAIN OR DRIZZLE
GRTST DEPTH: M ON M 7 = DUSTSTORM OR SANDSTORM:
VSBY 1/2 MILE OR LESS
8 = SMOKE OR HAZE
[NO. OF DAYS WITH] [WEATHER - DAYS WITH] 9 = BLOWING SNOW
X = TORNADO
MAX 32 OR BELOW: 4 0.01 INCH OR MORE: 12
MAX 90 OR ABOVE: 0 0.10 INCH OR MORE: 6
MIN 32 OR BELOW: 17 0.50 INCH OR MORE: 2
MIN 0 OR BELOW: 0 1.00 INCH OR MORE: 0
[HDD (BASE 65) ]
TOTAL THIS MO. 811 CLEAR (SCALE 0-3) 8
DPTR FM NORMAL 19 PTCLDY (SCALE 4-7) 15
TOTAL FM JUL 1 1470 CLOUDY (SCALE 8-10) 7
DPTR FM NORMAL -123
[CDD (BASE 65) ]
TOTAL THIS MO. 0
DPTR FM NORMAL 0 [PRESSURE DATA]
TOTAL FM JAN 1 361 HIGHEST SLP M ON M
DPTR FM NORMAL 78 LOWEST SLP 29.63 ON 6
[REMARKS]
#FINAL-11-23#