000
CXUS56 KOTX 010910
CF6PUW
PRELIMINARY LOCAL CLIMATOLOGICAL DATA (WS FORM: F-6)
STATION: PULLMAN_MOSCOW AIRPORT
MONTH: SEPTEMBER
YEAR: 2023
LATITUDE: 46 44 N
LONGITUDE: 117 7 W
TEMPERATURE IN F: :PCPN: SNOW: WIND :SUNSHINE: SKY :PK WND
================================================================================
1 2 3 4 5 6A 6B 7 8 9 10 11 12 13 14 15 16 17 18
12Z AVG MX 2MIN
DY MAX MIN AVG DEP HDD CDD WTR SNW DPTH SPD SPD DIR MIN PSBL S-S WX SPD DR
================================================================================
1 75 45 60 -4 5 0 0.00 M M 2.4 10 360 M M 0 13 340
2 83 49 66 2 0 1 0.00 M M 1.7 9 160 M M 0 8 11 80
3 76 60 68 5 0 3 0.03 M M 5.6 17 250 M M 4 1 23 250
4 69 53 61 -2 4 0 0.00 M M 8.9 20 250 M M 7 27 270
5 76 45 61 -2 4 0 0.00 M M 2.0 10 290 M M 2 13 300
6 77 46 62 -1 3 0 0.00 M M 3.4 16 250 M M 1 8 21 270
7 79 45 62 0 3 0 0.29 M M 2.8 15 310 M M 2 138 20 310
8 77 55 66 4 0 1 0.04 M M 3.0 10 60 M M 2 1 13 340
9 84 50 67 5 0 2 0.00 M M 3.4 14 120 M M 0 18 130
10 88 56 72 10 0 7 0.00 M M 5.7 16 90 M M 0 22 100
11 81 50 66 5 0 1 0.00 M M 3.1 10 280 M M 0 14 280
12 74 55 65 4 0 0 0.00 M M 5.7 15 250 M M 1 8 21 250
13 73 47 60 -1 5 0 0.00 M M 6.6 18 240 M M 1 8 24 230
14 80 43 62 2 3 0 0.00 M M 2.4 10 360 M M 0 8 13 160
15 85 52 69 9 0 4 0.00 M M 4.4 14 90 M M 0 8 18 80
16 89 55 72 12 0 7 0.00 M M 5.3 16 100 M M 0 8 20 100
17 82 51 67 7 0 2 0.00 M M 6.7 24 240 M M 0 8 30 220
18 73 50 62 3 3 0 0.00 M M 9.2 24 250 M M 1 8 32 250
19 64 40 52 -7 13 0 0.00 M M 5.3 17 250 M M 1 8 23 250
20 58 41 50 -9 15 0 0.10 M M 4.7 16 240 M M 8 18 20 240
21 56 43 50 -8 15 0 0.07 M M 2.9 13 310 M M 8 12 16 300
22 56 43 50 -8 15 0 0.01 M M 4.3 14 90 M M 9 12 18 90
23 71 46 59 1 6 0 0.00 M M 9.0 17 130 M M 0 8 21 100
24 69 49 59 2 6 0 0.01 M M 6.2 21 240 M M 8 18 28 240
25 78 53 66 9 0 1 0.00 M M 8.4 23 110 M M 2 8 36 110
26 60 47 54 -2 11 0 0.32 M M 5.3 15 230 M M 7 1 19 240
27 60 47 54 -2 11 0 0.06 M M 11.4 26 230 M M 5 1 34 240
28 60 43 52 -4 13 0 T M M 5.3 16 250 M M 7 24 270
29 58 40 49 -6 16 0 0.07 M M 2.3 10 120 M M 7 14 140
30 52 41 47 -8 18 0 0.01 M M 5.6 13 270 M M 9 1 15 280
================================================================================
SM 2163 1440 169 29 1.01 M 153.0 M 92
================================================================================
AV 72.1 48.0 5.1 FASTST M M 3 MAX(MPH)
MISC ----> 26 230 36 110
================================================================================
NOTES:
# LAST OF SEVERAL OCCURRENCES
COLUMN 17 PEAK WIND IN M.P.H.
PRELIMINARY LOCAL CLIMATOLOGICAL DATA (WS FORM: F-6) , PAGE 2
STATION: PULLMAN_MOSCOW AIRPORT
MONTH: SEPTEMBER
YEAR: 2023
LATITUDE: 46 44 N
LONGITUDE: 117 7 W
[TEMPERATURE DATA] [PRECIPITATION DATA] SYMBOLS USED IN COLUMN 16
AVERAGE MONTHLY: 60.1 TOTAL FOR MONTH: 1.01 1 = FOG OR MIST
DPTR FM NORMAL: 0.3 DPTR FM NORMAL: 0.36 2 = FOG REDUCING VISIBILITY
HIGHEST: 89 ON 16 GRTST 24HR 0.33 ON 7- 8 TO 1/4 MILE OR LESS
LOWEST: 40 ON 29,19 3 = THUNDER
SNOW, ICE PELLETS, HAIL 4 = ICE PELLETS
TOTAL MONTH: M 5 = HAIL
GRTST 24HR M ON M 6 = FREEZING RAIN OR DRIZZLE
GRTST DEPTH: M ON M 7 = DUSTSTORM OR SANDSTORM:
VSBY 1/2 MILE OR LESS
8 = SMOKE OR HAZE
[NO. OF DAYS WITH] [WEATHER - DAYS WITH] 9 = BLOWING SNOW
X = TORNADO
MAX 32 OR BELOW: 0 0.01 INCH OR MORE: 11
MAX 90 OR ABOVE: 0 0.10 INCH OR MORE: 3
MIN 32 OR BELOW: 0 0.50 INCH OR MORE: 0
MIN 0 OR BELOW: 0 1.00 INCH OR MORE: 0
[HDD (BASE 65) ]
TOTAL THIS MO. 169 CLEAR (SCALE 0-3) 19
DPTR FM NORMAL -20 PTCLDY (SCALE 4-7) 9
TOTAL FM JUL 1 214 CLOUDY (SCALE 8-10) 2
DPTR FM NORMAL -73
[CDD (BASE 65) ]
TOTAL THIS MO. 29
DPTR FM NORMAL -3 [PRESSURE DATA]
TOTAL FM JAN 1 359 HIGHEST SLP M ON M
DPTR FM NORMAL 77 LOWEST SLP 29.78 ON 1
[REMARKS]
#FINAL-09-23#