000
CXUS54 KOUN 010810
CF6PWA
PRELIMINARY LOCAL CLIMATOLOGICAL DATA (WS FORM: F-6)
STATION: BETHANY/WILEY POST
MONTH: MARCH
YEAR: 2021
LATITUDE: 35 31 N
LONGITUDE: 97 38 W
TEMPERATURE IN F: :PCPN: SNOW: WIND :SUNSHINE: SKY :PK WND
================================================================================
1 2 3 4 5 6A 6B 7 8 9 10 11 12 13 14 15 16 17 18
12Z AVG MX 2MIN
DY MAX MIN AVG DEP HDD CDD WTR SNW DPTH SPD SPD DIR MIN PSBL S-S WX SPD DR
================================================================================
1 58 29 44 -2 21 0 0.00 M M 7.6 18 10 M M 0 24 10
2 65 29 47 1 18 0 0.00 M M 9.2 16 210 M M 1 22 200
3 72 42 57 11 8 0 0.00 0.0 0 13.0 20 210 M M 0 23 200
4 78 49 64 17 1 0 T M M 15.7 24 150 M M 1 30 150
5 60 45 53 6 12 0 0.08 M M 14.0 29 40 M M 8 1 36 40
6 66 31 49 1 16 0 0.00 M M 6.7 15 200 M M 0 128 23 160
7 69 40 55 7 10 0 0.00 M M 15.7 26 190 M M 0 37 200
8 72 43 58 10 7 0 0.00 M M 18.1 28 170 M M 0 35 170
9 75 56 66 18 0 1 0.00 M M 25.3 39 200 M M 1 47 190
10 82 63 73 24 0 8 0.00 M M 22.7 31 180 M M 3 8 41 160
11 67 49 58 9 7 0 T M M 11.0 21 180 M M 8 29 180
12 73 51 62 13 3 0 0.11 M M 9.1 17 190 M M 10 18 21 160
13 72 52 62 12 3 0 T M M 13.5 28 150 M M 10 128 37 140
14 69 55 62 12 3 0 0.02 M M 16.7 28 200 M M 4 1 35 230
15 68 47 58 8 7 0 0.00 M M 11.7 25 250 M M 0 32 250
16 81 49 65 14 0 0 0.00 M M 13.4 24 150 M M 0 33 190
17 70 39 55 4 10 0 0.01 M M 17.3 32 340 M M 10 138 46 320
18 51 39 45 -6 20 0 0.00 0.0 0 17.4 30 340 M M 8 37 340
19 63 35 49 -3 16 0 0.00 M M 8.1 15 360 M M 1 20 40
20 69 38 54 2 11 0 0.00 M M 11.2 24 160 M M 0 33 150
21 70 46 58 6 7 0 0.00 M M 20.7 32 170 M M 0 38 170
22 59 47 53 1 12 0 T M M 18.6 33 140 M M 6 13 42 140
23 64 45 55 2 10 0 M M M 13.8 25 270 M M 6 35 270
24 58 41 50 -3 15 0 T 0.0 M 8.7 18 360 M M 4 22 10
25 62 44 53 0 12 0 0.00 M M 7.6 16 290 M M 5 20 290
26 79 46 63 9 2 0 0.00 M M 16.4 29 200 M M 0 34 200
27 74 46 60 6 5 0 0.00 M M 13.7 26 360 M M 1 32 10
28 70 38 54 0 11 0 0.00 M M 6.2 17 170 M M 0 22 170
29 79 51 65 11 0 0 0.00 M M 23.1 36 180 M M 0 46 200
30 66 51 59 4 6 0 0.00 M M 17.0 30 190 M M 2 38 190
31 65 44 55 0 10 0 0.00 M M 9.8 20 30 M M 2 27 30
================================================================================
SM 2126 1380 263 9 0.22 0.0 433.0 M 91
================================================================================
AV 68.6 44.5 14.0 FASTST M M 3 MAX(MPH)
MISC ----> 39 200 47 190
================================================================================
NOTES:
# LAST OF SEVERAL OCCURRENCES
COLUMN 17 PEAK WIND IN M.P.H.
PRELIMINARY LOCAL CLIMATOLOGICAL DATA (WS FORM: F-6) , PAGE 2
STATION: BETHANY/WILEY POST
MONTH: MARCH
YEAR: 2021
LATITUDE: 35 31 N
LONGITUDE: 97 38 W
[TEMPERATURE DATA] [PRECIPITATION DATA] SYMBOLS USED IN COLUMN 16
AVERAGE MONTHLY: 56.5 TOTAL FOR MONTH: 0.22 1 = FOG OR MIST
DPTR FM NORMAL: 6.0 DPTR FM NORMAL: -2.56 2 = FOG REDUCING VISIBILITY
HIGHEST: 82 ON 10 GRTST 24HR 0.11 ON 12-12 TO 1/4 MILE OR LESS
LOWEST: 29 ON 2, 1 3 = THUNDER
SNOW, ICE PELLETS, HAIL 4 = ICE PELLETS
TOTAL MONTH: 0.0 INCH 5 = HAIL
GRTST 24HR 0.0 6 = FREEZING RAIN OR DRIZZLE
GRTST DEPTH: 0 7 = DUSTSTORM OR SANDSTORM:
VSBY 1/2 MILE OR LESS
8 = SMOKE OR HAZE
[NO. OF DAYS WITH] [WEATHER - DAYS WITH] 9 = BLOWING SNOW
X = TORNADO
MAX 32 OR BELOW: 0 0.01 INCH OR MORE: 4
MAX 90 OR ABOVE: 0 0.10 INCH OR MORE: 1
MIN 32 OR BELOW: 3 0.50 INCH OR MORE: 0
MIN 0 OR BELOW: 0 1.00 INCH OR MORE: 0
[HDD (BASE 65) ]
TOTAL THIS MO. 263 CLEAR (SCALE 0-3) 20
DPTR FM NORMAL -193 PTCLDY (SCALE 4-7) 6
TOTAL FM JUL 1 3204 CLOUDY (SCALE 8-10) 5
DPTR FM NORMAL -184
[CDD (BASE 65) ]
TOTAL THIS MO. 9
DPTR FM NORMAL 1 [PRESSURE DATA]
TOTAL FM JAN 1 9 HIGHEST SLP M ON M
DPTR FM NORMAL 0 LOWEST SLP 29.46 ON 23
[REMARKS]
#FINAL-03-21#