000
CXUS54 KFWD 010731
CF6PWG
PRELIMINARY LOCAL CLIMATOLOGICAL DATA (WS FORM: F-6)
STATION: WACO MCGREGOR
MONTH: OCTOBER
YEAR: 2020
LATITUDE: 31 28 N
LONGITUDE: 97 19 W
TEMPERATURE IN F: :PCPN: SNOW: WIND :SUNSHINE: SKY :PK WND
================================================================================
1 2 3 4 5 6A 6B 7 8 9 10 11 12 13 14 15 16 17 18
12Z AVG MX 2MIN
DY MAX MIN AVG DEP HDD CDD WTR SNW DPTH SPD SPD DIR MIN PSBL S-S WX SPD DR
================================================================================
1 84 51 68 -4 0 3 0.00 0.0 0 7.9 16 60 M M 0 22 60
2 81 51 66 -5 0 1 0.00 0.0 0 5.1 9 80 M M 0 M M
3 85 54 70 -1 0 5 0.00 0.0 0 8.5 16 160 M M 0 22 160
4 82 55 69 -2 0 4 0.00 0.0 0 7.2 14 40 M M 3 22 350
5 82 49 66 -4 0 1 0.00 0.0 0 5.3 9 130 M M 0 M M
6 87 58 73 3 0 8 0.00 0.0 0 5.5 10 160 M M 1 M M
7 88 59 74 4 0 9 0.00 0.0 0 4.5 9 170 M M 0 M M
8 85 56 71 1 0 6 0.00 0.0 0 4.5 9 80 M M 0 M M
9 87 67 77 8 0 12 0.00 0.0 0 7.0 12 40 M M 0 1 M M
10 91 61 76 7 0 11 0.00 0.0 0 4.4 9 160 M M 0 1 M M
11 98 67 83 15 0 18 0.00 0.0 0 10.8 15 160 M M 0 M M
12 84 56 70 2 0 5 0.00 0.0 0 11.8 18 340 M M 0 27 340
13 84 48 66 -2 0 1 0.00 0.0 0 2.4 7 30 M M 0 M M
14 93 55 74 6 0 9 0.00 0.0 0 10.9 21 170 M M 0 21 180
15 84 66 75 8 0 10 0.00 0.0 0 14.2 24 20 M M 0 33 20
16 74 51 63 -4 2 0 0.00 0.0 0 9.4 22 30 M M 0 M M
17 80 48 64 -3 1 0 0.00 0.0 0 11.2 21 200 M M 0 31 200
18 91 72 82 16 0 17 0.00 0.0 0 16.4 23 180 M M 0 35 180
19 77 58 68 2 0 3 0.00 0.0 0 7.4 12 10 M M 0 63 340
20 91 68 80 14 0 15 0.00 0.0 0 9.6 16 150 M M 0 22 170
21 78 70 74 8 0 9 0.00 0.0 0 9.6 16 140 M M 0 22 130
22 M M M M M M 0.00 0.0 0 10.7 15 130 M M 0 8 18 140
23 M M M M M M 0.04 0.0 0 11.6 20 350 M M 0 3 32 340
24 M M M M M M 0.00 0.0 0 6.0 12 350 M M 0 45 140
25 M M M M M M 0.02 0.0 0 7.4 10 70 M M 0 18 40 130
26 M M M M M M 0.02 0.0 0 14.5 21 350 M M 0 18 28 340
27 M M M M M M 0.01 M 0 9.7 17 360 M M 0 1 36 330
28 M M M M M M M M 0 9.7 16 300 M M 0 8 25 320
29 M M M M M M 0.01 M 0 10.4 20 310 M M 2 31 310
30 66 45 56 -7 9 0 0.02 M 0 4.2 8 330 M M 0 M M
31 74 40 57 -5 8 0 0.03 M 0 6.4 13 190 M M 0 127 30
================================================================================
SM 1926 1305 20 147 0.15 0.0 264.2 M 6
================================================================================
AV 83.7 56.7 8.5 FASTST M M 0 MAX(MPH)
MISC ----> # 24 20 #127 30
================================================================================
NOTES:
# LAST OF SEVERAL OCCURRENCES
COLUMN 17 PEAK WIND IN M.P.H.
PRELIMINARY LOCAL CLIMATOLOGICAL DATA (WS FORM: F-6) , PAGE 2
STATION: WACO MCGREGOR
MONTH: OCTOBER
YEAR: 2020
LATITUDE: 31 28 N
LONGITUDE: 97 19 W
[TEMPERATURE DATA] [PRECIPITATION DATA] SYMBOLS USED IN COLUMN 16
AVERAGE MONTHLY: 70.2 TOTAL FOR MONTH: 0.15 1 = FOG OR MIST
DPTR FM NORMAL: 3.1 DPTR FM NORMAL: -4.03 2 = FOG REDUCING VISIBILITY
HIGHEST: 98 ON 11 GRTST 24HR 0.04 ON 23-23 TO 1/4 MILE OR LESS
LOWEST: 40 ON 31 3 = THUNDER
SNOW, ICE PELLETS, HAIL 4 = ICE PELLETS
TOTAL MONTH: 0.0 INCH 5 = HAIL
GRTST 24HR 0.0 6 = FREEZING RAIN OR DRIZZLE
GRTST DEPTH: 0 7 = DUSTSTORM OR SANDSTORM:
VSBY 1/2 MILE OR LESS
8 = SMOKE OR HAZE
[NO. OF DAYS WITH] [WEATHER - DAYS WITH] 9 = BLOWING SNOW
X = TORNADO
MAX 32 OR BELOW: 0 0.01 INCH OR MORE: 7
MAX 90 OR ABOVE: 5 0.10 INCH OR MORE: 0
MIN 32 OR BELOW: 0 0.50 INCH OR MORE: 0
MIN 0 OR BELOW: 0 1.00 INCH OR MORE: 0
[HDD (BASE 65) ]
TOTAL THIS MO. 20 CLEAR (SCALE 0-3) 31
DPTR FM NORMAL -51 PTCLDY (SCALE 4-7) 0
TOTAL FM JUL 1 25 CLOUDY (SCALE 8-10) 0
DPTR FM NORMAL -53
[CDD (BASE 65) ]
TOTAL THIS MO. 147
DPTR FM NORMAL 13 [PRESSURE DATA]
TOTAL FM JAN 1 2670 HIGHEST SLP 30.36 ON 16
DPTR FM NORMAL 231 LOWEST SLP 29.73 ON 11
[REMARKS]
#FINAL-10-20#