000
CXUS53 KMKX 010910
CF6RAC
PRELIMINARY LOCAL CLIMATOLOGICAL DATA (WS FORM: F-6)
STATION: RACINE WI
MONTH: FEBRUARY
YEAR: 2023
LATITUDE: 42 45 N
LONGITUDE: 87 49 W
TEMPERATURE IN F: :PCPN: SNOW: WIND :SUNSHINE: SKY :PK WND
================================================================================
1 2 3 4 5 6A 6B 7 8 9 10 11 12 13 14 15 16 17 18
12Z AVG MX 2MIN
DY MAX MIN AVG DEP HDD CDD WTR SNW DPTH SPD SPD DIR MIN PSBL S-S WX SPD DR
================================================================================
1 26 4 15 -8 50 0 0.00 0.0 M 11.4 21 220 M M 2 30 240
2 32 8 20 -3 45 0 0.00 0.0 M 13.1 21 320 M M 0 32 310
3 10 -3 4 -19 61 0 0.00 M M 7.9 15 330 M M 4 22 330
4 41 10 26 2 39 0 0.00 M M 12.5 22 220 M M 2 31 220
5 41 21 31 7 34 0 T M M 9.7 18 210 M M 1 27 220
6 39 15 27 3 38 0 0.00 M M 11.6 22 170 M M 1 18 32 150
7 48 30 39 15 26 0 0.00 M M 11.5 25 240 M M 7 38 220
8 41 25 33 9 32 0 0.00 M M 5.4 12 160 M M 0 18 14 180
9 39 35 37 13 28 0 0.73 M M 14.5 24 10 M M 10 1 38 20
10 38 25 32 7 33 0 0.00 M M 9.4 18 280 M M 2 27 310
11 48 23 36 11 29 0 0.00 M M 10.5 20 230 M M 0 30 250
12 53 30 42 17 23 0 0.00 M M 8.9 15 220 M M 0 20 240
13 50 31 41 16 24 0 0.00 M M 8.1 18 280 M M 0 27 310
14 52 31 42 16 23 0 0.01 M M 12.7 23 200 M M 4 34 160
15 51 34 43 17 22 0 T M M 14.5 31 250 M M 9 8 50 260
16 35 24 30 4 35 0 0.06 M M 19.7 32 30 M M 10 128 47 20
17 24 15 20 -6 45 0 T M M 10.7 22 360 M M 3 8 35 350
18 42 22 32 5 33 0 0.00 M M 10.1 18 230 M M 0 31 210
19 47 33 40 13 25 0 0.00 M M 12.6 22 230 M M 3 32 250
20 40 25 33 6 32 0 0.00 M M 7.1 15 260 M M 2 18 23 270
21 40 22 31 3 34 0 T M M 10.9 25 290 M M 3 8 39 280
22 34 31 33 5 32 0 0.76 M M 18.4 26 80 M M 10 168 36 80
23 38 25 32 4 33 0 0.04 M M 12.7 26 260 M M 10 126 42 270
24 26 16 21 -8 44 0 0.03 M M 8.7 14 50 M M 5 18 20 280
25 38 25 32 3 33 0 0.01 M M 8.6 16 220 M M 5 1 24 210
26 41 27 34 5 31 0 0.00 M M 6.9 13 210 M M 0 18 250
27 42 35 39 9 26 0 1.83 M M 14.4 28 110 M M 9 13 40 110
28 47 35 41 11 24 0 0.00 0.0 M 7.0 15 290 M M 6 24 280
================================================================================
SM 1103 654 934 0 3.47 0.0 309.5 M 108
================================================================================
AV 39.4 23.4 11.1 FASTST M M 4 MAX(MPH)
MISC ----> 32 30 50 260
================================================================================
NOTES:
# LAST OF SEVERAL OCCURRENCES
COLUMN 17 PEAK WIND IN M.P.H.
PRELIMINARY LOCAL CLIMATOLOGICAL DATA (WS FORM: F-6) , PAGE 2
STATION: RACINE WI
MONTH: FEBRUARY
YEAR: 2023
LATITUDE: 42 45 N
LONGITUDE: 87 49 W
[TEMPERATURE DATA] [PRECIPITATION DATA] SYMBOLS USED IN COLUMN 16
AVERAGE MONTHLY: 31.4 TOTAL FOR MONTH: 3.47 1 = FOG OR MIST
DPTR FM NORMAL: 5.4 DPTR FM NORMAL: 2.37 2 = FOG REDUCING VISIBILITY
HIGHEST: 53 ON 12 GRTST 24HR 1.83 ON 27-27 TO 1/4 MILE OR LESS
LOWEST: -3 ON 3 3 = THUNDER
SNOW, ICE PELLETS, HAIL 4 = ICE PELLETS
TOTAL MONTH: 0.0 INCH 5 = HAIL
GRTST 24HR 0.0 6 = FREEZING RAIN OR DRIZZLE
GRTST DEPTH: M ON M 7 = DUSTSTORM OR SANDSTORM:
VSBY 1/2 MILE OR LESS
8 = SMOKE OR HAZE
[NO. OF DAYS WITH] [WEATHER - DAYS WITH] 9 = BLOWING SNOW
X = TORNADO
MAX 32 OR BELOW: 5 0.01 INCH OR MORE: 8
MAX 90 OR ABOVE: 0 0.10 INCH OR MORE: 3
MIN 32 OR BELOW: 23 0.50 INCH OR MORE: 3
MIN 0 OR BELOW: 1 1.00 INCH OR MORE: 1
[HDD (BASE 65) ]
TOTAL THIS MO. 934 CLEAR (SCALE 0-3) 14
DPTR FM NORMAL -157 PTCLDY (SCALE 4-7) 8
TOTAL FM JUL 1 4313 CLOUDY (SCALE 8-10) 6
DPTR FM NORMAL -484
[CDD (BASE 65) ]
TOTAL THIS MO. 0
DPTR FM NORMAL 0 [PRESSURE DATA]
TOTAL FM JAN 1 0 HIGHEST SLP 30.71 ON 24
DPTR FM NORMAL 0 LOWEST SLP 29.11 ON 27
[REMARKS]
#FINAL-02-23#