000
CXUS53 KMKX 010810
CF6RAC
PRELIMINARY LOCAL CLIMATOLOGICAL DATA (WS FORM: F-6)
STATION: RACINE WI
MONTH: OCTOBER
YEAR: 2021
LATITUDE: 42 45 N
LONGITUDE: 87 49 W
TEMPERATURE IN F: :PCPN: SNOW: WIND :SUNSHINE: SKY :PK WND
================================================================================
1 2 3 4 5 6A 6B 7 8 9 10 11 12 13 14 15 16 17 18
12Z AVG MX 2MIN
DY MAX MIN AVG DEP HDD CDD WTR SNW DPTH SPD SPD DIR MIN PSBL S-S WX SPD DR
================================================================================
1 78 53 66 8 0 1 0.00 M M 5.5 13 160 M M 0 12 17 170
2 80 66 73 15 0 8 1.38 M M 7.5 18 150 M M 4 123 27 160
3 74 64 69 12 0 4 0.22 M M 4.3 10 230 M M 7 13 14 220
4 68 64 66 9 0 1 0.00 M M 11.2 21 10 M M 10 1 30 360
5 66 63 65 9 0 0 0.00 M M 10.3 16 40 M M 10 22 40
6 66 61 64 8 1 0 0.00 M M 8.9 14 80 M M 9 18 19 70
7 68 62 65 9 0 0 0.48 M M 6.4 14 120 M M 9 12 19 120
8 73 59 66 11 0 1 0.12 M M 3.7 10 120 M M 6 123 12 100
9 73 61 67 12 0 2 0.00 M M 6.7 16 130 M M 5 1 21 110
10 73 67 70 16 0 5 0.12 M M 9.4 17 240 M M 3 1 27 240
11 74 63 69 15 0 4 0.54 M M 10.4 20 110 M M 5 1 28 100
12 65 59 62 8 3 0 0.07 M M 7.5 15 270 M M 9 1 22 250
13 67 53 60 7 5 0 0.07 M M 8.7 24 150 M M 4 1 35 160
14 72 49 61 8 4 0 T M M 5.7 15 240 M M 4 1 22 250
15 61 46 54 2 11 0 0.00 M M 5.6 13 350 M M 3 17 330
16 50 48 49 -3 16 0 M M M 5.8 7 290 M M 0 M M
17 M M M M M M M M M M M M M M M M M
18 M M M M M M M M M M M M M M M M M
19 M M M M M M M M M M M M M M M M M
20 71 50 61 11 4 0 0.03 M M 6.2 14 160 M M 5 3 20 170
21 64 41 53 3 12 0 0.03 M M 9.9 17 350 M M 7 1 26 260
22 54 38 46 -4 19 0 0.00 M M 5.8 12 30 M M 7 14 30
23 54 34 44 -5 21 0 0.00 M M 4.1 13 330 M M 1 19 310
24 54 33 44 -5 21 0 0.83 M M 13.3 33 80 M M 6 1 48 80
25 54 48 51 3 14 0 0.67 M M 20.5 33 70 M M 9 1 48 80
26 56 42 49 1 16 0 0.00 0.0 0 9.3 17 360 M M 3 27 10
27 55 48 52 4 13 0 0.00 M M 10.0 21 110 M M 5 27 110
28 57 52 55 8 10 0 0.30 M M 12.3 22 110 M M 10 1 29 80
29 56 53 55 8 10 0 0.40 M M 19.6 29 30 M M 10 18 44 20
30 58 45 52 6 13 0 0.00 M M 12.1 24 30 M M 4 35 40
31 53 37 45 -1 20 0 0.00 M M 9.3 20 300 M M 3 31 290
================================================================================
SM 1794 1459 213 26 5.26 0.0 250.0 M 158
================================================================================
AV 64.1 52.1 8.9 FASTST M M 6 MAX(MPH)
MISC ----> # 33 80 # 48 80
================================================================================
NOTES:
# LAST OF SEVERAL OCCURRENCES
COLUMN 17 PEAK WIND IN M.P.H.
PRELIMINARY LOCAL CLIMATOLOGICAL DATA (WS FORM: F-6) , PAGE 2
STATION: RACINE WI
MONTH: OCTOBER
YEAR: 2021
LATITUDE: 42 45 N
LONGITUDE: 87 49 W
[TEMPERATURE DATA] [PRECIPITATION DATA] SYMBOLS USED IN COLUMN 16
AVERAGE MONTHLY: 58.1 TOTAL FOR MONTH: 5.26 1 = FOG OR MIST
DPTR FM NORMAL: 6.0 DPTR FM NORMAL: 2.33 2 = FOG REDUCING VISIBILITY
HIGHEST: 80 ON 2 GRTST 24HR 1.50 ON 24-25 TO 1/4 MILE OR LESS
LOWEST: 33 ON 24 3 = THUNDER
SNOW, ICE PELLETS, HAIL 4 = ICE PELLETS
TOTAL MONTH: 0.0 INCH 5 = HAIL
GRTST 24HR 0.0 6 = FREEZING RAIN OR DRIZZLE
GRTST DEPTH: 0 7 = DUSTSTORM OR SANDSTORM:
VSBY 1/2 MILE OR LESS
8 = SMOKE OR HAZE
[NO. OF DAYS WITH] [WEATHER - DAYS WITH] 9 = BLOWING SNOW
X = TORNADO
MAX 32 OR BELOW: 0 0.01 INCH OR MORE: 14
MAX 90 OR ABOVE: 0 0.10 INCH OR MORE: 10
MIN 32 OR BELOW: 0 0.50 INCH OR MORE: 4
MIN 0 OR BELOW: 0 1.00 INCH OR MORE: 1
[HDD (BASE 65) ]
TOTAL THIS MO. 213 CLEAR (SCALE 0-3) 6
DPTR FM NORMAL -196 PTCLDY (SCALE 4-7) 14
TOTAL FM JUL 1 248 CLOUDY (SCALE 8-10) 11
DPTR FM NORMAL -286
[CDD (BASE 65) ]
TOTAL THIS MO. 26
DPTR FM NORMAL 18 [PRESSURE DATA]
TOTAL FM JAN 1 881 HIGHEST SLP M ON M
DPTR FM NORMAL 226 LOWEST SLP 29.58 ON 29
[REMARKS]
#FINAL-10-21#