000
CXUS54 KFWD 010831
CF6RBD
PRELIMINARY LOCAL CLIMATOLOGICAL DATA (WS FORM: F-6)
STATION: DALLAS EXECUTIVE
MONTH: DECEMBER
YEAR: 2023
LATITUDE: 32 40 N
LONGITUDE: 96 52 W
TEMPERATURE IN F: :PCPN: SNOW: WIND :SUNSHINE: SKY :PK WND
================================================================================
1 2 3 4 5 6A 6B 7 8 9 10 11 12 13 14 15 16 17 18
12Z AVG MX 2MIN
DY MAX MIN AVG DEP HDD CDD WTR SNW DPTH SPD SPD DIR MIN PSBL S-S WX SPD DR
================================================================================
1 60 43 52 0 13 0 0.00 M M 8.3 16 310 M M 0 22 300
2 67 38 53 1 12 0 0.00 M M 5.2 13 160 M M 1 17 150
3 72 40 56 4 9 0 0.00 M M 9.6 24 300 M M 0 38 310
4 63 40 52 0 13 0 0.00 M M 5.5 13 360 M M 0 18 10
5 70 38 54 3 11 0 0.00 M M 4.4 10 350 M M 0 14 360
6 65 42 54 3 11 0 0.00 M M 6.1 14 130 M M 0 17 150
7 70 46 58 7 7 0 0.00 M M 13.6 24 190 M M 1 36 180
8 78 61 70 20 0 5 0.00 M M 14.9 25 200 M M 5 37 200
9 66 44 55 5 10 0 0.00 M M 13.0 23 350 M M 1 1 30 360
10 52 34 43 -7 22 0 0.00 M M 8.2 15 290 M M 0 20 320
11 64 36 50 0 15 0 0.00 M M 7.6 14 160 M M 0 21 180
12 64 37 51 1 14 0 0.00 M M 7.4 15 130 M M 2 21 130
13 59 45 52 3 13 0 0.00 M M 8.5 18 120 M M 7 24 120
14 64 44 54 5 11 0 0.00 M M 8.6 16 120 M M 5 22 130
15 58 45 52 3 13 0 0.42 M M 9.4 20 140 M M 9 13 28 150
16 59 39 49 0 16 0 0.00 M M 9.3 18 330 M M 0 23 340
17 69 38 54 6 11 0 0.00 M M 5.8 13 200 M M 0 20 200
18 63 42 53 5 12 0 0.00 M M 8.1 18 20 M M 0 24 30
19 61 35 48 0 17 0 0.00 M M 8.4 16 140 M M 0 23 160
20 67 44 56 8 9 0 0.00 M M 9.7 16 170 M M 3 23 170
21 58 56 57 9 8 0 0.67 M M 7.4 12 160 M M 10 1 16 150
22 68 55 62 14 3 0 0.19 M M 7.4 14 170 M M 8 1 18 170
23 64 59 62 14 3 0 0.26 M M 9.2 23 140 M M 10 1 30 160
24 65 46 56 8 9 0 1.50 M M 12.1 28 320 M M 7 13 39 310
25 50 37 44 -3 21 0 0.00 M M 13.6 30 330 M M 1 42 320
26 54 34 44 -3 21 0 0.00 M M 9.1 21 190 M M 1 28 180
27 51 37 44 -3 21 0 0.00 M M 9.6 23 330 M M 0 32 320
28 49 35 42 -5 23 0 0.00 M M 8.9 17 340 M M 5 24 320
29 56 32 44 -3 21 0 0.00 M M 10.0 18 300 M M 0 26 290
30 64 32 48 1 17 0 0.00 M M 6.4 12 190 M M 0 20 190
31 66 35 51 4 14 0 0.00 M M 4.8 14 360 M M 0 19 10
================================================================================
SM 1936 1289 400 5 3.04 M 270.1 M 76
================================================================================
AV 62.5 41.6 8.7 FASTST M M 2 MAX(MPH)
MISC ----> 30 330 42 320
================================================================================
NOTES:
# LAST OF SEVERAL OCCURRENCES
COLUMN 17 PEAK WIND IN M.P.H.
PRELIMINARY LOCAL CLIMATOLOGICAL DATA (WS FORM: F-6) , PAGE 2
STATION: DALLAS EXECUTIVE
MONTH: DECEMBER
YEAR: 2023
LATITUDE: 32 40 N
LONGITUDE: 96 52 W
[TEMPERATURE DATA] [PRECIPITATION DATA] SYMBOLS USED IN COLUMN 16
AVERAGE MONTHLY: 52.0 TOTAL FOR MONTH: 3.04 1 = FOG OR MIST
DPTR FM NORMAL: 2.9 DPTR FM NORMAL: -0.04 2 = FOG REDUCING VISIBILITY
HIGHEST: 78 ON 8 GRTST 24HR 1.76 ON 23-24 TO 1/4 MILE OR LESS
LOWEST: 32 ON 30,29 3 = THUNDER
SNOW, ICE PELLETS, HAIL 4 = ICE PELLETS
TOTAL MONTH: M 5 = HAIL
GRTST 24HR M ON M 6 = FREEZING RAIN OR DRIZZLE
GRTST DEPTH: M ON M 7 = DUSTSTORM OR SANDSTORM:
VSBY 1/2 MILE OR LESS
8 = SMOKE OR HAZE
[NO. OF DAYS WITH] [WEATHER - DAYS WITH] 9 = BLOWING SNOW
X = TORNADO
MAX 32 OR BELOW: 0 0.01 INCH OR MORE: 5
MAX 90 OR ABOVE: 0 0.10 INCH OR MORE: 5
MIN 32 OR BELOW: 2 0.50 INCH OR MORE: 2
MIN 0 OR BELOW: 0 1.00 INCH OR MORE: 1
[HDD (BASE 65) ]
TOTAL THIS MO. 400 CLEAR (SCALE 0-3) 21
DPTR FM NORMAL -100 PTCLDY (SCALE 4-7) 7
TOTAL FM JUL 1 757 CLOUDY (SCALE 8-10) 3
DPTR FM NORMAL -77
[CDD (BASE 65) ]
TOTAL THIS MO. 5
DPTR FM NORMAL -1 [PRESSURE DATA]
TOTAL FM JAN 1 3305 HIGHEST SLP 30.51 ON 13
DPTR FM NORMAL 470 LOWEST SLP 29.66 ON 8
[REMARKS]
#FINAL-12-23#