000
CXUS56 KMFR 010930
CF6RBG
PRELIMINARY LOCAL CLIMATOLOGICAL DATA (WS FORM: F-6)
STATION: ROSEBURG OR
MONTH: MARCH
YEAR: 2023
LATITUDE: 43 13 N
LONGITUDE: 123 22 W
TEMPERATURE IN F: :PCPN: SNOW: WIND :SUNSHINE: SKY :PK WND
================================================================================
1 2 3 4 5 6A 6B 7 8 9 10 11 12 13 14 15 16 17 18
12Z AVG MX 2MIN
DY MAX MIN AVG DEP HDD CDD WTR SNW DPTH SPD SPD DIR MIN PSBL S-S WX SPD DR
================================================================================
1 46 31 39 -8 26 0 0.00 M M 1.4 8 320 M M 6 1 11 330
2 44 31 38 -10 27 0 0.09 M M 2.8 12 10 M M 10 18 16 340
3 49 35 42 -6 23 0 0.01 M M 3.9 13 230 M M 9 1 19 240
4 46 35 41 -7 24 0 0.15 M M 4.9 14 170 M M 8 1 24 240
5 47 35 41 -7 24 0 0.10 M M 3.5 20 240 M M 9 1 31 220
6 50 32 41 -7 24 0 0.01 M M 2.3 14 220 M M 7 24 220
7 47 36 42 -6 23 0 0.10 M M 2.8 16 230 M M 8 1 24 170
8 47 32 40 -8 25 0 0.17 M M 3.4 13 150 M M 10 1 19 160
9 52 38 45 -3 20 0 0.15 M M 6.6 21 150 M M 9 1 27 140
10 50 34 42 -7 23 0 0.39 M M 5.0 20 180 M M 9 1 31 170
11 57 35 46 -3 19 0 0.00 M M 1.8 9 230 M M 5 12 17 240
12 61 40 51 2 14 0 0.03 M M 4.5 17 160 M M 9 26 170
13 56 35 46 -3 19 0 0.91 M M 5.3 14 100 M M 9 12 21 160
14 44 35 40 -9 25 0 T M M 4.3 10 10 M M 9 1 14 20
15 54 34 44 -5 21 0 0.00 M M 3.1 13 350 M M 5 18 360
16 62 30 46 -3 19 0 0.00 M M 1.2 7 360 M M 3 12 11 360
17 63 32 48 -1 17 0 0.00 M M 1.3 7 20 M M 2 12 9 310
18 64 35 50 0 15 0 0.00 M M 1.5 8 10 M M 1 12 10 360
19 57 45 51 1 14 0 0.14 M M 1.1 14 170 M M 9 1 19 170
20 54 37 46 -4 19 0 0.02 M M 4.6 12 170 M M 7 18 170
21 57 35 46 -4 19 0 0.00 M M 4.0 10 20 M M 6 M M
22 59 36 48 -2 17 0 0.00 M M 2.6 13 250 M M 8 20 240
23 50 36 43 -7 22 0 0.32 M M 4.6 20 330 M M 9 1 27 330
24 47 35 41 -9 24 0 0.41 M M 4.8 14 320 M M 9 18 21 250
25 46 34 40 -10 25 0 0.29 M M 3.3 25 20 M M 8 1 32 10
26 50 34 42 -8 23 0 0.01 M M 1.0 9 360 M M 6 1 13 10
27 46 32 39 -11 26 0 0.24 M M 1.5 12 160 M M 6 1 18 150
28 54 40 47 -3 18 0 0.43 M M 4.8 17 190 M M 8 1 30 170
29 59 36 48 -2 17 0 0.00 M M 2.2 12 260 M M 3 18 10
30 54 33 44 -6 21 0 T M M 2.9 9 240 M M 8 16 240
31 53 42 48 -2 17 0 0.08 M M 5.1 16 220 M M 10 27 190
================================================================================
SM 1625 1090 650 0 4.05 M 102.1 M 225
================================================================================
AV 52.4 35.2 3.3 FASTST M M 7 MAX(MPH)
MISC ----> 25 20 32 10
================================================================================
NOTES:
# LAST OF SEVERAL OCCURRENCES
COLUMN 17 PEAK WIND IN M.P.H.
PRELIMINARY LOCAL CLIMATOLOGICAL DATA (WS FORM: F-6) , PAGE 2
STATION: ROSEBURG OR
MONTH: MARCH
YEAR: 2023
LATITUDE: 43 13 N
LONGITUDE: 123 22 W
[TEMPERATURE DATA] [PRECIPITATION DATA] SYMBOLS USED IN COLUMN 16
AVERAGE MONTHLY: 43.8 TOTAL FOR MONTH: 4.05 1 = FOG OR MIST
DPTR FM NORMAL: -5.4 DPTR FM NORMAL: 0.58 2 = FOG REDUCING VISIBILITY
HIGHEST: 64 ON 18 GRTST 24HR 0.91 ON 12-13 TO 1/4 MILE OR LESS
LOWEST: 30 ON 16 3 = THUNDER
SNOW, ICE PELLETS, HAIL 4 = ICE PELLETS
TOTAL MONTH: M 5 = HAIL
GRTST 24HR M ON M 6 = FREEZING RAIN OR DRIZZLE
GRTST DEPTH: M ON M 7 = DUSTSTORM OR SANDSTORM:
VSBY 1/2 MILE OR LESS
8 = SMOKE OR HAZE
[NO. OF DAYS WITH] [WEATHER - DAYS WITH] 9 = BLOWING SNOW
X = TORNADO
MAX 32 OR BELOW: 0 0.01 INCH OR MORE: 20
MAX 90 OR ABOVE: 0 0.10 INCH OR MORE: 13
MIN 32 OR BELOW: 7 0.50 INCH OR MORE: 1
MIN 0 OR BELOW: 0 1.00 INCH OR MORE: 0
[HDD (BASE 65) ]
TOTAL THIS MO. 650 CLEAR (SCALE 0-3) 3
DPTR FM NORMAL 159 PTCLDY (SCALE 4-7) 13
TOTAL FM JUL 1 3483 CLOUDY (SCALE 8-10) 15
DPTR FM NORMAL 211
[CDD (BASE 65) ]
TOTAL THIS MO. 0
DPTR FM NORMAL 0 [PRESSURE DATA]
TOTAL FM JAN 1 0 HIGHEST SLP M ON M
DPTR FM NORMAL 0 LOWEST SLP 29.32 ON 9
[REMARKS]
#FINAL-03-23#