000
CXUS56 KSTO 011300
CF6RDD
PRELIMINARY LOCAL CLIMATOLOGICAL DATA (WS FORM: F-6)
STATION: REDDING CA AIRPORT AND CITY
MONTH: MARCH
YEAR: 2023
LATITUDE: 40 30 N
LONGITUDE: 122 18 W
TEMPERATURE IN F: :PCPN: SNOW: WIND :SUNSHINE: SKY :PK WND
================================================================================
1 2 3 4 5 6A 6B 7 8 9 10 11 12 13 14 15 16 17 18
12Z AVG MX 2MIN
DY MAX MIN AVG DEP HDD CDD WTR SNW DPTH SPD SPD DIR MIN PSBL S-S WX SPD DR
================================================================================
1 53 31 42 -11 23 0 0.00 0.0 M 8.8 22 20 M M 0 29 30
2 67 36 52 -1 13 0 0.00 0.0 M 5.6 15 170 M M 2 17 180
3 57 36 47 -6 18 0 0.00 0.0 M 2.9 10 10 M M 3 15 20
4 53 40 47 -6 18 0 0.01 M M 12.9 29 170 M M 7 36 170
5 52 38 45 -8 20 0 0.15 M M 14.5 32 170 M M 7 13 41 180
6 42 33 38 -15 27 0 0.38 M M 2.9 10 190 M M 8 1 13 190
7 49 38 44 -9 21 0 0.30 M M 7.1 25 170 M M 10 1 29 170
8 53 38 46 -8 19 0 0.15 M M 8.2 28 170 M M 6 1 34 180
9 47 33 40 -14 25 0 1.94 2.0 M 5.1 15 180 M M 9 1 20 170
10 59 35 47 -7 18 0 0.57 M M 6.5 20 220 M M 2 1 26 210
11 50 39 45 -9 20 0 0.06 M M 2.3 10 180 M M 10 1 11 180
12 50 44 47 -7 18 0 0.80 M M 2.9 9 270 M M 10 1 13 270
13 64 50 57 3 8 0 0.08 M M 19.1 33 170 M M 10 13 43 170
14 56 44 50 -4 15 0 2.94 M M 7.7 24 160 M M 9 1 30 140
15 62 37 50 -4 15 0 0.00 0.0 M 10.9 23 20 M M 0 33 10
16 66 42 54 0 11 0 0.00 0.0 M 5.8 12 360 M M 0 M M
17 69 36 53 -2 12 0 0.00 0.0 M 2.3 9 360 M M 0 M M
18 65 38 52 -3 13 0 0.00 0.0 M 3.5 9 160 M M 0 M M
19 54 49 52 -3 13 0 1.98 M M 10.6 21 170 M M 9 1 29 170
20 60 42 51 -4 14 0 T M M 6.2 17 160 M M 3 24 170
21 61 45 53 -2 12 0 0.04 M M 9.3 21 140 M M 6 28 170
22 57 47 52 -3 13 0 0.30 0.0 M 4.0 15 170 M M 10 1 M M
23 61 44 53 -2 12 0 T 0.0 M 7.5 18 190 M M 6 24 250
24 58 33 46 -9 19 0 0.00 0.0 M 6.2 16 290 M M 1 24 260
25 56 38 47 -9 18 0 0.00 0.0 M 5.2 14 290 M M 3 23 320
26 59 35 47 -9 18 0 0.00 0.0 M 6.0 16 20 M M 0 28 20
27 57 33 45 -11 20 0 0.13 M M 7.0 18 190 M M 6 36 200
28 49 40 45 -11 20 0 0.98 M M 12.7 21 170 M M 10 1 37 170
29 48 36 42 -14 23 0 0.56 M M 5.1 16 160 M M 9 1 M M
30 60 32 46 -10 19 0 0.03 M M 5.0 13 190 M M 3 1 M M
31 57 46 52 -4 13 0 0.00 0.0 M 10.3 15 160 M M 8 17 200
================================================================================
SM 1751 1208 528 0 11.40 2.0 224.1 M 167
================================================================================
AV 56.5 39.0 7.2 FASTST M M 5 MAX(MPH)
MISC ----> 33 170 43 170
================================================================================
NOTES:
# LAST OF SEVERAL OCCURRENCES
COLUMN 17 PEAK WIND IN M.P.H.
PRELIMINARY LOCAL CLIMATOLOGICAL DATA (WS FORM: F-6) , PAGE 2
STATION: REDDING CA AIRPORT AND CITY
MONTH: MARCH
YEAR: 2023
LATITUDE: 40 30 N
LONGITUDE: 122 18 W
[TEMPERATURE DATA] [PRECIPITATION DATA] SYMBOLS USED IN COLUMN 16
AVERAGE MONTHLY: 47.7 TOTAL FOR MONTH: 11.40 1 = FOG OR MIST
DPTR FM NORMAL: -6.7 DPTR FM NORMAL: 6.78 2 = FOG REDUCING VISIBILITY
HIGHEST: 69 ON 17 GRTST 24HR 2.96 ON 13-14 TO 1/4 MILE OR LESS
LOWEST: 31 ON 1 3 = THUNDER
SNOW, ICE PELLETS, HAIL 4 = ICE PELLETS
TOTAL MONTH: 2.0 INCHES 5 = HAIL
GRTST 24HR 2.0 ON 9- 9 6 = FREEZING RAIN OR DRIZZLE
GRTST DEPTH: M ON M 7 = DUSTSTORM OR SANDSTORM:
VSBY 1/2 MILE OR LESS
8 = SMOKE OR HAZE
[NO. OF DAYS WITH] [WEATHER - DAYS WITH] 9 = BLOWING SNOW
X = TORNADO
MAX 32 OR BELOW: 0 0.01 INCH OR MORE: 18
MAX 90 OR ABOVE: 0 0.10 INCH OR MORE: 13
MIN 32 OR BELOW: 2 0.50 INCH OR MORE: 7
MIN 0 OR BELOW: 0 1.00 INCH OR MORE: 3
[HDD (BASE 65) ]
TOTAL THIS MO. 528 CLEAR (SCALE 0-3) 12
DPTR FM NORMAL 197 PTCLDY (SCALE 4-7) 7
TOTAL FM JUL 1 2638 CLOUDY (SCALE 8-10) 12
DPTR FM NORMAL 326
[CDD (BASE 65) ]
TOTAL THIS MO. 0
DPTR FM NORMAL -4 [PRESSURE DATA]
TOTAL FM JAN 1 0 HIGHEST SLP 30.39 ON 24
DPTR FM NORMAL -4 LOWEST SLP 29.39 ON 21
[REMARKS]
#FINAL-03-23#