000
CXUS51 KPHI 161530
CF6RDG
PRELIMINARY LOCAL CLIMATOLOGICAL DATA (WS FORM: F-6)
STATION: READING PA
MONTH: JANUARY
YEAR: 2022
LATITUDE: 40 22 N
LONGITUDE: 75 58 W
TEMPERATURE IN F: :PCPN: SNOW: WIND :SUNSHINE: SKY :PK WND
================================================================================
1 2 3 4 5 6A 6B 7 8 9 10 11 12 13 14 15 16 17 18
12Z AVG MX 2MIN
DY MAX MIN AVG DEP HDD CDD WTR SNW DPTH SPD SPD DIR MIN PSBL S-S WX SPD DR
================================================================================
1 55 50 53 21 12 0 0.67 0.0 0 2.8 15 20 M M 10 12 20 10
2 60 35 48 16 17 0 0.05 0.0 0 7.5 22 330 M M 7 18 27 330
3 35 20 28 -4 37 0 T T 0 11.4 21 350 M M 4 25 340
4 36 17 27 -5 38 0 0.00 0.0 0 5.3 15 310 M M 0 18 310
5 44 23 34 2 31 0 0.00 0.0 0 4.6 13 200 M M 3 16 230
6 37 28 33 2 32 0 0.14 1.8 0 7.2 16 300 M M 3 1 22 290
7 30 22 26 -5 39 0 0.18 1.7 4 13.7 25 290 M M 7 1 32 290
8 30 14 22 -9 43 0 0.00 0.0 3 5.3 14 310 M M 0 18 310
9 38 23 31 0 34 0 0.21 T 3 5.4 20 300 M M 9 16 26 300
10 37 23 30 -1 35 0 0.00 0.0 1 14.2 25 310 M M 3 30 320
11 23 15 19 -12 46 0 T T 1 8.5 23 340 M M 2 29 310
12 37 14 26 -5 39 0 0.00 0.0 1 3.0 13 200 M M 0 16 190
13 42 27 35 4 30 0 0.00 0.0 T 0.8 6 320 M M 3 8 7 350
14 42 20 31 0 34 0 0.00 0.0 T 11.5 31 350 M M 3 18 40 330
15 22 11 17 -13 48 0 0.00 0.0 T 9.4 20 340 M M 0 26 310
16 36 6 21 -9 44 0 0.49 3.3 T 6.6 16 60 M M 4 168 33 10
17 44 31 38 8 27 0 0.66 T 1 13.6 29 300 M M 10 16 38 280
18 38 24 31 1 34 0 T T T 12.3 25 300 M M 5 35 300
19 48 24 36 6 29 0 0.00 0.0 T 5.1 16 210 M M 3 19 210
20 38 18 28 -2 37 0 0.25 0.3 0 8.7 20 10 M M 6 1 25 10
21 25 12 19 -11 46 0 0.00 0.0 T 7.3 17 10 M M 0 23 10
22 28 8 18 -12 47 0 0.00 0.0 T 4.1 13 30 M M 1 18 20
23 36 15 26 -4 39 0 0.03 0.3 T 2.5 14 200 M M 6 18 17 240
24 35 22 29 -1 36 0 0.00 0.0 T 3.5 10 20 M M 6 128 13 10
25 40 23 32 2 33 0 0.00 0.0 T 7.3 22 290 M M 6 18 28 310
26 30 14 22 -8 43 0 0.00 0.0 0 5.9 16 310 M M 2 22 290
27 33 10 22 -8 43 0 0.00 0.0 0 4.1 15 210 M M 1 20 220
28 33 27 30 0 35 0 0.04 0.5 0 2.9 16 10 M M 10 18 20 10
29 27 13 20 -10 45 0 0.11 1.1 2 15.7 26 330 M M 7 1 41 290
30 26 9 18 -13 47 0 0.00 0.0 1 6.6 17 320 M M 2 21 320
31 33 13 23 -8 42 0 0.00 0.0 1 2.9 9 10 M M 1 1 10 20
================================================================================
SM 1118 611 1142 0 2.83 9.0 219.7 M 124
================================================================================
AV 36.1 19.7 7.1 FASTST M M 4 MAX(MPH)
MISC ----> 31 350 41 290
================================================================================
NOTES:
# LAST OF SEVERAL OCCURRENCES
COLUMN 17 PEAK WIND IN M.P.H.
PRELIMINARY LOCAL CLIMATOLOGICAL DATA (WS FORM: F-6) , PAGE 2
STATION: READING PA
MONTH: JANUARY
YEAR: 2022
LATITUDE: 40 22 N
LONGITUDE: 75 58 W
[TEMPERATURE DATA] [PRECIPITATION DATA] SYMBOLS USED IN COLUMN 16
AVERAGE MONTHLY: 27.9 TOTAL FOR MONTH: 2.83 1 = FOG OR MIST
DPTR FM NORMAL: -2.9 DPTR FM NORMAL: -0.14 2 = FOG REDUCING VISIBILITY
HIGHEST: 60 ON 2 GRTST 24HR 0.67 ON 1- 1 TO 1/4 MILE OR LESS
LOWEST: 6 ON 16 3 = THUNDER
SNOW, ICE PELLETS, HAIL 4 = ICE PELLETS
TOTAL MONTH: 9.0 INCHES 5 = HAIL
GRTST 24HR 3.3 ON 16-16 6 = FREEZING RAIN OR DRIZZLE
GRTST DEPTH: 4 ON 7 7 = DUSTSTORM OR SANDSTORM:
VSBY 1/2 MILE OR LESS
8 = SMOKE OR HAZE
[NO. OF DAYS WITH] [WEATHER - DAYS WITH] 9 = BLOWING SNOW
X = TORNADO
MAX 32 OR BELOW: 9 0.01 INCH OR MORE: 11
MAX 90 OR ABOVE: 0 0.10 INCH OR MORE: 8
MIN 32 OR BELOW: 29 0.50 INCH OR MORE: 2
MIN 0 OR BELOW: 0 1.00 INCH OR MORE: 0
[HDD (BASE 65) ]
TOTAL THIS MO. 1142 CLEAR (SCALE 0-3) 15
DPTR FM NORMAL 82 PTCLDY (SCALE 4-7) 12
TOTAL FM JUL 1 2678 CLOUDY (SCALE 8-10) 4
DPTR FM NORMAL -286
[CDD (BASE 65) ]
TOTAL THIS MO. 0
DPTR FM NORMAL 0 [PRESSURE DATA]
TOTAL FM JAN 1 0 HIGHEST SLP M ON M
DPTR FM NORMAL 0 LOWEST SLP 29.05 ON 17
[REMARKS]
#FINAL-01-22#