000
CXUS51 KPHI 010924
CLMRDG
CLIMATE REPORT
NATIONAL WEATHER SERVICE MOUNT HOLLY NJ
524 AM EDT WED NOV 01 2023
...................................
...THE READING PA CLIMATE SUMMARY FOR THE MONTH OF OCTOBER 2023...
CLIMATE NORMAL PERIOD: 1991 TO 2020
CLIMATE RECORD PERIOD: 1869 TO 2023
WEATHER OBSERVED NORMAL DEPART LAST YEAR`S
VALUE DATE(S) VALUE FROM VALUE
NORMAL
..............................................................
TEMPERATURE (F)
RECORD
HIGH 94 10/05/1941
LOW 20 10/28/1976
10/24/1969
HIGHEST 85 MM MM 76
LOWEST 36 MM MM 31
AVG. MAXIMUM 69.0 65.4 3.6 64.2
AVG. MINIMUM 48.2 45.0 3.2 43.4
MEAN 58.6 55.2 3.4 53.8
DAYS MAX >= 90 0 0.1 -0.1 0
DAYS MAX <= 32 0 0.0 0.0 0
DAYS MIN <= 32 0 1.4 -1.4 2
DAYS MIN <= 0 0 0.0 0.0 0
PRECIPITATION (INCHES)
RECORD
MAXIMUM 11.66 2005
MINIMUM 0.04 1924
TOTALS 1.58 3.80 -2.22 3.92
DAILY AVG. 0.05 0.12 -0.07 0.13
DAYS >= .01 6 10.1 -4.1 13
DAYS >= .10 4 6.6 -2.6 8
DAYS >= .50 1 2.5 -1.5 2
DAYS >= 1.00 0 0.9 -0.9 1
GREATEST
24 HR. TOTAL 0.81 10/14 TO 10/14 1.62
DEGREE DAYS
HEATING TOTAL 226 319 -93 340
SINCE 7/1 274 382 -108 MM
COOLING TOTAL 35 15 20 0
SINCE 1/1 1118 1054 64 MM
..............................................................
WIND (MPH)
AVERAGE WIND SPEED 5.0
HIGHEST WIND SPEED/DIRECTION 26/290 DATE 10/22
HIGHEST GUST SPEED/DIRECTION 35/260 DATE 10/21
SKY COVER
POSSIBLE SUNSHINE (PERCENT) MM
AVERAGE SKY COVER 0.43
NUMBER OF DAYS FAIR 13
NUMBER OF DAYS PC 13
NUMBER OF DAYS CLOUDY 5
AVERAGE RH (PERCENT) 69
WEATHER CONDITIONS. NUMBER OF DAYS WITH
THUNDERSTORM 0 MIXED PRECIP 0
HEAVY RAIN 1 RAIN 5
LIGHT RAIN 11 FREEZING RAIN 0
LT FREEZING RAIN 0 HEAVY SNOW 0
SNOW 0 LIGHT SNOW 0
SLEET 0 FOG 23
FOG W/VIS <= 1/4 MILE 3 HAZE 6
- INDICATES NEGATIVE NUMBERS.
R INDICATES RECORD WAS SET OR TIED.
MM INDICATES DATA IS MISSING.
T INDICATES TRACE AMOUNT.
$$