000
CXUS56 KPDT 011540
CLMRDM
CLIMATE REPORT
NATIONAL WEATHER SERVICE PENDLETON, OR
840 AM PDT SUN OCT 01 2023
...................................
...THE REDMOND OR CLIMATE SUMMARY FOR THE MONTH OF SEPTEMBER 2023...
CLIMATE NORMAL PERIOD 1991 TO 2020
CLIMATE RECORD PERIOD 1949 TO 2023
WEATHER OBSERVED NORMAL DEPART LAST YEAR`S
VALUE DATE(S) VALUE FROM VALUE DATE(S)
NORMAL
................................................................
TEMPERATURE (F)
RECORD
HIGH 106 09/02/2022
LOW 16 09/24/1961
HIGHEST 95 09/16 106 09/02
LOWEST 29 09/22 31 09/10
AVG. MAXIMUM 75.7 78.6 -2.9 81.1
AVG. MINIMUM 41.7 40.6 1.1 42.5
MEAN 58.7 59.6 -0.9 61.8
DAYS MAX >= 90 3 3.6 -0.6 6
DAYS MAX <= 32 0 0.0 0.0 0
DAYS MIN <= 32 1 5.3 -4.3 1
DAYS MIN <= 0 0 0.0 0.0 0
PRECIPITATION (INCHES)
RECORD
MAXIMUM 1.72 2010
MINIMUM 0.00 1999
TOTALS 0.64 0.37 0.27 0.20
DAILY AVG. 0.02 0.01 0.01 0.01
DAYS >= .01 7 3.4 3.6 4
DAYS >= .10 2 1.2 0.8 1
DAYS >= .50 0 0.0 0.0 0
DAYS >= 1.00 0 0.0 0.0 0
GREATEST
24 HR. TOTAL 0.29 09/24 TO 09/24 0.13 09/17 TO 09/17
DEGREE DAYS
HEATING TOTAL 198 192 6 133
SINCE 7/1 218 290 -72
COOLING TOTAL 15 30 -15 46
SINCE 1/1 440 316 124
................................................................
WIND (MPH)
AVERAGE WIND SPEED 6.5
RESULTANT WIND SPEED/DIRECTION 2/320
HIGHEST WIND SPEED/DIRECTION 28/290 DATE 09/03
HIGHEST GUST SPEED/DIRECTION 34/300 DATE 09/03
AVERAGE RH (PERCENT) 54
WEATHER CONDITIONS. NUMBER OF DAYS WITH
THUNDERSTORM 0 MIXED PRECIP 0
HEAVY RAIN 0 RAIN 1
LIGHT RAIN 10 FREEZING RAIN 0
LT FREEZING RAIN 0 HAIL 0
HEAVY SNOW 0 SNOW 0
LIGHT SNOW 0 SLEET 0
FOG 7 FOG W/VIS <= 1/4 MILE 2
HAZE 5
- INDICATES NEGATIVE NUMBERS.
R INDICATES RECORD WAS SET OR TIED.
MM INDICATES DATA IS MISSING.
T INDICATES TRACE AMOUNT.
$$