000
CXUS56 KBOI 011002
CF6REO
PRELIMINARY LOCAL CLIMATOLOGICAL DATA (WS FORM: F-6)
STATION: ROME OR
MONTH: MARCH
YEAR: 2023
LATITUDE: 42 35 N
LONGITUDE: 117 52 W
TEMPERATURE IN F: :PCPN: SNOW: WIND :SUNSHINE: SKY :PK WND
================================================================================
1 2 3 4 5 6A 6B 7 8 9 10 11 12 13 14 15 16 17 18
12Z AVG MX 2MIN
DY MAX MIN AVG DEP HDD CDD WTR SNW DPTH SPD SPD DIR MIN PSBL S-S WX SPD DR
================================================================================
1 38 6 22 -17 43 0 0.00 M M 6.6 17 350 M M 0 23 320
2 46 17 32 -7 33 0 0.02 M M 10.9 25 160 M M 0 34 150
3 41 25 33 -6 32 0 0.00 M M 7.2 18 200 M M 0 26 210
4 45 15 30 -10 35 0 0.00 M M 11.4 37 240 M M 0 49 240
5 40 24 32 -8 33 0 0.02 M M 13.8 28 220 M M 0 40 190
6 41 18 30 -10 35 0 0.00 M M 9.8 17 250 M M 0 25 240
7 33 14 24 -16 41 0 0.12 M M 5.0 13 170 M M 0 18 180
8 39 17 28 -13 37 0 0.01 M M 7.9 29 250 M M 0 37 250
9 45 23 34 -7 31 0 0.12 M M 9.5 24 220 M M 0 35 180
10 47 33 40 -1 25 0 0.05 M M 20.6 40 250 M M 0 63 250
11 48 24 36 -5 29 0 0.00 M M 6.3 16 230 M M M 24 220
12 51 33 42 0 23 0 0.02 M M 6.5 18 230 M M 0 26 230
13 57 41 49 7 16 0 0.02 M M 16.6 32 210 M M 0 43 240
14 48 36 42 0 23 0 0.32 M M 8.4 23 250 M M 0 30 250
15 43 26 35 -7 30 0 0.00 M M 9.8 26 300 M M 0 36 300
16 46 19 33 -9 32 0 0.00 M M 5.8 12 110 M M 0 17 30
17 50 19 35 -7 30 0 0.00 M M 6.6 16 80 M M 0 21 80
18 57 20 39 -4 26 0 0.00 M M 3.7 12 190 M M 0 14 200
19 49 24 37 -6 28 0 0.00 M M 5.0 18 200 M M 0 23 200
20 45 25 35 -8 30 0 0.05 M M 11.1 33 230 M M 0 47 240
21 50 20 35 -8 30 0 0.00 M M 8.5 20 80 M M 0 26 80
22 49 30 40 -3 25 0 0.03 M M 6.4 20 310 M M 0 27 310
23 50 28 39 -4 26 0 0.00 M M 13.4 26 250 M M 0 36 310
24 40 19 30 -13 35 0 0.01 M M 13.0 32 280 M M 0 42 260
25 35 15 25 -18 40 0 0.01 M M 9.8 26 310 M M 0 41 320
26 39 13 26 -18 39 0 0.00 M M 8.1 16 300 M M 0 22 290
27 44 14 29 -15 36 0 0.00 M M 10.2 23 190 M M 0 41 180
28 50 32 41 -3 24 0 0.28 M M 6.1 21 120 M M 0 27 110
29 44 27 36 -8 29 0 0.00 M M 7.6 15 150 M M 0 18 150
30 44 25 35 -9 30 0 0.00 M M 9.1 21 320 M M 0 30 320
31 49 33 41 -3 24 0 0.00 M M 11.8 23 260 M M 0 33 240
================================================================================
SM 1403 715 950 0 1.08 M 286.5 M 0
================================================================================
AV 45.3 23.1 9.2 FASTST M M 0 MAX(MPH)
MISC ----> 40 250 63 250
================================================================================
NOTES:
# LAST OF SEVERAL OCCURRENCES
COLUMN 17 PEAK WIND IN M.P.H.
PRELIMINARY LOCAL CLIMATOLOGICAL DATA (WS FORM: F-6) , PAGE 2
STATION: ROME OR
MONTH: MARCH
YEAR: 2023
LATITUDE: 42 35 N
LONGITUDE: 117 52 W
[TEMPERATURE DATA] [PRECIPITATION DATA] SYMBOLS USED IN COLUMN 16
AVERAGE MONTHLY: 34.2 TOTAL FOR MONTH: 1.08 1 = FOG OR MIST
DPTR FM NORMAL: -7.7 DPTR FM NORMAL: 0.37 2 = FOG REDUCING VISIBILITY
HIGHEST: 57 ON 18,13 GRTST 24HR 0.32 ON 14-14 TO 1/4 MILE OR LESS
LOWEST: 6 ON 1 3 = THUNDER
SNOW, ICE PELLETS, HAIL 4 = ICE PELLETS
TOTAL MONTH: M 5 = HAIL
GRTST 24HR M ON M 6 = FREEZING RAIN OR DRIZZLE
GRTST DEPTH: M ON M 7 = DUSTSTORM OR SANDSTORM:
VSBY 1/2 MILE OR LESS
8 = SMOKE OR HAZE
[NO. OF DAYS WITH] [WEATHER - DAYS WITH] 9 = BLOWING SNOW
X = TORNADO
MAX 32 OR BELOW: 0 0.01 INCH OR MORE: 14
MAX 90 OR ABOVE: 0 0.10 INCH OR MORE: 4
MIN 32 OR BELOW: 26 0.50 INCH OR MORE: 0
MIN 0 OR BELOW: 0 1.00 INCH OR MORE: 0
[HDD (BASE 65) ]
TOTAL THIS MO. 950 CLEAR (SCALE 0-3) 30
DPTR FM NORMAL 235 PTCLDY (SCALE 4-7) 0
TOTAL FM JUL 1 5566 CLOUDY (SCALE 8-10) 1
DPTR FM NORMAL 375
[CDD (BASE 65) ]
TOTAL THIS MO. 0
DPTR FM NORMAL 0 [PRESSURE DATA]
TOTAL FM JAN 1 0 HIGHEST SLP M ON M
DPTR FM NORMAL 0 LOWEST SLP 29.26 ON 10
[REMARKS]
#FINAL-03-23#