000
CXUS53 KLOT 011654
CF6RFD
PRELIMINARY LOCAL CLIMATOLOGICAL DATA (WS FORM: F-6)
STATION: ROCKFORD IL
MONTH: AUGUST
YEAR: 2022
LATITUDE: 42 12 N
LONGITUDE: 89 6 W
TEMPERATURE IN F: :PCPN: SNOW: WIND :SUNSHINE: SKY :PK WND
================================================================================
1 2 3 4 5 6A 6B 7 8 9 10 11 12 13 14 15 16 17 18
12Z AVG MX 2MIN
DY MAX MIN AVG DEP HDD CDD WTR SNW DPTH SPD SPD DIR MIN PSBL S-S WX SPD DR
================================================================================
1 86 65 76 3 0 11 0.00 0.0 0 9.6 17 300 M M 5 24 290
2 88 61 75 2 0 10 0.00 0.0 0 7.6 20 210 M M 2 25 200
3 83 73 78 5 0 13 0.03 0.0 0 8.5 21 260 M M 7 3 33 260
4 88 69 79 6 0 14 0.00 0.0 0 4.2 12 80 M M 4 12 19 100
5 90 62 76 3 0 11 0.00 0.0 0 3.9 12 190 M M 3 16 150
6 94 71 83 10 0 18 0.00 0.0 0 7.3 16 210 M M 5 1 23 200
7 81 73 77 4 0 12 2.92 0.0 0 5.8 23 350 M M 9 13 30 340
8 79 64 72 -1 0 7 3.23 0.0 0 8.0 29 310 M M 10 13 38 310
9 81 60 71 -2 0 6 0.00 0.0 0 2.7 10 110 M M 2 1 16 80
10 84 57 71 -2 0 6 0.00 0.0 0 4.1 12 320 M M 1 1 16 300
11 81 59 70 -3 0 5 0.00 0.0 0 5.0 12 80 M M 5 18 50
12 71 55 63 -9 2 0 T 0.0 0 2.5 7 310 M M 8 11 150
13 79 62 71 -1 0 6 0.06 0.0 0 8.0 22 200 M M 8 30 210
14 73 62 68 -4 0 3 0.00 0.0 0 7.7 15 360 M M 9 21 20
15 80 59 70 -2 0 5 0.00 0.0 0 4.1 10 30 M M 5 16 90
16 82 58 70 -2 0 5 0.00 0.0 0 4.7 12 110 M M 2 18 70
17 84 55 70 -2 0 5 T 0.0 0 2.3 9 10 M M 3 12 10
18 83 56 70 -2 0 5 0.00 0.0 0 3.3 12 230 M M 2 1 16 190
19 83 62 73 1 0 8 0.99 0.0 0 8.2 22 240 M M 8 13 33 240
20 75 64 70 -2 0 5 0.13 0.0 0 6.2 14 170 M M 9 23 22 140
21 81 62 72 0 0 7 0.00 0.0 0 6.0 15 10 M M 7 12 20 10
22 83 58 71 0 0 6 0.00 0.0 0 2.8 14 310 M M 2 1 19 300
23 83 58 71 0 0 6 0.00 0.0 0 2.6 9 280 M M 3 14 300
24 83 58 71 0 0 6 0.00 0.0 0 3.9 12 190 M M 3 1 17 240
25 83 68 76 5 0 11 0.49 0.0 0 7.4 18 360 M M 8 13 23 360
26 82 60 71 0 0 6 0.00 0.0 0 2.9 10 350 M M 6 14 20
27 82 57 70 0 0 5 0.00 0.0 0 4.1 10 160 M M 5 17 170
28 87 66 77 7 0 12 0.73 0.0 0 8.5 32 220 M M 7 13 48 220
29 82 64 73 3 0 8 0.30 0.0 0 7.8 28 230 M M 6 13 38 220
30 79 61 70 0 0 5 0.00 0.0 0 9.2 25 300 M M 0 31 310
31 85 56 71 1 0 6 0.00 0.0 0 5.0 15 300 M M 0 21 290
================================================================================
SM 2555 1915 2 233 8.88 0.0 173.9 M 154
================================================================================
AV 82.4 61.8 5.6 FASTST M M 5 MAX(MPH)
MISC ----> 32 220 48 220
================================================================================
NOTES:
# LAST OF SEVERAL OCCURRENCES
COLUMN 17 PEAK WIND IN M.P.H.
PRELIMINARY LOCAL CLIMATOLOGICAL DATA (WS FORM: F-6) , PAGE 2
STATION: ROCKFORD IL
MONTH: AUGUST
YEAR: 2022
LATITUDE: 42 12 N
LONGITUDE: 89 6 W
[TEMPERATURE DATA] [PRECIPITATION DATA] SYMBOLS USED IN COLUMN 16
AVERAGE MONTHLY: 72.1 TOTAL FOR MONTH: 8.88 1 = FOG OR MIST
DPTR FM NORMAL: 0.2 DPTR FM NORMAL: 4.69 2 = FOG REDUCING VISIBILITY
HIGHEST: 94 ON 6 GRTST 24HR 3.59 ON 7- 8 TO 1/4 MILE OR LESS
LOWEST: 55 ON 17,12 3 = THUNDER
SNOW, ICE PELLETS, HAIL 4 = ICE PELLETS
TOTAL MONTH: 0.0 INCH 5 = HAIL
GRTST 24HR 0.0 6 = FREEZING RAIN OR DRIZZLE
GRTST DEPTH: 0 7 = DUSTSTORM OR SANDSTORM:
VSBY 1/2 MILE OR LESS
8 = SMOKE OR HAZE
[NO. OF DAYS WITH] [WEATHER - DAYS WITH] 9 = BLOWING SNOW
X = TORNADO
MAX 32 OR BELOW: 0 0.01 INCH OR MORE: 9
MAX 90 OR ABOVE: 2 0.10 INCH OR MORE: 7
MIN 32 OR BELOW: 0 0.50 INCH OR MORE: 4
MIN 0 OR BELOW: 0 1.00 INCH OR MORE: 2
[HDD (BASE 65) ]
TOTAL THIS MO. 2 CLEAR (SCALE 0-3) 12
DPTR FM NORMAL -6 PTCLDY (SCALE 4-7) 14
TOTAL FM JUL 1 2 CLOUDY (SCALE 8-10) 5
DPTR FM NORMAL -4
[CDD (BASE 65) ]
TOTAL THIS MO. 233
DPTR FM NORMAL 11 [PRESSURE DATA]
TOTAL FM JAN 1 868 HIGHEST SLP 30.31 ON 12
DPTR FM NORMAL 129 LOWEST SLP 29.73 ON 28
[REMARKS]
#FINAL-08-22#