000
CXUS51 KAKQ 010810
CF6RIC
PRELIMINARY LOCAL CLIMATOLOGICAL DATA (WS FORM: F-6)
STATION: RICHMOND VA
MONTH: NOVEMBER
YEAR: 2022
LATITUDE: 37 30 N
LONGITUDE: 77 20 W
TEMPERATURE IN F: :PCPN: SNOW: WIND :SUNSHINE: SKY :PK WND
================================================================================
1 2 3 4 5 6A 6B 7 8 9 10 11 12 13 14 15 16 17 18
12Z AVG MX 2MIN
DY MAX MIN AVG DEP HDD CDD WTR SNW DPTH SPD SPD DIR MIN PSBL S-S WX SPD DR
================================================================================
1 78 59 69 15 0 4 0.00 0.0 0 5.7 13 350 M M 6 1 17 300
2 70 53 62 8 3 0 0.00 0.0 0 5.8 20 40 M M 8 26 40
3 73 51 62 8 3 0 0.00 0.0 0 4.6 12 50 M M 5 1 14 40
4 78 51 65 12 0 0 0.00 0.0 0 4.0 9 130 M M 6 12 11 120
5 80 58 69 16 0 4 0.00 0.0 0 8.4 20 170 M M 5 1 27 160
6 82 65 74 22 0 9 0.00 0.0 0 10.4 18 180 M M 7 25 190
7 84 60 72 20 0 7 0.00 0.0 0 6.9 16 360 M M 4 21 360
8 65 44 55 3 10 0 0.00 0.0 0 11.8 22 30 M M 1 30 10
9 64 42 53 1 12 0 0.00 0.0 0 8.4 15 50 M M 2 20 20
10 72 46 59 8 6 0 0.00 0.0 0 7.1 14 80 M M 8 21 70
11 76 62 69 18 0 4 1.30 0.0 0 12.6 28 220 M M 9 13 39 220
12 78 64 71 20 0 6 T 0.0 0 10.1 21 230 M M 5 1 28 230
13 64 36 50 0 15 0 0.00 0.0 0 12.4 20 350 M M 5 26 10
14 50 32 41 -9 24 0 0.00 0.0 0 3.7 16 10 M M 4 21 10
15 48 31 40 -10 25 0 1.04 0.0 0 7.0 21 330 M M 8 1 26 320
16 57 40 49 0 16 0 0.00 0.0 0 7.3 16 310 M M 8 1 20 300
17 49 30 40 -9 25 0 0.00 0.0 0 7.1 18 280 M M 1 24 280
18 50 25 38 -11 27 0 0.00 0.0 0 6.2 20 240 M M 1 23 230
19 52 29 41 -7 24 0 0.00 0.0 0 5.8 15 290 M M 5 19 210
20 46 27 37 -11 28 0 0.00 0.0 0 8.3 21 300 M M 4 28 290
21 53 24 39 -9 26 0 0.00 0.0 0 5.2 16 190 M M 0 21 200
22 60 26 43 -5 22 0 0.00 0.0 0 3.3 10 170 M M 1 17 110
23 65 30 48 1 17 0 0.00 0.0 0 1.3 9 20 M M 1 14 10
24 64 32 48 1 17 0 0.00 0.0 0 2.2 9 140 M M 3 11 180
25 67 41 54 7 11 0 0.12 0.0 0 4.1 16 20 M M 6 1 20 360
26 62 30 46 0 19 0 0.00 0.0 0 4.6 13 260 M M 3 15 240
27 65 44 55 9 10 0 0.79 0.0 0 9.9 23 170 M M 7 1 31 170
28 63 40 52 6 13 0 0.00 0.0 0 9.2 21 350 M M 3 25 340
29 57 33 45 -1 20 0 0.00 0.0 0 4.8 14 180 M M 5 16 140
30 62 46 54 9 11 0 0.46 0.0 0 11.6 29 310 M M 7 1 36 320
================================================================================
SM 1934 1251 384 34 3.71 0.0 209.8 M 138
================================================================================
AV 64.5 41.7 7.0 FASTST M M 5 MAX(MPH)
MISC ----> 29 310 39 220
================================================================================
NOTES:
# LAST OF SEVERAL OCCURRENCES
COLUMN 17 PEAK WIND IN M.P.H.
PRELIMINARY LOCAL CLIMATOLOGICAL DATA (WS FORM: F-6) , PAGE 2
STATION: RICHMOND VA
MONTH: NOVEMBER
YEAR: 2022
LATITUDE: 37 30 N
LONGITUDE: 77 20 W
[TEMPERATURE DATA] [PRECIPITATION DATA] SYMBOLS USED IN COLUMN 16
AVERAGE MONTHLY: 53.1 TOTAL FOR MONTH: 3.71 1 = FOG OR MIST
DPTR FM NORMAL: 3.5 DPTR FM NORMAL: 0.65 2 = FOG REDUCING VISIBILITY
HIGHEST: 84 ON 7 GRTST 24HR 1.30 ON 11-11 TO 1/4 MILE OR LESS
LOWEST: 24 ON 21 3 = THUNDER
SNOW, ICE PELLETS, HAIL 4 = ICE PELLETS
TOTAL MONTH: 0.0 INCH 5 = HAIL
GRTST 24HR 0.0 6 = FREEZING RAIN OR DRIZZLE
GRTST DEPTH: 0 7 = DUSTSTORM OR SANDSTORM:
VSBY 1/2 MILE OR LESS
8 = SMOKE OR HAZE
[NO. OF DAYS WITH] [WEATHER - DAYS WITH] 9 = BLOWING SNOW
X = TORNADO
MAX 32 OR BELOW: 0 0.01 INCH OR MORE: 5
MAX 90 OR ABOVE: 0 0.10 INCH OR MORE: 5
MIN 32 OR BELOW: 11 0.50 INCH OR MORE: 3
MIN 0 OR BELOW: 0 1.00 INCH OR MORE: 2
[HDD (BASE 65) ]
TOTAL THIS MO. 384 CLEAR (SCALE 0-3) 8
DPTR FM NORMAL -81 PTCLDY (SCALE 4-7) 21
TOTAL FM JUL 1 622 CLOUDY (SCALE 8-10) 1
DPTR FM NORMAL -62
[CDD (BASE 65) ]
TOTAL THIS MO. 34
DPTR FM NORMAL 31 [PRESSURE DATA]
TOTAL FM JAN 1 1770 HIGHEST SLP 30.61 ON 9
DPTR FM NORMAL 211 LOWEST SLP 29.50 ON 27
[REMARKS]
#FINAL-11-22#