000
CXUS55 KGJT 011211
CF6RIL
PRELIMINARY LOCAL CLIMATOLOGICAL DATA (WS FORM: F-6)
STATION: RIFLE CO
MONTH: AUGUST
YEAR: 2020
LATITUDE: 39 31 N
LONGITUDE: 107 43 W
TEMPERATURE IN F: :PCPN: SNOW: WIND :SUNSHINE: SKY :PK WND
================================================================================
1 2 3 4 5 6A 6B 7 8 9 10 11 12 13 14 15 16 17 18
12Z AVG MX 2MIN
DY MAX MIN AVG DEP HDD CDD WTR SNW DPTH SPD SPD DIR MIN PSBL S-S WX SPD DR
================================================================================
1 97 56 77 4 0 12 T M M 4.3 38 320 M M 0 8 57 320
2 100 60 80 7 0 15 T M M 4.2 21 260 M M 0 30 260
3 99 58 79 6 0 14 0.00 M M 6.3 28 280 M M 0 36 280
4 96 61 79 6 0 14 0.00 M M 3.9 13 160 M M 0 8 17 10
5 98 57 78 5 0 13 0.00 M M 7.3 24 210 M M 0 36 200
6 95 59 77 5 0 12 0.00 M M 6.4 24 250 M M 0 34 240
7 94 49 72 0 0 7 0.00 M M 7.1 24 270 M M 1 8 32 270
8 95 49 72 0 0 7 0.00 M M 6.9 25 280 M M 0 8 35 280
9 94 50 72 0 0 7 0.00 M M 5.8 24 170 M M 2 8 33 240
10 95 52 74 2 0 9 0.00 M M 5.4 23 250 M M 0 8 29 270
11 95 52 74 2 0 9 0.00 M M 8.4 28 290 M M 0 8 37 280
12 95 53 74 2 0 9 0.00 M M 7.2 29 280 M M 1 8 38 260
13 97 50 74 3 0 9 0.00 M M 7.0 30 260 M M 0 8 41 250
14 96 50 73 2 0 8 0.00 M M 4.6 14 320 M M 1 8 22 270
15 97 52 75 4 0 10 0.00 M M 4.5 16 10 M M 1 8 23 300
16 98 51 75 4 0 10 0.00 M M 4.7 16 120 M M 2 8 21 320
17 98 55 77 7 0 12 0.00 M M 3.7 13 260 M M 0 8 16 260
18 102 56 79 9 0 14 0.00 M M 4.3 15 320 M M 0 8 21 300
19 100 61 81 11 0 16 T M M 4.5 37 320 M M 0 8 52 340
20 99 53 76 6 0 11 0.00 M M 5.3 36 340 M M 0 8 60 330
21 97 55 76 6 0 11 0.00 M M 4.7 14 350 M M 0 8 22 350
22 99 54 77 8 0 12 0.00 M M 3.2 12 310 M M 0 8 15 310
23 97 56 77 8 0 12 0.00 M M 4.0 16 320 M M 0 8 21 310
24 99 57 78 9 0 13 T M M 6.9 25 140 M M 0 8 34 150
25 97 60 79 11 0 14 0.00 M M 6.9 29 130 M M 0 8 41 120
26 96 62 79 11 0 14 T M M 7.2 26 200 M M 1 38 41 210
27 98 57 78 10 0 13 0.00 M M 7.1 22 260 M M 0 30 270
28 91 63 77 9 0 12 0.00 M M 7.2 23 120 M M 1 30 100
29 83 58 71 4 0 6 0.04 M M 9.8 28 80 M M 3 3 37 290
30 89 48 69 2 0 4 0.02 M M 4.4 28 310 M M 0 3 42 320
31 90 49 70 3 0 5 0.01 M M 9.4 35 260 M M 2 47 260
================================================================================
SM 2976 1703 0 334 0.07 M 182.6 M 15
================================================================================
AV 96.0 54.9 5.9 FASTST M M 0 MAX(MPH)
MISC ----> # 38 320 # 60 330
================================================================================
NOTES:
# LAST OF SEVERAL OCCURRENCES
COLUMN 17 PEAK WIND IN M.P.H.
PRELIMINARY LOCAL CLIMATOLOGICAL DATA (WS FORM: F-6) , PAGE 2
STATION: RIFLE CO
MONTH: AUGUST
YEAR: 2020
LATITUDE: 39 31 N
LONGITUDE: 107 43 W
[TEMPERATURE DATA] [PRECIPITATION DATA] SYMBOLS USED IN COLUMN 16
AVERAGE MONTHLY: 75.5 TOTAL FOR MONTH: 0.07 1 = FOG OR MIST
DPTR FM NORMAL: 5.1 DPTR FM NORMAL: -1.33 2 = FOG REDUCING VISIBILITY
HIGHEST: 102 ON 18 GRTST 24HR 0.04 ON 29-29 TO 1/4 MILE OR LESS
LOWEST: 48 ON 30 3 = THUNDER
SNOW, ICE PELLETS, HAIL 4 = ICE PELLETS
TOTAL MONTH: M 5 = HAIL
GRTST 24HR M ON M 6 = FREEZING RAIN OR DRIZZLE
GRTST DEPTH: M ON M 7 = DUSTSTORM OR SANDSTORM:
VSBY 1/2 MILE OR LESS
8 = SMOKE OR HAZE
[NO. OF DAYS WITH] [WEATHER - DAYS WITH] 9 = BLOWING SNOW
X = TORNADO
MAX 32 OR BELOW: 0 0.01 INCH OR MORE: 3
MAX 90 OR ABOVE: 29 0.10 INCH OR MORE: 0
MIN 32 OR BELOW: 0 0.50 INCH OR MORE: 0
MIN 0 OR BELOW: 0 1.00 INCH OR MORE: 0
[HDD (BASE 65) ]
TOTAL THIS MO. 0 CLEAR (SCALE 0-3) 31
DPTR FM NORMAL -6 PTCLDY (SCALE 4-7) 0
TOTAL FM JUL 1 0 CLOUDY (SCALE 8-10) 0
DPTR FM NORMAL -7
[CDD (BASE 65) ]
TOTAL THIS MO. 334
DPTR FM NORMAL 161 [PRESSURE DATA]
TOTAL FM JAN 1 856 HIGHEST SLP 30.18 ON 17
DPTR FM NORMAL 340 LOWEST SLP 29.56 ON 31
[REMARKS]
#FINAL-08-20#