000
CXUS55 KGJT 012007
CLMRIL
CLIMATE REPORT
NATIONAL WEATHER SERVICE GRAND JUNCTION CO
107 PM MST FRI DEC 01 2023
...................................
...THE RIFLE CO CLIMATE SUMMARY FOR THE MONTH OF NOVEMBER 2023...
CLIMATE NORMAL PERIOD 1991 TO 2020
CLIMATE RECORD PERIOD 9999 TO 9999
WEATHER OBSERVED NORMAL DEPART LAST YEAR`S
VALUE DATE(S) VALUE FROM VALUE DATE(S)
NORMAL
................................................................
TEMPERATURE (F)
HIGHEST 70 11/06 MM MM 68 11/07
11/07
LOWEST 6 11/26 MM MM 5 11/30
AVG. MAXIMUM 52.3 49.7 2.6 46.2
AVG. MINIMUM 22.3 23.3 -1.0 20.3
MEAN 37.3 36.5 0.8 33.3
DAYS MAX >= 90 0 0.0 0.0 0
DAYS MAX <= 32 2 1.4 0.6 1
DAYS MIN <= 32 27 27.0 0.0 24
DAYS MIN <= 0 0 0.3 -0.3 0
PRECIPITATION (INCHES)
TOTALS 0.51 0.63 -0.12 0.79
DAILY AVG. 0.02 0.02 -0.00 0.03
DAYS >= .01 7 6.2 0.8 5
DAYS >= .10 2 2.4 -0.4 2
DAYS >= .50 0 0.0 0.0 1
DAYS >= 1.00 0 0.0 0.0 0
GREATEST
24 HR. TOTAL 0.21 11/16 TO 11/17 0.54
SNOWFALL (INCHES)
TOTALS MM MM MM MM
SINCE 7/1 MM MM MM MM
SNOWDEPTH AVG. MM MM
DAYS >= 1.0 MM MM MM MM
GREATEST
SNOW DEPTH MM MM MM
24 HR TOTAL MM MM
DEGREE DAYS
HEATING TOTAL 821 855 -34 943
SINCE 7/1 1324 1452 -128 1465
COOLING TOTAL 0 0 0 0
SINCE 1/1 707 631 76 855
................................................................
WIND (MPH)
AVERAGE WIND SPEED 3.7
HIGHEST WIND SPEED/DIRECTION 29/250 DATE 11/07
HIGHEST GUST SPEED/DIRECTION 38/320 DATE 11/07
SKY COVER
POSSIBLE SUNSHINE (PERCENT) MM
AVERAGE SKY COVER 0.22
NUMBER OF DAYS FAIR 21
NUMBER OF DAYS PC 6
NUMBER OF DAYS CLOUDY 3
AVERAGE RH (PERCENT) 58
WEATHER CONDITIONS. NUMBER OF DAYS WITH
THUNDERSTORM 0 MIXED PRECIP 0
HEAVY RAIN 0 RAIN 1
LIGHT RAIN 6 FREEZING RAIN 0
LT FREEZING RAIN 0 HAIL 0
HEAVY SNOW 1 SNOW 1
LIGHT SNOW 3 SLEET 0
FOG 7 FOG W/VIS <= 1/4 MILE 3
HAZE 2
- INDICATES NEGATIVE NUMBERS.
R INDICATES RECORD WAS SET OR TIED.
MM INDICATES DATA IS MISSING.
T INDICATES TRACE AMOUNT.
$$