000
CXUS55 KRIW 011508
CF6RIW
PRELIMINARY LOCAL CLIMATOLOGICAL DATA (WS FORM: F-6)
STATION: RIVERTON WY
MONTH: MARCH
YEAR: 2023
LATITUDE: 43 2 N
LONGITUDE: 108 27 W
TEMPERATURE IN F: :PCPN: SNOW: WIND :SUNSHINE: SKY :PK WND
================================================================================
1 2 3 4 5 6A 6B 7 8 9 10 11 12 13 14 15 16 17 18
12Z AVG MX 2MIN
DY MAX MIN AVG DEP HDD CDD WTR SNW DPTH SPD SPD DIR MIN PSBL S-S WX SPD DR
================================================================================
1 22 -1 11 -18 54 0 0.00 0.0 20 5.0 13 320 M M 0 14 120
2 19 -6 7 -23 58 0 0.00 0.0 18 4.7 13 250 M M 2 16 220
3 28 8 18 -12 47 0 0.00 0.0 18 9.5 23 310 M M 1 27 300
4 20 0 10 -21 55 0 0.00 0.0 18 6.6 22 310 M M 0 26 310
5 25 -1 12 -19 53 0 0.00 0.0 17 5.8 15 250 M M 2 17 250
6 22 3 13 -19 52 0 0.04 1.0 18 3.2 10 10 M M 6 1 12 360
7 16 -4 6 -26 59 0 0.00 0.0 18 3.3 12 310 M M 1 128 13 320
8 16 -11 3 -30 62 0 T T 17 3.6 12 240 M M 4 128 13 230
9 24 4 14 -19 51 0 0.00 0.0 17 1.5 9 320 M M 5 10 230
10 41 3 22 -12 43 0 0.00 0.0 17 13.8 37 200 M M 0 12 49 200
11 35 8 22 -12 43 0 0.00 0.0 16 11.4 31 290 M M 0 40 290
12 25 0 13 -21 52 0 0.00 0.0 15 3.9 9 340 M M 0 11 350
13 29 2 16 -19 49 0 0.00 0.0 15 1.9 7 360 M M 0 1 9 140
14 39 7 23 -12 42 0 0.00 0.0 15 6.0 23 180 M M 0 30 180
15 47 25 36 0 29 0 0.00 0.0 14 14.1 33 20 M M 3 42 20
16 33 15 24 -12 41 0 T T 13 7.9 23 10 M M 4 29 20
17 31 17 24 -12 41 0 T T 13 7.0 13 260 M M 3 15 250
18 31 9 20 -17 45 0 0.00 0.0 13 6.1 14 300 M M 0 15 300
19 32 5 19 -18 46 0 0.00 0.0 12 3.9 12 310 M M 0 12 300
20 38 16 27 -11 38 0 0.00 0.0 12 4.4 15 320 M M 3 19 310
21 39 20 30 -8 35 0 0.00 0.0 11 9.2 20 330 M M 1 25 330
22 29 18 24 -14 41 0 0.09 0.9 12 4.6 13 20 M M 10 12 15 20
23 33 19 26 -12 39 0 0.00 0.0 12 5.1 13 320 M M 6 12 15 310
24 39 21 30 -9 35 0 0.03 1.5 11 13.1 40 300 M M 2 12 51 310
25 26 19 23 -16 42 0 0.22 2.9 12 14.9 39 310 M M 10 129 47 300
26 30 9 20 -19 45 0 0.00 0.0 15 7.3 21 320 M M 4 1 24 320
27 29 8 19 -21 46 0 0.01 0.1 14 6.3 16 10 M M 5 1 19 10
28 29 0 15 -25 50 0 0.00 0.0 13 5.6 12 320 M M 0 12 310
29 36 13 25 -15 40 0 0.00 0.0 13 5.0 10 320 M M 1 11 320
30 41 16 29 -11 36 0 0.02 0.4 12 9.9 32 340 M M 3 1 40 340
31 40 25 33 -7 32 0 T T 12 5.5 16 260 M M 6 1 22 260
================================================================================
SM 944 267 1401 0 0.41 6.8 210.1 M 82
================================================================================
AV 30.5 8.6 6.8 FASTST M M 3 MAX(MPH)
MISC ----> 40 300 51 310
================================================================================
NOTES:
# LAST OF SEVERAL OCCURRENCES
COLUMN 17 PEAK WIND IN M.P.H.
PRELIMINARY LOCAL CLIMATOLOGICAL DATA (WS FORM: F-6) , PAGE 2
STATION: RIVERTON WY
MONTH: MARCH
YEAR: 2023
LATITUDE: 43 2 N
LONGITUDE: 108 27 W
[TEMPERATURE DATA] [PRECIPITATION DATA] SYMBOLS USED IN COLUMN 16
AVERAGE MONTHLY: 19.5 TOTAL FOR MONTH: 0.41 1 = FOG OR MIST
DPTR FM NORMAL: -16.1 DPTR FM NORMAL: -0.24 2 = FOG REDUCING VISIBILITY
HIGHEST: 47 ON 15 GRTST 24HR 0.25 ON 24-25 TO 1/4 MILE OR LESS
LOWEST: -11 ON 8 3 = THUNDER
SNOW, ICE PELLETS, HAIL 4 = ICE PELLETS
TOTAL MONTH: 6.8 INCHES 5 = HAIL
GRTST 24HR 2.9 ON 25-25 6 = FREEZING RAIN OR DRIZZLE
GRTST DEPTH: 20 ON 1 7 = DUSTSTORM OR SANDSTORM:
VSBY 1/2 MILE OR LESS
8 = SMOKE OR HAZE
[NO. OF DAYS WITH] [WEATHER - DAYS WITH] 9 = BLOWING SNOW
X = TORNADO
MAX 32 OR BELOW: 19 0.01 INCH OR MORE: 6
MAX 90 OR ABOVE: 0 0.10 INCH OR MORE: 1
MIN 32 OR BELOW: 31 0.50 INCH OR MORE: 0
MIN 0 OR BELOW: 8 1.00 INCH OR MORE: 0
[HDD (BASE 65) ]
TOTAL THIS MO. 1401 CLEAR (SCALE 0-3) 21
DPTR FM NORMAL 489 PTCLDY (SCALE 4-7) 8
TOTAL FM JUL 1 8022 CLOUDY (SCALE 8-10) 2
DPTR FM NORMAL 1232
[CDD (BASE 65) ]
TOTAL THIS MO. 0
DPTR FM NORMAL 0 [PRESSURE DATA]
TOTAL FM JAN 1 0 HIGHEST SLP 30.47 ON 18
DPTR FM NORMAL 0 LOWEST SLP 29.42 ON 10
[REMARKS]
#FINAL-03-23#