000
CXUS55 KRIW 011900
CF6RKS
PRELIMINARY LOCAL CLIMATOLOGICAL DATA (WS FORM: F-6)
STATION: ROCK SPRINGS WY
MONTH: MARCH
YEAR: 2024
LATITUDE: 41 35 N
LONGITUDE: 109 4 W
TEMPERATURE IN F: :PCPN: SNOW: WIND :SUNSHINE: SKY :PK WND
================================================================================
1 2 3 4 5 6A 6B 7 8 9 10 11 12 13 14 15 16 17 18
12Z AVG MX 2MIN
DY MAX MIN AVG DEP HDD CDD WTR SNW DPTH SPD SPD DIR MIN PSBL S-S WX SPD DR
================================================================================
1 47 31 39 10 26 0 0.00 M M 16.1 29 200 M M 2 37 200
2 44 19 32 3 33 0 0.06 M M 23.4 44 250 M M 4 1238 62 250
3 25 14 20 -9 45 0 0.07 M M 14.6 36 260 M M 5 12 45 250
4 27 12 20 -10 45 0 T M M 11.6 32 270 M M 6 18 41 280
5 37 10 24 -6 41 0 0.00 M M 11.3 30 260 M M 3 37 250
6 41 26 34 3 31 0 T M M 11.8 26 260 M M 5 35 270
7 41 26 34 3 31 0 0.04 M M 5.0 15 320 M M 9 18 21 310
8 31 20 26 -5 39 0 0.04 M M 5.8 10 240 M M 7 1 14 270
9 43 17 30 -2 35 0 0.00 M M 5.1 12 230 M M 0 15 230
10 48 22 35 3 30 0 0.00 M M 4.3 12 180 M M 0 M M
11 48 29 39 6 26 0 0.04 M M 9.2 30 230 M M 5 12 37 240
12 39 27 33 0 32 0 T M M 10.4 22 270 M M 7 1 27 250
13 34 25 30 -3 35 0 0.45 M M 11.2 18 250 M M 10 12 22 250
14 30 24 27 -7 38 0 0.15 M M 31.0 43 60 M M 10 129 57 60
15 34 20 27 -7 38 0 0.00 M M 13.8 31 70 M M 3 38 60
16 39 21 30 -4 35 0 0.00 M M 12.1 29 70 M M 0 42 70
17 41 25 33 -2 32 0 0.00 M M 7.2 20 70 M M 5 26 70
18 51 25 38 3 27 0 0.00 M M 7.4 15 230 M M 0 19 240
19 53 30 42 7 23 0 0.00 M M 10.7 16 260 M M 0 22 280
20 53 29 41 5 24 0 0.00 M M 12.4 23 270 M M 0 32 290
21 56 30 43 7 22 0 0.00 M M 16.3 35 270 M M 0 47 260
22 54 31 43 7 22 0 0.00 M M 12.9 24 270 M M 2 34 260
23 55 33 44 8 21 0 T M M 10.2 32 190 M M 4 41 180
24 38 20 29 -8 36 0 0.02 M M 16.2 25 70 M M 9 18 33 250
25 38 16 27 -10 38 0 0.03 M M 8.6 28 250 M M 8 12 34 260
26 38 23 31 -6 34 0 0.01 M M 12.8 24 280 M M 6 18 34 280
27 42 24 33 -4 32 0 0.00 M M 17.2 31 250 M M 2 39 280
28 49 28 39 1 26 0 0.10 M M 12.1 26 310 M M 7 128 43 260
29 41 24 33 -5 32 0 0.00 M M 4.9 14 190 M M 6 20 190
30 41 32 37 -1 28 0 0.10 M M 6.5 15 190 M M 10 12 20 180
31 45 27 36 -2 29 0 0.05 M M 10.9 32 180 M M 7 12 41 180
================================================================================
SM 1303 740 986 0 1.16 M 363.0 M 142
================================================================================
AV 42.0 23.9 11.7 FASTST M M 5 MAX(MPH)
MISC ----> 44 250 62 250
================================================================================
NOTES:
# LAST OF SEVERAL OCCURRENCES
COLUMN 17 PEAK WIND IN M.P.H.
PRELIMINARY LOCAL CLIMATOLOGICAL DATA (WS FORM: F-6) , PAGE 2
STATION: ROCK SPRINGS WY
MONTH: MARCH
YEAR: 2024
LATITUDE: 41 35 N
LONGITUDE: 109 4 W
[TEMPERATURE DATA] [PRECIPITATION DATA] SYMBOLS USED IN COLUMN 16
AVERAGE MONTHLY: 33.0 TOTAL FOR MONTH: 1.16 1 = FOG OR MIST
DPTR FM NORMAL: -1.0 DPTR FM NORMAL: 0.58 2 = FOG REDUCING VISIBILITY
HIGHEST: 56 ON 21 GRTST 24HR 0.71 ON 13-14 TO 1/4 MILE OR LESS
LOWEST: 10 ON 5 3 = THUNDER
SNOW, ICE PELLETS, HAIL 4 = ICE PELLETS
TOTAL MONTH: M 5 = HAIL
GRTST 24HR M ON M 6 = FREEZING RAIN OR DRIZZLE
GRTST DEPTH: M ON M 7 = DUSTSTORM OR SANDSTORM:
VSBY 1/2 MILE OR LESS
8 = SMOKE OR HAZE
[NO. OF DAYS WITH] [WEATHER - DAYS WITH] 9 = BLOWING SNOW
X = TORNADO
MAX 32 OR BELOW: 4 0.01 INCH OR MORE: 13
MAX 90 OR ABOVE: 0 0.10 INCH OR MORE: 4
MIN 32 OR BELOW: 30 0.50 INCH OR MORE: 0
MIN 0 OR BELOW: 0 1.00 INCH OR MORE: 0
[HDD (BASE 65) ]
TOTAL THIS MO. 986 CLEAR (SCALE 0-3) 12
DPTR FM NORMAL 25 PTCLDY (SCALE 4-7) 14
TOTAL FM JUL 1 6294 CLOUDY (SCALE 8-10) 5
DPTR FM NORMAL -457
[CDD (BASE 65) ]
TOTAL THIS MO. 0
DPTR FM NORMAL 0 [PRESSURE DATA]
TOTAL FM JAN 1 0 HIGHEST SLP 30.40 ON 18
DPTR FM NORMAL 0 LOWEST SLP 29.28 ON 2
[REMARKS]
#FINAL-03-24#